{"id":5328,"date":"2025-05-09T11:04:20","date_gmt":"2025-05-09T09:04:20","guid":{"rendered":"https:\/\/ofertacular.com\/index.php\/producto\/exploradores-juego\/"},"modified":"2025-05-09T11:04:20","modified_gmt":"2025-05-09T09:04:20","slug":"exploradores-juego","status":"publish","type":"product","link":"https:\/\/ofertacular.com\/index.php\/producto\/exploradores-juego\/","title":{"rendered":"Exploradores Juego"},"content":{"rendered":"<div class=\"oferta-container\">\n<p>\ud83d\udfe5 <b>\u00a1S\u00d3LO HOY!<\/b> \ud83d\udfe5 #Publicidad #Amazon #16<\/p>\n<p>\ud83d\udd34 <b>Juego Exploradores <\/b><\/p>\n<p>\u2705 <b>AHORA 8.99 \u20ac<\/b> \u2714\ufe0f\ud83d\udfe1<\/p>\n<p>\u274c Antes 13.99 \u20ac<\/p>\n<p>\ud83d\uded2: <a href=\"https:\/\/btz.es\/4KGMY8t\" target=\"_blank\" rel=\"nofollow noopener\">https:\/\/btz.es\/4KGMY8t<\/a><\/p>\n<p>&#8211; Un mini juego de mesa con m\u00e1s de 300 preguntas sobre la geograf\u00eda mundial, basado en la famosa serie \u00e9rase una vez los exploradores.<br \/>\n&#8211; Responde las preguntas del maestro sobre geograf\u00eda mundial para poder avanzar en el tablero de juego. El primero que termine el recorrido gana la partida.<br \/>\n&#8211; M\u00e1s de 300 preguntas de 3 niveles diferentes.<br \/>\n&#8211; De 2 a 4 jugadores. A partir de 6 a\u00f1os<br \/>\n&#8211; Contiene: 1 tablero de juego, 96 cartas, 4 peones, 4 fichas \u201cnorte o sur\u00bb<\/p>\n<\/p><\/div>\n","protected":false},"excerpt":{"rendered":"<p>\ud83d\udfe5 \u00a1S\u00d3LO HOY! \ud83d\udfe5 #Publicidad #Amazon #16 \ud83d\udd34 Juego Exploradores \u2705 AHORA 8.99 \u20ac \u2714\ufe0f\ud83d\udfe1 \u274c Antes 13.99 \u20ac \ud83d\uded2: https:\/\/btz.es\/4KGMY8t &#8211; Un mini juego de mesa con m\u00e1s de 300 preguntas sobre la geograf\u00eda mundial, basado en la famosa serie \u00e9rase una vez los exploradores. &#8211; Responde las preguntas del maestro sobre geograf\u00eda mundial [&hellip;]<\/p>\n","protected":false},"featured_media":5327,"template":"","meta":{"_gspb_post_css":""},"store":[],"product_brand":[],"product_cat":[16],"product_tag":[],"class_list":{"0":"post-5328","1":"product","2":"type-product","3":"status-publish","4":"has-post-thumbnail","6":"product_cat-sin-categorizar","8":"first","9":"instock","10":"sale","11":"shipping-taxable","12":"product-type-external"},"jetpack_sharing_enabled":true,"_links":{"self":[{"href":"https:\/\/ofertacular.com\/index.php\/wp-json\/wp\/v2\/product\/5328","targetHints":{"allow":["GET"]}}],"collection":[{"href":"https:\/\/ofertacular.com\/index.php\/wp-json\/wp\/v2\/product"}],"about":[{"href":"https:\/\/ofertacular.com\/index.php\/wp-json\/wp\/v2\/types\/product"}],"wp:featuredmedia":[{"embeddable":true,"href":"https:\/\/ofertacular.com\/index.php\/wp-json\/wp\/v2\/media\/5327"}],"wp:attachment":[{"href":"https:\/\/ofertacular.com\/index.php\/wp-json\/wp\/v2\/media?parent=5328"}],"wp:term":[{"taxonomy":"store","embeddable":true,"href":"https:\/\/ofertacular.com\/index.php\/wp-json\/wp\/v2\/store?post=5328"},{"taxonomy":"product_brand","embeddable":true,"href":"https:\/\/ofertacular.com\/index.php\/wp-json\/wp\/v2\/product_brand?post=5328"},{"taxonomy":"product_cat","embeddable":true,"href":"https:\/\/ofertacular.com\/index.php\/wp-json\/wp\/v2\/product_cat?post=5328"},{"taxonomy":"product_tag","embeddable":true,"href":"https:\/\/ofertacular.com\/index.php\/wp-json\/wp\/v2\/product_tag?post=5328"}],"curies":[{"name":"wp","href":"https:\/\/api.w.org\/{rel}","templated":true}]}}