{"id":5382,"date":"2025-05-13T10:22:55","date_gmt":"2025-05-13T08:22:55","guid":{"rendered":"https:\/\/ofertacular.com\/index.php\/producto\/favoto-casco-2\/"},"modified":"2025-05-13T10:22:55","modified_gmt":"2025-05-13T08:22:55","slug":"favoto-casco-2","status":"publish","type":"product","link":"https:\/\/ofertacular.com\/index.php\/producto\/favoto-casco-2\/","title":{"rendered":"Favoto Casco"},"content":{"rendered":"<div class=\"oferta-container\">\n<p>\ud83d\udfe5 <b>AHORRA AQU\u00cd<\/b> \ud83d\udfe5 #Publicidad #Amazon #16<\/p>\n<p>\ud83d\udd34 <b>Casco Favoto <\/b><\/p>\n<p>\u2705 <b>AHORA 33.98 \u20ac<\/b> \u2714\ufe0f\ud83d\udfe1<\/p>\n<p>\u274c Antes 39.99 \u20ac<\/p>\n<p>\ud83d\uded2: <a href=\"https:\/\/btz.es\/4LeaEnx\" target=\"_blank\" rel=\"nofollow noopener\">https:\/\/btz.es\/4LeaEnx<\/a><\/p>\n<p>&#8211; Seguro y Fiable &#8211; Gracias a su material y mano de obra de calidad, este casco de moto cumple con las estrictas normas de seguridad europeas: ECE 22.06. La marca de prueba ECE garantiza que el motorista puede llevar este casco integral en toda Europa.<br \/>\n&#8211; Robusto y Duradero &#8211; El material EPS de una sola pieza es muy fuerte, lo que le confiere una excelente absorci\u00f3n de impactos y resistencia a las ca\u00eddas, reduciendo eficazmente la fuerza del impacto y proporcion\u00e1ndole la seguridad m\u00e1s fiable.<br \/>\n&#8211; Ligero y C\u00f3modo &#8211; El casco es muy ligero y puede ajustarse f\u00e1cilmente para adaptarse a su cabeza. Es f\u00e1cil de llevar y no tensa el cuello ni la cabeza.<br \/>\n&#8211; Transpirable &#8211; Los orificios de ventilaci\u00f3n en la parte superior y alrededor de la boca permiten que el aire circule y te mantenga fresco mientras conduces. Tambi\u00e9n puede cerrarse en cualquier momento para reducir la resistencia al viento y el ruido de la carretera.<br \/>\n&#8211; Forro Lavable &#8211; El acolchado interior es extra\u00edble y lavable para que pueda limpiar el forro regularmente y mantenerlo limpio e higi\u00e9nico.<\/p>\n<\/p><\/div>\n","protected":false},"excerpt":{"rendered":"<p>\ud83d\udfe5 AHORRA AQU\u00cd \ud83d\udfe5 #Publicidad #Amazon #16 \ud83d\udd34 Casco Favoto \u2705 AHORA 33.98 \u20ac \u2714\ufe0f\ud83d\udfe1 \u274c Antes 39.99 \u20ac \ud83d\uded2: https:\/\/btz.es\/4LeaEnx &#8211; Seguro y Fiable &#8211; Gracias a su material y mano de obra de calidad, este casco de moto cumple con las estrictas normas de seguridad europeas: ECE 22.06. La marca de prueba ECE [&hellip;]<\/p>\n","protected":false},"featured_media":5381,"template":"","meta":{"_gspb_post_css":""},"store":[],"product_brand":[],"product_cat":[16],"product_tag":[],"class_list":{"0":"post-5382","1":"product","2":"type-product","3":"status-publish","4":"has-post-thumbnail","6":"product_cat-sin-categorizar","8":"first","9":"instock","10":"sale","11":"shipping-taxable","12":"product-type-external"},"jetpack_sharing_enabled":true,"_links":{"self":[{"href":"https:\/\/ofertacular.com\/index.php\/wp-json\/wp\/v2\/product\/5382","targetHints":{"allow":["GET"]}}],"collection":[{"href":"https:\/\/ofertacular.com\/index.php\/wp-json\/wp\/v2\/product"}],"about":[{"href":"https:\/\/ofertacular.com\/index.php\/wp-json\/wp\/v2\/types\/product"}],"wp:featuredmedia":[{"embeddable":true,"href":"https:\/\/ofertacular.com\/index.php\/wp-json\/wp\/v2\/media\/5381"}],"wp:attachment":[{"href":"https:\/\/ofertacular.com\/index.php\/wp-json\/wp\/v2\/media?parent=5382"}],"wp:term":[{"taxonomy":"store","embeddable":true,"href":"https:\/\/ofertacular.com\/index.php\/wp-json\/wp\/v2\/store?post=5382"},{"taxonomy":"product_brand","embeddable":true,"href":"https:\/\/ofertacular.com\/index.php\/wp-json\/wp\/v2\/product_brand?post=5382"},{"taxonomy":"product_cat","embeddable":true,"href":"https:\/\/ofertacular.com\/index.php\/wp-json\/wp\/v2\/product_cat?post=5382"},{"taxonomy":"product_tag","embeddable":true,"href":"https:\/\/ofertacular.com\/index.php\/wp-json\/wp\/v2\/product_tag?post=5382"}],"curies":[{"name":"wp","href":"https:\/\/api.w.org\/{rel}","templated":true}]}}