{"id":5455,"date":"2025-05-15T08:41:25","date_gmt":"2025-05-15T06:41:25","guid":{"rendered":"https:\/\/ofertacular.com\/index.php\/producto\/foco-proyector\/"},"modified":"2025-05-15T08:41:25","modified_gmt":"2025-05-15T06:41:25","slug":"foco-proyector","status":"publish","type":"product","link":"https:\/\/ofertacular.com\/index.php\/producto\/foco-proyector\/","title":{"rendered":"Foco Proyector"},"content":{"rendered":"<div class=\"oferta-container\">\n<p>\ud83d\udfe5 <b>EXCLUSIVO<\/b> \ud83d\udfe5 #Publicidad #Amazon #16<\/p>\n<p>\ud83d\udd34 <b>Proyector LED <\/b><\/p>\n<p>\u2705 <b>AHORA 9.99 \u20ac<\/b> \u2714\ufe0f\ud83d\udfe1<\/p>\n<p>\u274c Antes 12.95 \u20ac<\/p>\n<p>\ud83d\uded2: <a href=\"https:\/\/btz.es\/4Lpsjlo\" target=\"_blank\" rel=\"nofollow noopener\">https:\/\/btz.es\/4Lpsjlo<\/a><\/p>\n<p>&#8211; \ud83d\udca1 Eficiencia Energ\u00e9tica: Proyectores de exterior de Ledme con chips Osram Led de primera marca, proporcionando una larga vida \u00fatil y una luz homog\u00e9nea sin sombras gracias a sus 120\u00ba grados de apertura.<br \/>\n&#8211; \ud83c\udf21\ufe0f Disipaci\u00f3n Eficiente del Calor: Fabricaci\u00f3n de aluminio eficiente para una correcta disipaci\u00f3n del calor, garantizando un rendimiento \u00f3ptimo y extendiendo la vida \u00fatil del chip. La parte posterior de aluminio reduce la temperatura eficazmente.<br \/>\n&#8211; \ud83c\udf0a Protecci\u00f3n al Agua IP65: Proyectores resistentes al agua con certificaci\u00f3n IP65, fabricados a prueba de humedad y polvo. Pueden instalarse en exteriores con exposici\u00f3n al sol y agua sin sufrir da\u00f1os, ideales para parques, vallas publicitarias, calles, hoteles, plazas, f\u00e1bricas, etc.<br \/>\n&#8211; \ud83c\udf10 Versatilidad de Instalaci\u00f3n: Recomendable para instalaciones tanto en interiores como exteriores. Perfectos para diversos entornos como parques, vallas publicitarias, calles, hoteles, plazas, f\u00e1bricas, etc.<br \/>\n&#8211; \ud83d\udee1\ufe0f Compra Segura y Certificada: Ledme ofrece tranquilidad con certificados CE y ROHS. Los proyectores tienen una vida \u00fatil de 50,000 horas, respaldados por rigurosos controles en su laboratorio de desarrollo I+D. Para consultas, nuestro servicio de atenci\u00f3n al cliente est\u00e1 siempre disponible.<\/p>\n<\/p><\/div>\n","protected":false},"excerpt":{"rendered":"<p>\ud83d\udfe5 EXCLUSIVO \ud83d\udfe5 #Publicidad #Amazon #16 \ud83d\udd34 Proyector LED \u2705 AHORA 9.99 \u20ac \u2714\ufe0f\ud83d\udfe1 \u274c Antes 12.95 \u20ac \ud83d\uded2: https:\/\/btz.es\/4Lpsjlo &#8211; \ud83d\udca1 Eficiencia Energ\u00e9tica: Proyectores de exterior de Ledme con chips Osram Led de primera marca, proporcionando una larga vida \u00fatil y una luz homog\u00e9nea sin sombras gracias a sus 120\u00ba grados de apertura. &#8211; [&hellip;]<\/p>\n","protected":false},"featured_media":5454,"template":"","meta":{"_gspb_post_css":""},"store":[],"product_brand":[],"product_cat":[16],"product_tag":[],"class_list":{"0":"post-5455","1":"product","2":"type-product","3":"status-publish","4":"has-post-thumbnail","6":"product_cat-sin-categorizar","8":"first","9":"instock","10":"sale","11":"shipping-taxable","12":"product-type-external"},"jetpack_sharing_enabled":true,"_links":{"self":[{"href":"https:\/\/ofertacular.com\/index.php\/wp-json\/wp\/v2\/product\/5455","targetHints":{"allow":["GET"]}}],"collection":[{"href":"https:\/\/ofertacular.com\/index.php\/wp-json\/wp\/v2\/product"}],"about":[{"href":"https:\/\/ofertacular.com\/index.php\/wp-json\/wp\/v2\/types\/product"}],"wp:featuredmedia":[{"embeddable":true,"href":"https:\/\/ofertacular.com\/index.php\/wp-json\/wp\/v2\/media\/5454"}],"wp:attachment":[{"href":"https:\/\/ofertacular.com\/index.php\/wp-json\/wp\/v2\/media?parent=5455"}],"wp:term":[{"taxonomy":"store","embeddable":true,"href":"https:\/\/ofertacular.com\/index.php\/wp-json\/wp\/v2\/store?post=5455"},{"taxonomy":"product_brand","embeddable":true,"href":"https:\/\/ofertacular.com\/index.php\/wp-json\/wp\/v2\/product_brand?post=5455"},{"taxonomy":"product_cat","embeddable":true,"href":"https:\/\/ofertacular.com\/index.php\/wp-json\/wp\/v2\/product_cat?post=5455"},{"taxonomy":"product_tag","embeddable":true,"href":"https:\/\/ofertacular.com\/index.php\/wp-json\/wp\/v2\/product_tag?post=5455"}],"curies":[{"name":"wp","href":"https:\/\/api.w.org\/{rel}","templated":true}]}}