{"id":5467,"date":"2025-05-15T09:54:21","date_gmt":"2025-05-15T07:54:21","guid":{"rendered":"https:\/\/ofertacular.com\/index.php\/producto\/charged-surge-6\/"},"modified":"2025-05-15T09:54:21","modified_gmt":"2025-05-15T07:54:21","slug":"charged-surge-6","status":"publish","type":"product","link":"https:\/\/ofertacular.com\/index.php\/producto\/charged-surge-6\/","title":{"rendered":"Charged Surge"},"content":{"rendered":"<div class=\"oferta-container\">\n<p>\ud83d\udfe5 <b>AHORRA AQU\u00cd<\/b> \ud83d\udfe5 #Publicidad #Amazon #16<\/p>\n<p>\ud83d\udd34 <b>Surge Charge <\/b><\/p>\n<p>\u2705 <b>AHORA 35.49 \u20ac<\/b> \u2714\ufe0f\ud83d\udfe1<\/p>\n<p>\u274c Antes 60.00 \u20ac<\/p>\n<p>\ud83d\uded2: <a href=\"https:\/\/btz.es\/4LpA5B6\" target=\"_blank\" rel=\"nofollow noopener\">https:\/\/btz.es\/4LpA5B6<\/a><\/p>\n<p>&#8211; Zapatillas transpirables \u2013 Calzado deportivo con parte superior de malla que regula la temperatura en la carrera para correr m\u00e1s lejos y m\u00e1s r\u00e1pido.<br \/>\n&#8211; C\u00f3modo calzado para hombre \u2013 Zapatillas para correr con amortiguaci\u00f3n mejorada alrededor del tobillo para brindar la sujeci\u00f3n necesaria.<br \/>\n&#8211; Pisada reactiva \u2013 La mediasuela Charged Cushioning de las zapatillas para hombre absorbe los impactos, impulsa hacia delante y ofrece reactividad.<br \/>\n&#8211; Dise\u00f1o duradero \u2013 Zapatillas de running con suela exterior de goma con patr\u00f3n \u00fanico de tracci\u00f3n que garantiza la durabilidad durante a\u00f1os.<br \/>\n&#8211; Material y forma \u2013 Under Armour UA Charged Surge 4 Zapatillas de deporte para hombre. Material: 71% textil, 29% sint\u00e9tico; suela: 100% goma.<\/p>\n<\/p><\/div>\n","protected":false},"excerpt":{"rendered":"<p>\ud83d\udfe5 AHORRA AQU\u00cd \ud83d\udfe5 #Publicidad #Amazon #16 \ud83d\udd34 Surge Charge \u2705 AHORA 35.49 \u20ac \u2714\ufe0f\ud83d\udfe1 \u274c Antes 60.00 \u20ac \ud83d\uded2: https:\/\/btz.es\/4LpA5B6 &#8211; Zapatillas transpirables \u2013 Calzado deportivo con parte superior de malla que regula la temperatura en la carrera para correr m\u00e1s lejos y m\u00e1s r\u00e1pido. &#8211; C\u00f3modo calzado para hombre \u2013 Zapatillas para correr [&hellip;]<\/p>\n","protected":false},"featured_media":5466,"template":"","meta":{"_gspb_post_css":""},"store":[],"product_brand":[],"product_cat":[16],"product_tag":[],"class_list":{"0":"post-5467","1":"product","2":"type-product","3":"status-publish","4":"has-post-thumbnail","6":"product_cat-sin-categorizar","8":"first","9":"instock","10":"sale","11":"shipping-taxable","12":"product-type-external"},"jetpack_sharing_enabled":true,"_links":{"self":[{"href":"https:\/\/ofertacular.com\/index.php\/wp-json\/wp\/v2\/product\/5467","targetHints":{"allow":["GET"]}}],"collection":[{"href":"https:\/\/ofertacular.com\/index.php\/wp-json\/wp\/v2\/product"}],"about":[{"href":"https:\/\/ofertacular.com\/index.php\/wp-json\/wp\/v2\/types\/product"}],"wp:featuredmedia":[{"embeddable":true,"href":"https:\/\/ofertacular.com\/index.php\/wp-json\/wp\/v2\/media\/5466"}],"wp:attachment":[{"href":"https:\/\/ofertacular.com\/index.php\/wp-json\/wp\/v2\/media?parent=5467"}],"wp:term":[{"taxonomy":"store","embeddable":true,"href":"https:\/\/ofertacular.com\/index.php\/wp-json\/wp\/v2\/store?post=5467"},{"taxonomy":"product_brand","embeddable":true,"href":"https:\/\/ofertacular.com\/index.php\/wp-json\/wp\/v2\/product_brand?post=5467"},{"taxonomy":"product_cat","embeddable":true,"href":"https:\/\/ofertacular.com\/index.php\/wp-json\/wp\/v2\/product_cat?post=5467"},{"taxonomy":"product_tag","embeddable":true,"href":"https:\/\/ofertacular.com\/index.php\/wp-json\/wp\/v2\/product_tag?post=5467"}],"curies":[{"name":"wp","href":"https:\/\/api.w.org\/{rel}","templated":true}]}}