{"id":5477,"date":"2025-05-15T10:00:50","date_gmt":"2025-05-15T08:00:50","guid":{"rendered":"https:\/\/ofertacular.com\/index.php\/producto\/dormio-zafiro-2\/"},"modified":"2025-05-15T10:00:50","modified_gmt":"2025-05-15T08:00:50","slug":"dormio-zafiro-2","status":"publish","type":"product","link":"https:\/\/ofertacular.com\/index.php\/producto\/dormio-zafiro-2\/","title":{"rendered":"Dormio Zafiro"},"content":{"rendered":"<div class=\"oferta-container\">\n<p>\ud83d\udfe5 <b>EXCLUSIVO<\/b> \ud83d\udfe5 #Publicidad #Amazon #16<\/p>\n<p>\ud83d\udd34 <b>Colch\u00f3n Zafiro <\/b><\/p>\n<p>\u2705 <b>AHORA 89.9 \u20ac<\/b> \u2714\ufe0f\ud83d\udfe1<\/p>\n<p>\u274c Antes 105.99 \u20ac<\/p>\n<p>\ud83d\uded2: <a href=\"https:\/\/btz.es\/4LpCiGL\" target=\"_blank\" rel=\"nofollow noopener\">https:\/\/btz.es\/4LpCiGL<\/a><\/p>\n<p>&#8211; El colch\u00f3n Zafiro est\u00e1 acolchado con 2.5 cm de visco de densidad garantizando un nivel de confort superior junto con un n\u00facleo de resiliencia indeformable, que impide deformaciones en el mismo, as\u00ed como garantiza la independencia del descanso, con lo que no notamos el movimiento del otro durmiente<br \/>\n&#8211; El lateral del colch\u00f3n est\u00e1 acolchado con tejido 3D s\u00faper transpirable, que garantiza una total circulaci\u00f3n de aire, logrando as\u00ed una \u00f3ptima ventilaci\u00f3n del interior del colch\u00f3n<br \/>\n&#8211; En todas sus fibras textiles de amplio gramaje, encontramos un tratamiento anti-\u00e1caros y anti-bacterias que ayudan a impedir las reacciones al\u00e9rgicas y mejoran el descanso<br \/>\n&#8211; Su acolchado garantiza la \u00f3ptima posici\u00f3n de la columna, al acoplarse a la forma de esta, con lo que nos ayuda a evitar los dolores de espalda al descansar<br \/>\n&#8211; Fabricado con productos 100% de Espa\u00f1a cuenta con la certificaci\u00f3n de calidad de Aitex, Oeko-Tex y Hyg Cen en sus componentes siendo por ello garant\u00eda de calidad y de la no utilizaci\u00f3n de productos perjudiciales para la salud en la fabricaci\u00f3n de los mismos<br \/>\n&#8211; Altura total 21 cm<\/p>\n<\/p><\/div>\n","protected":false},"excerpt":{"rendered":"<p>\ud83d\udfe5 EXCLUSIVO \ud83d\udfe5 #Publicidad #Amazon #16 \ud83d\udd34 Colch\u00f3n Zafiro \u2705 AHORA 89.9 \u20ac \u2714\ufe0f\ud83d\udfe1 \u274c Antes 105.99 \u20ac \ud83d\uded2: https:\/\/btz.es\/4LpCiGL &#8211; El colch\u00f3n Zafiro est\u00e1 acolchado con 2.5 cm de visco de densidad garantizando un nivel de confort superior junto con un n\u00facleo de resiliencia indeformable, que impide deformaciones en el mismo, as\u00ed como garantiza [&hellip;]<\/p>\n","protected":false},"featured_media":5476,"template":"","meta":{"_gspb_post_css":""},"store":[],"product_brand":[],"product_cat":[16],"product_tag":[],"class_list":{"0":"post-5477","1":"product","2":"type-product","3":"status-publish","4":"has-post-thumbnail","6":"product_cat-sin-categorizar","8":"first","9":"instock","10":"sale","11":"shipping-taxable","12":"product-type-external"},"jetpack_sharing_enabled":true,"_links":{"self":[{"href":"https:\/\/ofertacular.com\/index.php\/wp-json\/wp\/v2\/product\/5477","targetHints":{"allow":["GET"]}}],"collection":[{"href":"https:\/\/ofertacular.com\/index.php\/wp-json\/wp\/v2\/product"}],"about":[{"href":"https:\/\/ofertacular.com\/index.php\/wp-json\/wp\/v2\/types\/product"}],"wp:featuredmedia":[{"embeddable":true,"href":"https:\/\/ofertacular.com\/index.php\/wp-json\/wp\/v2\/media\/5476"}],"wp:attachment":[{"href":"https:\/\/ofertacular.com\/index.php\/wp-json\/wp\/v2\/media?parent=5477"}],"wp:term":[{"taxonomy":"store","embeddable":true,"href":"https:\/\/ofertacular.com\/index.php\/wp-json\/wp\/v2\/store?post=5477"},{"taxonomy":"product_brand","embeddable":true,"href":"https:\/\/ofertacular.com\/index.php\/wp-json\/wp\/v2\/product_brand?post=5477"},{"taxonomy":"product_cat","embeddable":true,"href":"https:\/\/ofertacular.com\/index.php\/wp-json\/wp\/v2\/product_cat?post=5477"},{"taxonomy":"product_tag","embeddable":true,"href":"https:\/\/ofertacular.com\/index.php\/wp-json\/wp\/v2\/product_tag?post=5477"}],"curies":[{"name":"wp","href":"https:\/\/api.w.org\/{rel}","templated":true}]}}