{"id":5542,"date":"2025-05-19T10:19:51","date_gmt":"2025-05-19T08:19:51","guid":{"rendered":"https:\/\/ofertacular.com\/index.php\/producto\/alpino-rotuladores\/"},"modified":"2025-05-19T10:19:51","modified_gmt":"2025-05-19T08:19:51","slug":"alpino-rotuladores","status":"publish","type":"product","link":"https:\/\/ofertacular.com\/index.php\/producto\/alpino-rotuladores\/","title":{"rendered":"Alpino Rotuladores"},"content":{"rendered":"<div class=\"oferta-container\">\n<p>\ud83d\udfe5 <b>DATE PRISA<\/b> \ud83d\udfe5 #Publicidad #Amazon #16<\/p>\n<p>\ud83d\udd34 <b>Rotuladores Alpino <\/b><\/p>\n<p>\u2705 <b>AHORA 2.57 \u20ac<\/b> \u2714\ufe0f\ud83d\udfe1<\/p>\n<p>\u274c Antes 5.14 \u20ac<\/p>\n<p>\ud83d\uded2: <a href=\"https:\/\/btz.es\/4LDfbVl\" target=\"_blank\" rel=\"nofollow noopener\">https:\/\/btz.es\/4LDfbVl<\/a><\/p>\n<p>&#8211; El rotulador de los m\u00e1s peque\u00f1os &#8211; El set de 24 rotuladores de Alpino, est\u00e1 pensado para los m\u00e1s peque\u00f1os de la casa. Su punta de 3mm los hace perfectos para iniciarse en el mundo del dibujo y la pintura. Ofreciendo una gama de colores vivos y brillantes con tinta s\u00faper lavable para que puedan disfrutar sin l\u00edmites.<br \/>\n&#8211; Disfruta coloreando &#8211; Los rotuladores de punta de 3mm pueden ser utilizados tanto por ni\u00f1os como por adultos, de manera que podr\u00e9is compartir momentos junto a los m\u00e1s peque\u00f1os coloreando cualquier dibujo o realizando manualidades \u00a1Disfruta en familia!<br \/>\n&#8211; Ideales para uso escolar &#8211; Los rotuladores de punta de 3mm son de colores brillantes y perfectos para el uso escolar, destacan por la seguridad de su tinta hecha a base de agua. Adem\u00e1s, cuenta con una punta super resistente y un capuch\u00f3n super ventilado.<br \/>\n&#8211; Tinta s\u00faper lavable &#8211; La tinta hecha a base de agua ofrece una calidad inmejorable y permite su f\u00e1cil lavado en la mayor\u00eda de tejidos, por ello podr\u00e1s utilizar sus colores brillantes en cualquier soporte y material creativo como cuaderno, diario, mandalas, lettering\u2026 Siendo tambi\u00e9n perfectos para el uso escolar o la vuelta al cole.<br \/>\n&#8211; Alpino abarca una amplia gama de rotuladores de colores brillantes de larga duraci\u00f3n y con punta resistente, est\u00e1n indicados tanto para el uso escolar como para adultos y artistas.<\/p>\n<\/p><\/div>\n","protected":false},"excerpt":{"rendered":"<p>\ud83d\udfe5 DATE PRISA \ud83d\udfe5 #Publicidad #Amazon #16 \ud83d\udd34 Rotuladores Alpino \u2705 AHORA 2.57 \u20ac \u2714\ufe0f\ud83d\udfe1 \u274c Antes 5.14 \u20ac \ud83d\uded2: https:\/\/btz.es\/4LDfbVl &#8211; El rotulador de los m\u00e1s peque\u00f1os &#8211; El set de 24 rotuladores de Alpino, est\u00e1 pensado para los m\u00e1s peque\u00f1os de la casa. Su punta de 3mm los hace perfectos para iniciarse en [&hellip;]<\/p>\n","protected":false},"featured_media":5541,"template":"","meta":{"_gspb_post_css":""},"store":[],"product_brand":[],"product_cat":[16],"product_tag":[],"class_list":{"0":"post-5542","1":"product","2":"type-product","3":"status-publish","4":"has-post-thumbnail","6":"product_cat-sin-categorizar","8":"first","9":"instock","10":"sale","11":"shipping-taxable","12":"product-type-external"},"jetpack_sharing_enabled":true,"_links":{"self":[{"href":"https:\/\/ofertacular.com\/index.php\/wp-json\/wp\/v2\/product\/5542","targetHints":{"allow":["GET"]}}],"collection":[{"href":"https:\/\/ofertacular.com\/index.php\/wp-json\/wp\/v2\/product"}],"about":[{"href":"https:\/\/ofertacular.com\/index.php\/wp-json\/wp\/v2\/types\/product"}],"wp:featuredmedia":[{"embeddable":true,"href":"https:\/\/ofertacular.com\/index.php\/wp-json\/wp\/v2\/media\/5541"}],"wp:attachment":[{"href":"https:\/\/ofertacular.com\/index.php\/wp-json\/wp\/v2\/media?parent=5542"}],"wp:term":[{"taxonomy":"store","embeddable":true,"href":"https:\/\/ofertacular.com\/index.php\/wp-json\/wp\/v2\/store?post=5542"},{"taxonomy":"product_brand","embeddable":true,"href":"https:\/\/ofertacular.com\/index.php\/wp-json\/wp\/v2\/product_brand?post=5542"},{"taxonomy":"product_cat","embeddable":true,"href":"https:\/\/ofertacular.com\/index.php\/wp-json\/wp\/v2\/product_cat?post=5542"},{"taxonomy":"product_tag","embeddable":true,"href":"https:\/\/ofertacular.com\/index.php\/wp-json\/wp\/v2\/product_tag?post=5542"}],"curies":[{"name":"wp","href":"https:\/\/api.w.org\/{rel}","templated":true}]}}