{"id":5554,"date":"2025-05-19T10:53:20","date_gmt":"2025-05-19T08:53:20","guid":{"rendered":"https:\/\/ofertacular.com\/index.php\/producto\/cecotec-airfryer-2\/"},"modified":"2025-05-19T10:53:20","modified_gmt":"2025-05-19T08:53:20","slug":"cecotec-airfryer-2","status":"publish","type":"product","link":"https:\/\/ofertacular.com\/index.php\/producto\/cecotec-airfryer-2\/","title":{"rendered":"Cecotec Airfryer"},"content":{"rendered":"<div class=\"oferta-container\">\n<p>\ud83d\udfe5 <b>UNA GANGA<\/b> \ud83d\udfe5 #Publicidad #Amazon #16<\/p>\n<p>\ud83d\udd34 <b>Freidora Cecotec <\/b><\/p>\n<p>\u2705 <b>AHORA 76.99 \u20ac<\/b> \u2714\ufe0f\ud83d\udfe1<\/p>\n<p>\u274c Antes 89.00 \u20ac<\/p>\n<p>\ud83d\uded2: <a href=\"https:\/\/btz.es\/4LDn2Bd\" target=\"_blank\" rel=\"nofollow noopener\">https:\/\/btz.es\/4LDn2Bd<\/a><\/p>\n<p>&#8211; Cubeta de 9 L de capacidad para poder cocinar grandes cantidades de alimentos. Freidora diet\u00e9tica con doble cestillo y temperatura dual, cocina dos platos a la vez.<br \/>\n&#8211; 2800 W de potencia para cocinar de manera r\u00e1pida todos los platos. Permite la sincronizaci\u00f3n entre las cubetas, asegurando que m\u00faltiples porciones de alimentos finalicen su cocci\u00f3n simult\u00e1neamente.<br \/>\n&#8211; La capacidad de regular la temperatura desde 30 \u00baC hasta 200 \u00baC brinda a los usuarios un control preciso sobre el proceso de cocci\u00f3n. 8 modos preconfigurados que establecen el tiempo y la temperatura necesarios para cocinar distintos tipos de alimentos.<br \/>\n&#8211; Con materiales de acero inoxidable, esta freidora no solo proporciona durabilidad y resistencia, sino que tambi\u00e9n agrega un toque de elegancia y estilo a la cocina. Panel de control t\u00e1ctil multifunci\u00f3n para controlar el funcionamiento.<br \/>\n&#8211; Freidora diet\u00e9tica que permite cocinar con una sola cucharada de aceite, consiguiendo unos resultados m\u00e1s sanos. Resultados excepcionales en todas las recetas gracias a la tecnolog\u00eda PerfectCook de aire caliente que circula por el interior y sale por los orificios traseros.<\/p>\n<\/p><\/div>\n","protected":false},"excerpt":{"rendered":"<p>\ud83d\udfe5 UNA GANGA \ud83d\udfe5 #Publicidad #Amazon #16 \ud83d\udd34 Freidora Cecotec \u2705 AHORA 76.99 \u20ac \u2714\ufe0f\ud83d\udfe1 \u274c Antes 89.00 \u20ac \ud83d\uded2: https:\/\/btz.es\/4LDn2Bd &#8211; Cubeta de 9 L de capacidad para poder cocinar grandes cantidades de alimentos. Freidora diet\u00e9tica con doble cestillo y temperatura dual, cocina dos platos a la vez. &#8211; 2800 W de potencia para [&hellip;]<\/p>\n","protected":false},"featured_media":5553,"template":"","meta":{"_gspb_post_css":""},"store":[],"product_brand":[],"product_cat":[16],"product_tag":[],"class_list":{"0":"post-5554","1":"product","2":"type-product","3":"status-publish","4":"has-post-thumbnail","6":"product_cat-sin-categorizar","8":"first","9":"instock","10":"sale","11":"shipping-taxable","12":"product-type-external"},"jetpack_sharing_enabled":true,"_links":{"self":[{"href":"https:\/\/ofertacular.com\/index.php\/wp-json\/wp\/v2\/product\/5554","targetHints":{"allow":["GET"]}}],"collection":[{"href":"https:\/\/ofertacular.com\/index.php\/wp-json\/wp\/v2\/product"}],"about":[{"href":"https:\/\/ofertacular.com\/index.php\/wp-json\/wp\/v2\/types\/product"}],"wp:featuredmedia":[{"embeddable":true,"href":"https:\/\/ofertacular.com\/index.php\/wp-json\/wp\/v2\/media\/5553"}],"wp:attachment":[{"href":"https:\/\/ofertacular.com\/index.php\/wp-json\/wp\/v2\/media?parent=5554"}],"wp:term":[{"taxonomy":"store","embeddable":true,"href":"https:\/\/ofertacular.com\/index.php\/wp-json\/wp\/v2\/store?post=5554"},{"taxonomy":"product_brand","embeddable":true,"href":"https:\/\/ofertacular.com\/index.php\/wp-json\/wp\/v2\/product_brand?post=5554"},{"taxonomy":"product_cat","embeddable":true,"href":"https:\/\/ofertacular.com\/index.php\/wp-json\/wp\/v2\/product_cat?post=5554"},{"taxonomy":"product_tag","embeddable":true,"href":"https:\/\/ofertacular.com\/index.php\/wp-json\/wp\/v2\/product_tag?post=5554"}],"curies":[{"name":"wp","href":"https:\/\/api.w.org\/{rel}","templated":true}]}}