{"id":5568,"date":"2025-05-20T08:30:20","date_gmt":"2025-05-20T06:30:20","guid":{"rendered":"https:\/\/ofertacular.com\/index.php\/producto\/polar-pacer\/"},"modified":"2025-05-20T08:30:20","modified_gmt":"2025-05-20T06:30:20","slug":"polar-pacer","status":"publish","type":"product","link":"https:\/\/ofertacular.com\/index.php\/producto\/polar-pacer\/","title":{"rendered":"Polar Pacer"},"content":{"rendered":"<div class=\"oferta-container\">\n<p>\ud83d\udfe5 <b>UNA GANGA<\/b> \ud83d\udfe5 #Publicidad #Amazon #16<\/p>\n<p>\ud83d\udd34 <b>Smartwatch Fitness <\/b><\/p>\n<p>\u2705 <b>AHORA 119.01 \u20ac<\/b> \u2714\ufe0f\ud83d\udfe1<\/p>\n<p>\u274c Antes 239.90 \u20ac<\/p>\n<p>\ud83d\uded2: <a href=\"https:\/\/btz.es\/4LI3Zty\" target=\"_blank\" rel=\"nofollow noopener\">https:\/\/btz.es\/4LI3Zty<\/a><\/p>\n<p>&#8211; Polar Pacer ofrece a los corredores modernos las herramientas b\u00e1sicas y algunas funciones extra para que solo se centren en una cosa: Correr, registro del tiempo, ritmo, distancia, vueltas, cron\u00f3metro, GPS preciso, control fiable de la frecuencia card\u00edaca y funciones especializadas de entrenamiento, sue\u00f1o y recuperaci\u00f3n<br \/>\n&#8211; Procesador optimizado y dise\u00f1o ligero: transiciones de pantalla r\u00e1pidas y fluidas, dise\u00f1o sencillo para el confort y rendimiento en una esfera ligera y fina, con botones accesibles para mejorar su funcionalidad<br \/>\n&#8211; Pantalla en color MIP: lente de cristal m\u00e1s fina y retroiluminaci\u00f3n optimizada con mejor contraste, claridad y experiencia en cualquier momento del d\u00eda<br \/>\n&#8211; Herramientas especializadas de entrenamiento y recuperaci\u00f3n: gu\u00eda e informaci\u00f3n personal con control a corto y largo plazo del esfuerzo de entrenamiento y la carga cardiovascular<br \/>\n&#8211; GPS preciso: dise\u00f1o con antena integrada para mejorar el seguimiento en cada giro y zancada<\/p>\n<\/p><\/div>\n","protected":false},"excerpt":{"rendered":"<p>\ud83d\udfe5 UNA GANGA \ud83d\udfe5 #Publicidad #Amazon #16 \ud83d\udd34 Smartwatch Fitness \u2705 AHORA 119.01 \u20ac \u2714\ufe0f\ud83d\udfe1 \u274c Antes 239.90 \u20ac \ud83d\uded2: https:\/\/btz.es\/4LI3Zty &#8211; Polar Pacer ofrece a los corredores modernos las herramientas b\u00e1sicas y algunas funciones extra para que solo se centren en una cosa: Correr, registro del tiempo, ritmo, distancia, vueltas, cron\u00f3metro, GPS preciso, control [&hellip;]<\/p>\n","protected":false},"featured_media":5567,"template":"","meta":{"_gspb_post_css":""},"store":[],"product_brand":[],"product_cat":[16],"product_tag":[],"class_list":{"0":"post-5568","1":"product","2":"type-product","3":"status-publish","4":"has-post-thumbnail","6":"product_cat-sin-categorizar","8":"first","9":"instock","10":"sale","11":"shipping-taxable","12":"product-type-external"},"jetpack_sharing_enabled":true,"_links":{"self":[{"href":"https:\/\/ofertacular.com\/index.php\/wp-json\/wp\/v2\/product\/5568","targetHints":{"allow":["GET"]}}],"collection":[{"href":"https:\/\/ofertacular.com\/index.php\/wp-json\/wp\/v2\/product"}],"about":[{"href":"https:\/\/ofertacular.com\/index.php\/wp-json\/wp\/v2\/types\/product"}],"wp:featuredmedia":[{"embeddable":true,"href":"https:\/\/ofertacular.com\/index.php\/wp-json\/wp\/v2\/media\/5567"}],"wp:attachment":[{"href":"https:\/\/ofertacular.com\/index.php\/wp-json\/wp\/v2\/media?parent=5568"}],"wp:term":[{"taxonomy":"store","embeddable":true,"href":"https:\/\/ofertacular.com\/index.php\/wp-json\/wp\/v2\/store?post=5568"},{"taxonomy":"product_brand","embeddable":true,"href":"https:\/\/ofertacular.com\/index.php\/wp-json\/wp\/v2\/product_brand?post=5568"},{"taxonomy":"product_cat","embeddable":true,"href":"https:\/\/ofertacular.com\/index.php\/wp-json\/wp\/v2\/product_cat?post=5568"},{"taxonomy":"product_tag","embeddable":true,"href":"https:\/\/ofertacular.com\/index.php\/wp-json\/wp\/v2\/product_tag?post=5568"}],"curies":[{"name":"wp","href":"https:\/\/api.w.org\/{rel}","templated":true}]}}