{"id":5572,"date":"2025-05-20T08:33:37","date_gmt":"2025-05-20T06:33:37","guid":{"rendered":"https:\/\/ofertacular.com\/index.php\/producto\/brita-filtration-system\/"},"modified":"2025-05-20T08:33:37","modified_gmt":"2025-05-20T06:33:37","slug":"brita-filtration-system","status":"publish","type":"product","link":"https:\/\/ofertacular.com\/index.php\/producto\/brita-filtration-system\/","title":{"rendered":"BRITA Filtration System"},"content":{"rendered":"<div class=\"oferta-container\">\n<p>\ud83d\udfe5 <b>DATE PRISA<\/b> \ud83d\udfe5 #Publicidad #Amazon #16<\/p>\n<p>\ud83d\udd34 <b>Sistema Filtraci\u00f3n <\/b><\/p>\n<p>\u2705 <b>AHORA 43.79 \u20ac<\/b> \u2714\ufe0f\ud83d\udfe1<\/p>\n<p>\u274c Antes 64.95 \u20ac<\/p>\n<p>\ud83d\uded2: <a href=\"https:\/\/btz.es\/4LI4O1R\" target=\"_blank\" rel=\"nofollow noopener\">https:\/\/btz.es\/4LI4O1R<\/a><\/p>\n<p>&#8211; As\u00ed de sencillo: ENROSCA en cualquier grifo, FILTRA y BEBE agua de buen sabor al instante. Se acab\u00f3 cargar con botellas de agua.<br \/>\n&#8211; Filtraci\u00f3n en 5 pasos detiene el 99,99% de las bacterias y las micropart\u00edculas m\u00e1s finas, el cloro y sustancias que alteran el olor y el sabor, como el plomo y el cobre.<br \/>\n&#8211; El carb\u00f3n activado hecho de c\u00e1scaras de coco est\u00e1 probado para reducir PFAS (como PFOS\/PFOA productos qu\u00edmicos para siempre. Probado seg\u00fan JWPAS B.210<br \/>\n&#8211; Puedes elegir entre 3 c\u00f3modos modos: agua filtrada del tiempo y agua sin filtrar chorro normal y modo ducha<br \/>\n&#8211; La pantalla LCD digital muestra la capacidad restante en tiempo real y indica cu\u00e1ndo tienes que cambiar el filtro.<br \/>\n&#8211; No reduce la cal, pero conserva los minerales como el magnesio y el calcio<br \/>\n&#8211; Incluye: 1x sistema de filtraci\u00f3n de agua del grifo BRITA ON TAP Pro V-MF, 1x cartucho filtrante ON TAP V-MF 600L<br \/>\n&#8211; Nota! 5 adaptadores de grifo: 2 x 22 mm, 1 x 23 mm, 1 x 24 mm, 1 x 15-25 mm.<\/p>\n<\/p><\/div>\n","protected":false},"excerpt":{"rendered":"<p>\ud83d\udfe5 DATE PRISA \ud83d\udfe5 #Publicidad #Amazon #16 \ud83d\udd34 Sistema Filtraci\u00f3n \u2705 AHORA 43.79 \u20ac \u2714\ufe0f\ud83d\udfe1 \u274c Antes 64.95 \u20ac \ud83d\uded2: https:\/\/btz.es\/4LI4O1R &#8211; As\u00ed de sencillo: ENROSCA en cualquier grifo, FILTRA y BEBE agua de buen sabor al instante. Se acab\u00f3 cargar con botellas de agua. &#8211; Filtraci\u00f3n en 5 pasos detiene el 99,99% de las [&hellip;]<\/p>\n","protected":false},"featured_media":5571,"template":"","meta":{"_gspb_post_css":""},"store":[],"product_brand":[],"product_cat":[16],"product_tag":[],"class_list":{"0":"post-5572","1":"product","2":"type-product","3":"status-publish","4":"has-post-thumbnail","6":"product_cat-sin-categorizar","8":"first","9":"instock","10":"sale","11":"shipping-taxable","12":"product-type-external"},"jetpack_sharing_enabled":true,"_links":{"self":[{"href":"https:\/\/ofertacular.com\/index.php\/wp-json\/wp\/v2\/product\/5572","targetHints":{"allow":["GET"]}}],"collection":[{"href":"https:\/\/ofertacular.com\/index.php\/wp-json\/wp\/v2\/product"}],"about":[{"href":"https:\/\/ofertacular.com\/index.php\/wp-json\/wp\/v2\/types\/product"}],"wp:featuredmedia":[{"embeddable":true,"href":"https:\/\/ofertacular.com\/index.php\/wp-json\/wp\/v2\/media\/5571"}],"wp:attachment":[{"href":"https:\/\/ofertacular.com\/index.php\/wp-json\/wp\/v2\/media?parent=5572"}],"wp:term":[{"taxonomy":"store","embeddable":true,"href":"https:\/\/ofertacular.com\/index.php\/wp-json\/wp\/v2\/store?post=5572"},{"taxonomy":"product_brand","embeddable":true,"href":"https:\/\/ofertacular.com\/index.php\/wp-json\/wp\/v2\/product_brand?post=5572"},{"taxonomy":"product_cat","embeddable":true,"href":"https:\/\/ofertacular.com\/index.php\/wp-json\/wp\/v2\/product_cat?post=5572"},{"taxonomy":"product_tag","embeddable":true,"href":"https:\/\/ofertacular.com\/index.php\/wp-json\/wp\/v2\/product_tag?post=5572"}],"curies":[{"name":"wp","href":"https:\/\/api.w.org\/{rel}","templated":true}]}}