{"id":5616,"date":"2025-05-21T10:56:45","date_gmt":"2025-05-21T08:56:45","guid":{"rendered":"https:\/\/ofertacular.com\/index.php\/producto\/canon-pixma-2\/"},"modified":"2025-05-21T10:56:45","modified_gmt":"2025-05-21T08:56:45","slug":"canon-pixma-2","status":"publish","type":"product","link":"https:\/\/ofertacular.com\/index.php\/producto\/canon-pixma-2\/","title":{"rendered":"Canon Pixma"},"content":{"rendered":"<div class=\"oferta-container\">\n<p>\ud83d\udfe5 <b>\u00a1OFERTA ESPECIAL!<\/b> \ud83d\udfe5 #Publicidad #Amazon #16<\/p>\n<p>\ud83d\udd34 <b>Impresora Canon <\/b><\/p>\n<p>\u2705 <b>AHORA 39 \u20ac<\/b> \u2714\ufe0f\ud83d\udfe1<\/p>\n<p>\u274c Antes 49.00 \u20ac<\/p>\n<p>\ud83d\uded2: <a href=\"https:\/\/btz.es\/4LOVxaE\" target=\"_blank\" rel=\"nofollow noopener\">https:\/\/btz.es\/4LOVxaE<\/a><\/p>\n<p>&#8211; Compatible con PIXMA Print Plan: suscripci\u00f3n mensual para recibir tintas de forma autom\u00e1tica antes de que se te agoten, con diferentes tarifas disponibles para adaptarse a tu uso.<br \/>\n&#8211; Impresora Canon multifunci\u00f3n 3 en 1: inteligente y pr\u00e1ctica. Ideal para un uso dom\u00e9stico con funciones como impresi\u00f3n, copia y escaneo de alta calidad.<br \/>\n&#8211; Impresora conectada: puedes imprimir, copiar y escanear desde tu tablet o smartphone gracias a la compatibilidad inal\u00e1mbrica y una interfaz clara y sencilla.<br \/>\n&#8211; Ver para creer: puedes ver las actualizaciones de estado a simple vista en la n\u00edtida pantalla LCD monocroma de 1,5&#8243;.<br \/>\n&#8211; F\u00e1cil configuraci\u00f3n: lo tendr\u00e1s todo listo m\u00e1s r\u00e1pido que nunca con la conectividad inal\u00e1mbrica de un solo toque y un procedimiento de configuraci\u00f3n m\u00e1s sencillo.<\/p>\n<\/p><\/div>\n","protected":false},"excerpt":{"rendered":"<p>\ud83d\udfe5 \u00a1OFERTA ESPECIAL! \ud83d\udfe5 #Publicidad #Amazon #16 \ud83d\udd34 Impresora Canon \u2705 AHORA 39 \u20ac \u2714\ufe0f\ud83d\udfe1 \u274c Antes 49.00 \u20ac \ud83d\uded2: https:\/\/btz.es\/4LOVxaE &#8211; Compatible con PIXMA Print Plan: suscripci\u00f3n mensual para recibir tintas de forma autom\u00e1tica antes de que se te agoten, con diferentes tarifas disponibles para adaptarse a tu uso. &#8211; Impresora Canon multifunci\u00f3n 3 [&hellip;]<\/p>\n","protected":false},"featured_media":5615,"template":"","meta":{"_gspb_post_css":""},"store":[],"product_brand":[],"product_cat":[16],"product_tag":[],"class_list":{"0":"post-5616","1":"product","2":"type-product","3":"status-publish","4":"has-post-thumbnail","6":"product_cat-sin-categorizar","8":"first","9":"instock","10":"sale","11":"shipping-taxable","12":"product-type-external"},"jetpack_sharing_enabled":true,"_links":{"self":[{"href":"https:\/\/ofertacular.com\/index.php\/wp-json\/wp\/v2\/product\/5616","targetHints":{"allow":["GET"]}}],"collection":[{"href":"https:\/\/ofertacular.com\/index.php\/wp-json\/wp\/v2\/product"}],"about":[{"href":"https:\/\/ofertacular.com\/index.php\/wp-json\/wp\/v2\/types\/product"}],"wp:featuredmedia":[{"embeddable":true,"href":"https:\/\/ofertacular.com\/index.php\/wp-json\/wp\/v2\/media\/5615"}],"wp:attachment":[{"href":"https:\/\/ofertacular.com\/index.php\/wp-json\/wp\/v2\/media?parent=5616"}],"wp:term":[{"taxonomy":"store","embeddable":true,"href":"https:\/\/ofertacular.com\/index.php\/wp-json\/wp\/v2\/store?post=5616"},{"taxonomy":"product_brand","embeddable":true,"href":"https:\/\/ofertacular.com\/index.php\/wp-json\/wp\/v2\/product_brand?post=5616"},{"taxonomy":"product_cat","embeddable":true,"href":"https:\/\/ofertacular.com\/index.php\/wp-json\/wp\/v2\/product_cat?post=5616"},{"taxonomy":"product_tag","embeddable":true,"href":"https:\/\/ofertacular.com\/index.php\/wp-json\/wp\/v2\/product_tag?post=5616"}],"curies":[{"name":"wp","href":"https:\/\/api.w.org\/{rel}","templated":true}]}}