{"id":5648,"date":"2025-05-23T11:30:15","date_gmt":"2025-05-23T09:30:15","guid":{"rendered":"https:\/\/ofertacular.com\/index.php\/producto\/nivea-sun\/"},"modified":"2025-05-23T11:30:15","modified_gmt":"2025-05-23T09:30:15","slug":"nivea-sun","status":"publish","type":"product","link":"https:\/\/ofertacular.com\/index.php\/producto\/nivea-sun\/","title":{"rendered":"NIVEA SUN"},"content":{"rendered":"<div class=\"oferta-container\">\n<p>\ud83d\udfe5 <b>\u00a1NO TE LA PIERDAS!<\/b> \ud83d\udfe5 #Publicidad #Amazon #16<\/p>\n<p>\ud83d\udd34 <b>Protecci\u00f3n solar <\/b><\/p>\n<p>\u2705 <b>AHORA 7 \u20ac<\/b> \u2714\ufe0f\ud83d\udfe1<\/p>\n<p>\u274c Antes 8.95 \u20ac<\/p>\n<p>\ud83d\uded2: <a href=\"https:\/\/btz.es\/4MaKRre\" target=\"_blank\" rel=\"nofollow noopener\">https:\/\/btz.es\/4MaKRre<\/a><\/p>\n<p>&#8211; Pr\u00e1ctico formato \u2013 Gracias a su pr\u00e1ctico formato en roll-on, este protector solar para ni\u00f1os permite una aplicaci\u00f3n sencilla, divertida y r\u00e1pida.<br \/>\n&#8211; Textura ligera \u2013 La textura ligera de este protector solar infantil con factor de protecci\u00f3n 50+ se absorbe r\u00e1pidamente para proporcionar protecci\u00f3n inmediata.<br \/>\n&#8211; Protecci\u00f3n eficaz \u2013 Con el FP50+ y el sistema de filtros UVA\/UVB altamente eficaz, este protector solar hidratante reduce el riesgo de alergias solares.<br \/>\n&#8211; Resistente al agua \u2013 La crema hidratante con protector solar 50+ dise\u00f1ada especialmente para la piel de los ni\u00f1os es extra resistente al agua y no es pegajosa.<br \/>\n&#8211; Contenido del env\u00edo \u2013 NIVEA SUN Roll-On Solar Kids Protege &amp; Cuida FP50+, crema solar con protecci\u00f3n UVA\/UVB y resistente al agua, 1 x 50 ml, roll-on.<\/p>\n<\/p><\/div>\n","protected":false},"excerpt":{"rendered":"<p>\ud83d\udfe5 \u00a1NO TE LA PIERDAS! \ud83d\udfe5 #Publicidad #Amazon #16 \ud83d\udd34 Protecci\u00f3n solar \u2705 AHORA 7 \u20ac \u2714\ufe0f\ud83d\udfe1 \u274c Antes 8.95 \u20ac \ud83d\uded2: https:\/\/btz.es\/4MaKRre &#8211; Pr\u00e1ctico formato \u2013 Gracias a su pr\u00e1ctico formato en roll-on, este protector solar para ni\u00f1os permite una aplicaci\u00f3n sencilla, divertida y r\u00e1pida. &#8211; Textura ligera \u2013 La textura ligera de este [&hellip;]<\/p>\n","protected":false},"featured_media":5647,"template":"","meta":{"_gspb_post_css":""},"store":[],"product_brand":[],"product_cat":[16],"product_tag":[],"class_list":{"0":"post-5648","1":"product","2":"type-product","3":"status-publish","4":"has-post-thumbnail","6":"product_cat-sin-categorizar","8":"first","9":"instock","10":"sale","11":"shipping-taxable","12":"product-type-external"},"jetpack_sharing_enabled":true,"_links":{"self":[{"href":"https:\/\/ofertacular.com\/index.php\/wp-json\/wp\/v2\/product\/5648","targetHints":{"allow":["GET"]}}],"collection":[{"href":"https:\/\/ofertacular.com\/index.php\/wp-json\/wp\/v2\/product"}],"about":[{"href":"https:\/\/ofertacular.com\/index.php\/wp-json\/wp\/v2\/types\/product"}],"wp:featuredmedia":[{"embeddable":true,"href":"https:\/\/ofertacular.com\/index.php\/wp-json\/wp\/v2\/media\/5647"}],"wp:attachment":[{"href":"https:\/\/ofertacular.com\/index.php\/wp-json\/wp\/v2\/media?parent=5648"}],"wp:term":[{"taxonomy":"store","embeddable":true,"href":"https:\/\/ofertacular.com\/index.php\/wp-json\/wp\/v2\/store?post=5648"},{"taxonomy":"product_brand","embeddable":true,"href":"https:\/\/ofertacular.com\/index.php\/wp-json\/wp\/v2\/product_brand?post=5648"},{"taxonomy":"product_cat","embeddable":true,"href":"https:\/\/ofertacular.com\/index.php\/wp-json\/wp\/v2\/product_cat?post=5648"},{"taxonomy":"product_tag","embeddable":true,"href":"https:\/\/ofertacular.com\/index.php\/wp-json\/wp\/v2\/product_tag?post=5648"}],"curies":[{"name":"wp","href":"https:\/\/api.w.org\/{rel}","templated":true}]}}