{"id":5674,"date":"2025-05-26T10:21:11","date_gmt":"2025-05-26T08:21:11","guid":{"rendered":"https:\/\/ofertacular.com\/index.php\/producto\/digital-doorbell\/"},"modified":"2025-05-26T10:21:11","modified_gmt":"2025-05-26T08:21:11","slug":"digital-doorbell","status":"publish","type":"product","link":"https:\/\/ofertacular.com\/index.php\/producto\/digital-doorbell\/","title":{"rendered":"Digital Doorbell"},"content":{"rendered":"<div class=\"oferta-container\">\n<p>\ud83d\udfe5 <b>\u00a1OFERT\u00d3N!<\/b> \ud83d\udfe5 #Publicidad #Amazon #16<\/p>\n<p>\ud83d\udd34 <b>Timbre Digital <\/b><\/p>\n<p>\u2705 <b>AHORA 99.99 \u20ac<\/b> \u2714\ufe0f\ud83d\udfe1<\/p>\n<p>\u274c Antes 129.99 \u20ac<\/p>\n<p>\ud83d\uded2: <a href=\"https:\/\/btz.es\/4MsbcNf\" target=\"_blank\" rel=\"nofollow noopener\">https:\/\/btz.es\/4MsbcNf<\/a><\/p>\n<p>&#8211; Compatible con mirillas de tama\u00f1o est\u00e1ndar de 12 a 14 mm de di\u00e1metro en puertas de 54 a 75 mm de grosor. Sustituye tu mirilla por la mirilla digital Ring para ver en HD, escuchar y hablar a las visitas desde cualquier lugar.<br \/>\n&#8211; La mirilla digital Ring es f\u00e1cil de instalar e incluye todo lo necesario para sustituir tu mirilla. No requiere cables ni agujeros.<br \/>\n&#8211; Siempre sabr\u00e1s qui\u00e9n llama a la puerta. Recibe notificaciones en tu m\u00f3vil, tablet o PC cuando alguien llame al timbre, toque a la puerta o active los sensores de movimiento. Y si quieres, la funcionalidad de respuestas r\u00e1pidas te permite responder con un mensaje preseleccionado para ahorrar tiempo.<br \/>\n&#8211; Su detecci\u00f3n de movimiento de tecnolog\u00eda avanzada te permite ajustar f\u00e1cilmente los sensores integrados para que detecten \u00fanicamente lo que te importa.<br \/>\n&#8211; Compatible con Alexa: recibe avisos cuando tengas visita y ve qui\u00e9n est\u00e1 frente a tu puerta con el Echo Show.<br \/>\n&#8211; Incluye protecci\u00f3n antirrobo. Si te roban la mirilla digital Ring, la sustituiremos por una nueva sin coste alguno.<br \/>\n&#8211; M\u00c1S VISI\u00d3N,M\u00c1S INFORMACI\u00d3NY M\u00c1S PROTECCI\u00d3N: guarda las grabaciones de tus v\u00eddeos hasta 180 d\u00edas para volver a verlas en cualquier momento, recibe alertas cuando se detecte a una persona y mucho m\u00e1s con una suscripci\u00f3n a Ring Home a la venta por separado*.<\/p>\n<\/p><\/div>\n","protected":false},"excerpt":{"rendered":"<p>\ud83d\udfe5 \u00a1OFERT\u00d3N! \ud83d\udfe5 #Publicidad #Amazon #16 \ud83d\udd34 Timbre Digital \u2705 AHORA 99.99 \u20ac \u2714\ufe0f\ud83d\udfe1 \u274c Antes 129.99 \u20ac \ud83d\uded2: https:\/\/btz.es\/4MsbcNf &#8211; Compatible con mirillas de tama\u00f1o est\u00e1ndar de 12 a 14 mm de di\u00e1metro en puertas de 54 a 75 mm de grosor. Sustituye tu mirilla por la mirilla digital Ring para ver en HD, [&hellip;]<\/p>\n","protected":false},"featured_media":5673,"template":"","meta":{"_gspb_post_css":""},"store":[],"product_brand":[],"product_cat":[16],"product_tag":[],"class_list":{"0":"post-5674","1":"product","2":"type-product","3":"status-publish","4":"has-post-thumbnail","6":"product_cat-sin-categorizar","8":"first","9":"instock","10":"sale","11":"shipping-taxable","12":"product-type-external"},"jetpack_sharing_enabled":true,"_links":{"self":[{"href":"https:\/\/ofertacular.com\/index.php\/wp-json\/wp\/v2\/product\/5674","targetHints":{"allow":["GET"]}}],"collection":[{"href":"https:\/\/ofertacular.com\/index.php\/wp-json\/wp\/v2\/product"}],"about":[{"href":"https:\/\/ofertacular.com\/index.php\/wp-json\/wp\/v2\/types\/product"}],"wp:featuredmedia":[{"embeddable":true,"href":"https:\/\/ofertacular.com\/index.php\/wp-json\/wp\/v2\/media\/5673"}],"wp:attachment":[{"href":"https:\/\/ofertacular.com\/index.php\/wp-json\/wp\/v2\/media?parent=5674"}],"wp:term":[{"taxonomy":"store","embeddable":true,"href":"https:\/\/ofertacular.com\/index.php\/wp-json\/wp\/v2\/store?post=5674"},{"taxonomy":"product_brand","embeddable":true,"href":"https:\/\/ofertacular.com\/index.php\/wp-json\/wp\/v2\/product_brand?post=5674"},{"taxonomy":"product_cat","embeddable":true,"href":"https:\/\/ofertacular.com\/index.php\/wp-json\/wp\/v2\/product_cat?post=5674"},{"taxonomy":"product_tag","embeddable":true,"href":"https:\/\/ofertacular.com\/index.php\/wp-json\/wp\/v2\/product_tag?post=5674"}],"curies":[{"name":"wp","href":"https:\/\/api.w.org\/{rel}","templated":true}]}}