{"id":5797,"date":"2025-06-03T10:25:25","date_gmt":"2025-06-03T08:25:25","guid":{"rendered":"https:\/\/ofertacular.com\/index.php\/producto\/chimchar-figure\/"},"modified":"2025-06-03T10:25:25","modified_gmt":"2025-06-03T08:25:25","slug":"chimchar-figure","status":"publish","type":"product","link":"https:\/\/ofertacular.com\/index.php\/producto\/chimchar-figure\/","title":{"rendered":"Chimchar Figure"},"content":{"rendered":"<div class=\"oferta-container\">\n\ud83d\udfea <b>EXCLUSIVO<\/b> \ud83d\udfea #Publicidad #Amazon<\/p>\n<p>\ud83d\udfe3 <b> Funko Pok\u00e9mon Chimchar<\/b> <\/p>\n<p>\u2705 <b>AHORA 13.49 \u20ac<\/b> \u2714\ufe0f\ud83d\udfe1<br \/>\n\u274c Antes 14.48 \u20ac \u20ac <\/p>\n<p>\ud83d\uded2: https:\/\/btz.es\/4NcOtEq\ud83d\udfe2 <\/p>\n<p>Ofertacular.com<\/p>\n<p>&#8211; TAMA\u00d1O IDEAL PARA COLECCIONAR &#8211; Con una altura aproximada de 9,5 cm, esta mini figurita de vinilo complementa otros art\u00edculos de colecci\u00f3n y encaja perfectamente en tu vitrina o en tu escritorio.<br \/>\n&#8211; MATERIAL DE VINILO DE PRIMERA CALIDAD &#8211; Fabricado en vinilo duradero de alta calidad, este mu\u00f1eco coleccionable est\u00e1 hecho para durar y soportar el desgaste diario, garantizando un disfrute duradero tanto para los fans como para los coleccionistas.<br \/>\n&#8211; REGALO PERFECTO PARA LOS FANS DE POKEMON &#8211; Ideal para fiestas, cumplea\u00f1os u ocasiones especiales y como regalo esta exclusiva figurita es un complemento imprescindible en cualquier colecci\u00f3n de merchandising de Pokemon<br \/>\n&#8211; AMPL\u00cdA TU COLECCI\u00d3N &#8211; A\u00f1ade esta pieza de exhibici\u00f3n de vinilo Chimchar \u00fanica a tu creciente surtido de mu\u00f1ecos Funko Pop! y busca otros art\u00edculos coleccionables raros y exclusivos para tener un conjunto completo<br \/>\n&#8211; MARCA L\u00cdDER EN CULTURA POP &#8211; Conf\u00eda en la experiencia de Funko, el principal creador de art\u00edculos de cultura pop que incluye figuras de vinilo, juguetes de acci\u00f3n, peluches, ropa, juegos de mesa y mucho m\u00e1s.<\/p>\n<\/div>\n","protected":false},"excerpt":{"rendered":"<p>\ud83d\udfea EXCLUSIVO \ud83d\udfea #Publicidad #Amazon \ud83d\udfe3 Funko Pok\u00e9mon Chimchar \u2705 AHORA 13.49 \u20ac \u2714\ufe0f\ud83d\udfe1 \u274c Antes 14.48 \u20ac \u20ac \ud83d\uded2: https:\/\/btz.es\/4NcOtEq\ud83d\udfe2 Ofertacular.com &#8211; TAMA\u00d1O IDEAL PARA COLECCIONAR &#8211; Con una altura aproximada de 9,5 cm, esta mini figurita de vinilo complementa otros art\u00edculos de colecci\u00f3n y encaja perfectamente en tu vitrina o en tu escritorio. [&hellip;]<\/p>\n","protected":false},"featured_media":5796,"template":"","meta":{"_gspb_post_css":""},"store":[],"product_brand":[],"product_cat":[16],"product_tag":[],"class_list":{"0":"post-5797","1":"product","2":"type-product","3":"status-publish","4":"has-post-thumbnail","6":"product_cat-sin-categorizar","8":"first","9":"instock","10":"sale","11":"shipping-taxable","12":"product-type-external"},"jetpack_sharing_enabled":true,"_links":{"self":[{"href":"https:\/\/ofertacular.com\/index.php\/wp-json\/wp\/v2\/product\/5797","targetHints":{"allow":["GET"]}}],"collection":[{"href":"https:\/\/ofertacular.com\/index.php\/wp-json\/wp\/v2\/product"}],"about":[{"href":"https:\/\/ofertacular.com\/index.php\/wp-json\/wp\/v2\/types\/product"}],"wp:featuredmedia":[{"embeddable":true,"href":"https:\/\/ofertacular.com\/index.php\/wp-json\/wp\/v2\/media\/5796"}],"wp:attachment":[{"href":"https:\/\/ofertacular.com\/index.php\/wp-json\/wp\/v2\/media?parent=5797"}],"wp:term":[{"taxonomy":"store","embeddable":true,"href":"https:\/\/ofertacular.com\/index.php\/wp-json\/wp\/v2\/store?post=5797"},{"taxonomy":"product_brand","embeddable":true,"href":"https:\/\/ofertacular.com\/index.php\/wp-json\/wp\/v2\/product_brand?post=5797"},{"taxonomy":"product_cat","embeddable":true,"href":"https:\/\/ofertacular.com\/index.php\/wp-json\/wp\/v2\/product_cat?post=5797"},{"taxonomy":"product_tag","embeddable":true,"href":"https:\/\/ofertacular.com\/index.php\/wp-json\/wp\/v2\/product_tag?post=5797"}],"curies":[{"name":"wp","href":"https:\/\/api.w.org\/{rel}","templated":true}]}}