{"id":5801,"date":"2025-06-03T10:38:32","date_gmt":"2025-06-03T08:38:32","guid":{"rendered":"https:\/\/ofertacular.com\/index.php\/producto\/echo-show\/"},"modified":"2025-06-03T10:38:32","modified_gmt":"2025-06-03T08:38:32","slug":"echo-show","status":"publish","type":"product","link":"https:\/\/ofertacular.com\/index.php\/producto\/echo-show\/","title":{"rendered":"Echo Show"},"content":{"rendered":"<div class=\"oferta-container\">\n<p>\ud83d\udfe5 <b>DESCUENTAZO<\/b> \ud83d\udfe5 #Publicidad #Amazon #16<\/p>\n<p>\ud83d\udd34 <b>Echo Show <\/b><\/p>\n<p>\u2705 <b>AHORA 74.99 \u20ac<\/b> \u2714\ufe0f\ud83d\udfe1<\/p>\n<p>\u274c Antes 90.08 \u20ac<\/p>\n<p>\ud83d\uded2: <a href=\"https:\/\/btz.es\/4NcRCD0\" target=\"_blank\" rel=\"nofollow noopener\">https:\/\/btz.es\/4NcRCD0<\/a><\/p>\n<p>&#8211; ALEXA PUEDE MOSTRARTE A\u00daN M\u00c1S COSAS: Pon alarmas y temporizadores, duerme a pierna suelta con una playlist relajante, empieza el d\u00eda con buen pie con una rutina de Hogar digital o consulta f\u00e1cilmente tu calendario y la informaci\u00f3n del tiempo, todo con tan solo ped\u00edrselo.<br \/>\n&#8211; TAMA\u00d1O COMPACTO, SONIDO POTENTE: Reproduce m\u00fasica, series, p\u00f3dcast y m\u00e1s desde Amazon Music, Spotify, Prime Video y otros servicios de streaming y disfruta de un sonido con graves m\u00e1s potentes y voces m\u00e1s n\u00edtidas. Adem\u00e1s, con la pantalla de 5,5&#8243;, podr\u00e1s ver series, visualizar los t\u00edtulos de las canciones y m\u00e1s de un solo vistazo.<br \/>\n&#8211; MANT\u00c9N TU CASA CONFORTABLE: Controla dispositivos de Hogar digital compatibles como luces y termostatos incluso cuando no est\u00e1s en casa.<br \/>\n&#8211; VE A\u00daN M\u00c1S CON LA C\u00c1MARA INTEGRADA: Echa un vistazo a lo que pasa en casa con la c\u00e1mara integrada y aseg\u00farate de que tu familia o tus mascotas est\u00e1n bien. Usa las llamadas de Drop In cuando est\u00e9s fuera o conecta un videotimbre compatible para ver qui\u00e9n hay en la entrada desde tu Echo Show 5.<br \/>\n&#8211; DISFRUTA DE TUS FOTOS EN PANTALLA: Cuando no est\u00e9s interactuando con el dispositivo, podr\u00e1s usarlo como marco de fotos digital para exponer tus fotos favoritas con Amazon Photos. Adem\u00e1s, los miembros Prime cuentan con acceso a espacio de almacenamiento ilimitado en la nube para sus fotos.<br \/>\n&#8211; USA LAS VIDEOLLAMADAS PARA CONECTAR CON LOS TUYOS: Llama a tus familiares y amigos que tengan la app Alexa o un dispositivo Echo con pantalla gracias a la c\u00e1mara de 2 MP y env\u00eda comunicados a otros dispositivos compatibles en tu casa.<br \/>\n&#8211; DISE\u00d1ADO PARA PROTEGER TU PRIVACIDAD: Fabricado con m\u00faltiples capas de control de la privacidad, incluido un bot\u00f3n que desconecta los micr\u00f3fonos y la c\u00e1mara electr\u00f3nicamente.<\/p>\n<\/p><\/div>\n","protected":false},"excerpt":{"rendered":"<p>\ud83d\udfe5 DESCUENTAZO \ud83d\udfe5 #Publicidad #Amazon #16 \ud83d\udd34 Echo Show \u2705 AHORA 74.99 \u20ac \u2714\ufe0f\ud83d\udfe1 \u274c Antes 90.08 \u20ac \ud83d\uded2: https:\/\/btz.es\/4NcRCD0 &#8211; ALEXA PUEDE MOSTRARTE A\u00daN M\u00c1S COSAS: Pon alarmas y temporizadores, duerme a pierna suelta con una playlist relajante, empieza el d\u00eda con buen pie con una rutina de Hogar digital o consulta f\u00e1cilmente tu [&hellip;]<\/p>\n","protected":false},"featured_media":5800,"template":"","meta":{"_gspb_post_css":""},"store":[],"product_brand":[],"product_cat":[16],"product_tag":[],"class_list":{"0":"post-5801","1":"product","2":"type-product","3":"status-publish","4":"has-post-thumbnail","6":"product_cat-sin-categorizar","8":"first","9":"instock","10":"sale","11":"shipping-taxable","12":"product-type-external"},"jetpack_sharing_enabled":true,"_links":{"self":[{"href":"https:\/\/ofertacular.com\/index.php\/wp-json\/wp\/v2\/product\/5801","targetHints":{"allow":["GET"]}}],"collection":[{"href":"https:\/\/ofertacular.com\/index.php\/wp-json\/wp\/v2\/product"}],"about":[{"href":"https:\/\/ofertacular.com\/index.php\/wp-json\/wp\/v2\/types\/product"}],"wp:featuredmedia":[{"embeddable":true,"href":"https:\/\/ofertacular.com\/index.php\/wp-json\/wp\/v2\/media\/5800"}],"wp:attachment":[{"href":"https:\/\/ofertacular.com\/index.php\/wp-json\/wp\/v2\/media?parent=5801"}],"wp:term":[{"taxonomy":"store","embeddable":true,"href":"https:\/\/ofertacular.com\/index.php\/wp-json\/wp\/v2\/store?post=5801"},{"taxonomy":"product_brand","embeddable":true,"href":"https:\/\/ofertacular.com\/index.php\/wp-json\/wp\/v2\/product_brand?post=5801"},{"taxonomy":"product_cat","embeddable":true,"href":"https:\/\/ofertacular.com\/index.php\/wp-json\/wp\/v2\/product_cat?post=5801"},{"taxonomy":"product_tag","embeddable":true,"href":"https:\/\/ofertacular.com\/index.php\/wp-json\/wp\/v2\/product_tag?post=5801"}],"curies":[{"name":"wp","href":"https:\/\/api.w.org\/{rel}","templated":true}]}}