{"id":5805,"date":"2025-06-03T11:40:30","date_gmt":"2025-06-03T09:40:30","guid":{"rendered":"https:\/\/ofertacular.com\/index.php\/producto\/cecotec-ventilador-2\/"},"modified":"2025-06-03T11:40:30","modified_gmt":"2025-06-03T09:40:30","slug":"cecotec-ventilador-2","status":"publish","type":"product","link":"https:\/\/ofertacular.com\/index.php\/producto\/cecotec-ventilador-2\/","title":{"rendered":"Cecotec Ventilador"},"content":{"rendered":"<div class=\"oferta-container\">\n<p>\ud83d\udfe5 <b>GRAN OFERTA<\/b> \ud83d\udfe5 #Publicidad #Amazon #16<\/p>\n<p>\ud83d\udd34 <b>Ventilador Cecotec <\/b><\/p>\n<p>\u2705 <b>AHORA 35.99 \u20ac<\/b> \u2714\ufe0f\ud83d\udfe1<\/p>\n<p>\u274c Antes 49.90 \u20ac<\/p>\n<p>\ud83d\uded2: <a href=\"https:\/\/btz.es\/4Ndhnxt\" target=\"_blank\" rel=\"nofollow noopener\">https:\/\/btz.es\/4Ndhnxt<\/a><\/p>\n<p>&#8211; Gran potencia de 50 W que facilita la ventilaci\u00f3n de la estancia que junto con su motor de cobre aporta una gran calidad, eficiencia y durabilidad al ventilador, adem\u00e1s de colaborar en su proceso de ventilaci\u00f3n de una manera totalmente segura.<br \/>\n&#8211; Las 16 pulgadas del ventilador y sus 5 aspas, equivalentes a 40 cm, le aportan un gran di\u00e1metro que potencia la salida del flujo de aire.<br \/>\n&#8211; Posee 4 velocidades que permiten regular la intensidad del flujo del aire en funci\u00f3n de las necesidades de cada momento. Tambi\u00e9n podemos regular su altura gracias a la barra telesc\u00f3pica ajustable de 110 a 130 cm.<br \/>\n&#8211; Temporizador programable un m\u00e1ximo de 2 horas que permite seleccionar el tiempo de funcionamiento deseado y tras el mismo el ventilador se apagar\u00e1.<br \/>\n&#8211; Oscilaci\u00f3n autom\u00e1tica que facilita la distribuci\u00f3n del aire fresco en la estancia en la cual sea ubicado con el m\u00e1ximo silencio y confort.<\/p>\n<\/p><\/div>\n","protected":false},"excerpt":{"rendered":"<p>\ud83d\udfe5 GRAN OFERTA \ud83d\udfe5 #Publicidad #Amazon #16 \ud83d\udd34 Ventilador Cecotec \u2705 AHORA 35.99 \u20ac \u2714\ufe0f\ud83d\udfe1 \u274c Antes 49.90 \u20ac \ud83d\uded2: https:\/\/btz.es\/4Ndhnxt &#8211; Gran potencia de 50 W que facilita la ventilaci\u00f3n de la estancia que junto con su motor de cobre aporta una gran calidad, eficiencia y durabilidad al ventilador, adem\u00e1s de colaborar en su [&hellip;]<\/p>\n","protected":false},"featured_media":5804,"template":"","meta":{"_gspb_post_css":""},"store":[],"product_brand":[],"product_cat":[16],"product_tag":[],"class_list":{"0":"post-5805","1":"product","2":"type-product","3":"status-publish","4":"has-post-thumbnail","6":"product_cat-sin-categorizar","8":"first","9":"instock","10":"sale","11":"shipping-taxable","12":"product-type-external"},"jetpack_sharing_enabled":true,"_links":{"self":[{"href":"https:\/\/ofertacular.com\/index.php\/wp-json\/wp\/v2\/product\/5805","targetHints":{"allow":["GET"]}}],"collection":[{"href":"https:\/\/ofertacular.com\/index.php\/wp-json\/wp\/v2\/product"}],"about":[{"href":"https:\/\/ofertacular.com\/index.php\/wp-json\/wp\/v2\/types\/product"}],"wp:featuredmedia":[{"embeddable":true,"href":"https:\/\/ofertacular.com\/index.php\/wp-json\/wp\/v2\/media\/5804"}],"wp:attachment":[{"href":"https:\/\/ofertacular.com\/index.php\/wp-json\/wp\/v2\/media?parent=5805"}],"wp:term":[{"taxonomy":"store","embeddable":true,"href":"https:\/\/ofertacular.com\/index.php\/wp-json\/wp\/v2\/store?post=5805"},{"taxonomy":"product_brand","embeddable":true,"href":"https:\/\/ofertacular.com\/index.php\/wp-json\/wp\/v2\/product_brand?post=5805"},{"taxonomy":"product_cat","embeddable":true,"href":"https:\/\/ofertacular.com\/index.php\/wp-json\/wp\/v2\/product_cat?post=5805"},{"taxonomy":"product_tag","embeddable":true,"href":"https:\/\/ofertacular.com\/index.php\/wp-json\/wp\/v2\/product_tag?post=5805"}],"curies":[{"name":"wp","href":"https:\/\/api.w.org\/{rel}","templated":true}]}}