{"id":5829,"date":"2025-06-04T10:07:36","date_gmt":"2025-06-04T08:07:36","guid":{"rendered":"https:\/\/ofertacular.com\/index.php\/producto\/nature-xl\/"},"modified":"2025-06-04T10:07:36","modified_gmt":"2025-06-04T08:07:36","slug":"nature-xl","status":"publish","type":"product","link":"https:\/\/ofertacular.com\/index.php\/producto\/nature-xl\/","title":{"rendered":"Nature XL"},"content":{"rendered":"<div class=\"oferta-container\">\n<p>\ud83d\udfe5 <b>\u00a1GANGAZO!<\/b> \ud83d\udfe5 #Publicidad #Amazon #16<\/p>\n<p>\ud83d\udd34 <b>Silla plegable <\/b><\/p>\n<p>\u2705 <b>AHORA 6.99 \u20ac<\/b> \u2714\ufe0f\ud83d\udfe1<\/p>\n<p>\u274c Antes 9.99 \u20ac<\/p>\n<p>\ud83d\uded2: <a href=\"https:\/\/btz.es\/4NiAwf9\" target=\"_blank\" rel=\"nofollow noopener\">https:\/\/btz.es\/4NiAwf9<\/a><\/p>\n<p>&#8211; El preservativo Xtra Large est\u00e1 dise\u00f1ado para aquellos que viven la relaci\u00f3n en un gran formato<br \/>\n&#8211; Caja de 24 preservativos Control XL<br \/>\n&#8211; El preservativo Control XL tiene una m\u00e1s anchura y longitud que los dem\u00e1s modelos de la gama Control y ofrece un alto confort<br \/>\n&#8211; El preservativo tiene una anchura nominal de 54 mm, una longitud de 200 mm y un grosor de 0.070 mm<br \/>\n&#8211; Los preservativos Control XL tienen una forma anat\u00f3mica para una m\u00e1s adaptabilidad y comodidad<br \/>\n&#8211; Preservativo de calidad, anat\u00f3mico, con dep\u00f3sito y lubricado<br \/>\n&#8211; Los preservativos Control XL se fabrican con latex de caucho natural<\/p>\n<\/p><\/div>\n","protected":false},"excerpt":{"rendered":"<p>\ud83d\udfe5 \u00a1GANGAZO! \ud83d\udfe5 #Publicidad #Amazon #16 \ud83d\udd34 Silla plegable \u2705 AHORA 6.99 \u20ac \u2714\ufe0f\ud83d\udfe1 \u274c Antes 9.99 \u20ac \ud83d\uded2: https:\/\/btz.es\/4NiAwf9 &#8211; El preservativo Xtra Large est\u00e1 dise\u00f1ado para aquellos que viven la relaci\u00f3n en un gran formato &#8211; Caja de 24 preservativos Control XL &#8211; El preservativo Control XL tiene una m\u00e1s anchura y longitud [&hellip;]<\/p>\n","protected":false},"featured_media":5828,"template":"","meta":{"_gspb_post_css":""},"store":[],"product_brand":[],"product_cat":[16],"product_tag":[],"class_list":{"0":"post-5829","1":"product","2":"type-product","3":"status-publish","4":"has-post-thumbnail","6":"product_cat-sin-categorizar","8":"first","9":"instock","10":"sale","11":"shipping-taxable","12":"product-type-external"},"jetpack_sharing_enabled":true,"_links":{"self":[{"href":"https:\/\/ofertacular.com\/index.php\/wp-json\/wp\/v2\/product\/5829","targetHints":{"allow":["GET"]}}],"collection":[{"href":"https:\/\/ofertacular.com\/index.php\/wp-json\/wp\/v2\/product"}],"about":[{"href":"https:\/\/ofertacular.com\/index.php\/wp-json\/wp\/v2\/types\/product"}],"wp:featuredmedia":[{"embeddable":true,"href":"https:\/\/ofertacular.com\/index.php\/wp-json\/wp\/v2\/media\/5828"}],"wp:attachment":[{"href":"https:\/\/ofertacular.com\/index.php\/wp-json\/wp\/v2\/media?parent=5829"}],"wp:term":[{"taxonomy":"store","embeddable":true,"href":"https:\/\/ofertacular.com\/index.php\/wp-json\/wp\/v2\/store?post=5829"},{"taxonomy":"product_brand","embeddable":true,"href":"https:\/\/ofertacular.com\/index.php\/wp-json\/wp\/v2\/product_brand?post=5829"},{"taxonomy":"product_cat","embeddable":true,"href":"https:\/\/ofertacular.com\/index.php\/wp-json\/wp\/v2\/product_cat?post=5829"},{"taxonomy":"product_tag","embeddable":true,"href":"https:\/\/ofertacular.com\/index.php\/wp-json\/wp\/v2\/product_tag?post=5829"}],"curies":[{"name":"wp","href":"https:\/\/api.w.org\/{rel}","templated":true}]}}