{"id":5841,"date":"2025-06-04T11:01:15","date_gmt":"2025-06-04T09:01:15","guid":{"rendered":"https:\/\/ofertacular.com\/index.php\/producto\/1005007476663607\/"},"modified":"2025-06-04T11:01:15","modified_gmt":"2025-06-04T09:01:15","slug":"1005007476663607","status":"publish","type":"product","link":"https:\/\/ofertacular.com\/index.php\/producto\/1005007476663607\/","title":{"rendered":"CarPlay Adaptador"},"content":{"rendered":"<div class=\"oferta-container\">\n<p>\ud83d\udfe5 <b>\u00a1APROVECHA!<\/b> \ud83d\udfe5 #Publicidad #Amazon #<\/p>\n<p>\ud83d\udd34 <b>Adaptador CarPlay <\/b><\/p>\n<p>\u2705 <b>AHORA 8.99\u20ac \u20ac<\/b> \u2714\ufe0f\ud83d\udfe1<\/p>\n<p>\u274c Antes 25.30 \u20ac<\/p>\n<p>\ud83d\uded2: <a href=\"https:\/\/btz.es\/4NiNRC6\" target=\"_blank\" rel=\"nofollow noopener\">https:\/\/btz.es\/4NiNRC6<\/a><\/p>\n<p>Descubre el Adaptador CarPlay, el accesorio imprescindible para transformar tu experiencia de conducci\u00f3n. Este adaptador facilita la integraci\u00f3n perfecta entre tu iPhone y el sistema de entretenimiento de tu veh\u00edculo, permiti\u00e9ndote acceder de manera segura y sencilla a tus aplicaciones favoritas, mapas, m\u00fasica y llamadas mientras conduces. Compatible con m\u00faltiples modelos de iPhone, este dispositivo garantiza una conexi\u00f3n r\u00e1pida y estable gracias a su tecnolog\u00eda avanzada. Ideal para quienes buscan comodidad y seguridad en la carretera, el Adaptador CarPlay optimiza el uso de Siri para controlar todo con comandos de voz, minimizando distracciones y maximizando la concentraci\u00f3n en el volante. Fabricado con materiales de alta calidad, su dise\u00f1o compacto y moderno se adapta perfectamente a cualquier interior de autom\u00f3vil sin ocupar espacio innecesario. Adem\u00e1s, su instalaci\u00f3n es r\u00e1pida y sencilla, sin necesidad de herramientas ni conocimientos t\u00e9cnicos. Convierte tu coche en un espacio inteligente y conectado con este Adaptador CarPlay, la mejor soluci\u00f3n para una conducci\u00f3n m\u00e1s divertida, segura y eficiente. Aprovecha ahora nuestra oferta especial y lleva tu sistema de entretenimiento automotriz al siguiente nivel. No te pierdas esta oportunidad de mejorar tu experiencia de manejo con la tecnolog\u00eda m\u00e1s innovadora del mercado.<\/p>\n<\/p><\/div>\n","protected":false},"excerpt":{"rendered":"<p>\ud83d\udfe5 \u00a1APROVECHA! \ud83d\udfe5 #Publicidad #Amazon # \ud83d\udd34 Adaptador CarPlay \u2705 AHORA 8.99\u20ac \u20ac \u2714\ufe0f\ud83d\udfe1 \u274c Antes 25.30 \u20ac \ud83d\uded2: https:\/\/btz.es\/4NiNRC6 Descubre el Adaptador CarPlay, el accesorio imprescindible para transformar tu experiencia de conducci\u00f3n. Este adaptador facilita la integraci\u00f3n perfecta entre tu iPhone y el sistema de entretenimiento de tu veh\u00edculo, permiti\u00e9ndote acceder de manera segura [&hellip;]<\/p>\n","protected":false},"featured_media":5840,"template":"","meta":{"_gspb_post_css":""},"store":[],"product_brand":[],"product_cat":[16],"product_tag":[],"class_list":{"0":"post-5841","1":"product","2":"type-product","3":"status-publish","4":"has-post-thumbnail","6":"product_cat-sin-categorizar","8":"first","9":"instock","10":"shipping-taxable","11":"product-type-external"},"jetpack_sharing_enabled":true,"_links":{"self":[{"href":"https:\/\/ofertacular.com\/index.php\/wp-json\/wp\/v2\/product\/5841","targetHints":{"allow":["GET"]}}],"collection":[{"href":"https:\/\/ofertacular.com\/index.php\/wp-json\/wp\/v2\/product"}],"about":[{"href":"https:\/\/ofertacular.com\/index.php\/wp-json\/wp\/v2\/types\/product"}],"wp:featuredmedia":[{"embeddable":true,"href":"https:\/\/ofertacular.com\/index.php\/wp-json\/wp\/v2\/media\/5840"}],"wp:attachment":[{"href":"https:\/\/ofertacular.com\/index.php\/wp-json\/wp\/v2\/media?parent=5841"}],"wp:term":[{"taxonomy":"store","embeddable":true,"href":"https:\/\/ofertacular.com\/index.php\/wp-json\/wp\/v2\/store?post=5841"},{"taxonomy":"product_brand","embeddable":true,"href":"https:\/\/ofertacular.com\/index.php\/wp-json\/wp\/v2\/product_brand?post=5841"},{"taxonomy":"product_cat","embeddable":true,"href":"https:\/\/ofertacular.com\/index.php\/wp-json\/wp\/v2\/product_cat?post=5841"},{"taxonomy":"product_tag","embeddable":true,"href":"https:\/\/ofertacular.com\/index.php\/wp-json\/wp\/v2\/product_tag?post=5841"}],"curies":[{"name":"wp","href":"https:\/\/api.w.org\/{rel}","templated":true}]}}