{"id":5911,"date":"2025-06-07T07:30:41","date_gmt":"2025-06-07T05:30:41","guid":{"rendered":"https:\/\/ofertacular.com\/index.php\/producto\/adidas-shoes-7\/"},"modified":"2025-06-07T07:30:41","modified_gmt":"2025-06-07T05:30:41","slug":"adidas-shoes-7","status":"publish","type":"product","link":"https:\/\/ofertacular.com\/index.php\/producto\/adidas-shoes-7\/","title":{"rendered":"adidas Shoes"},"content":{"rendered":"<div class=\"oferta-container\">\n<p>\ud83d\udfe5 <b>REBAJA<\/b> \ud83d\udfe5 #Publicidad #Amazon #16<\/p>\n<p>\ud83d\udd34 <b>Shoes adidas <\/b><\/p>\n<p>\u2705 <b>AHORA 48.99 \u20ac<\/b> \u2714\ufe0f\ud83d\udfe1<\/p>\n<p>\u274c Antes 70.00 \u20ac<\/p>\n<p>\ud83d\uded2: <a href=\"https:\/\/btz.es\/4Nz40Ju\" target=\"_blank\" rel=\"nofollow noopener\">https:\/\/btz.es\/4Nz40Ju<\/a><\/p>\n<p>Descubre la comodidad y el estilo con las Shoes adidas, dise\u00f1adas para ofrecer un rendimiento excepcional en cada paso. Estas zapatillas combinan tecnolog\u00eda avanzada y materiales de alta calidad para proporcionar un calzado duradero y confortable, ideal para deportistas y amantes del streetwear. Su dise\u00f1o moderno y vers\u00e1til se adapta a cualquier outfit, desde entrenamientos intensos hasta uso diario. Con su suela antideslizante y amortiguaci\u00f3n \u00f3ptima, las Shoes adidas aseguran estabilidad y soporte para tus pies, previniendo lesiones y maximizando el rendimiento. Adem\u00e1s, su dise\u00f1o transpirable mantiene tus pies frescos y secos durante largas jornadas. Ya seas corredor, jugador de baloncesto, o simplemente busques un calzado c\u00f3modo para tu d\u00eda a d\u00eda, las Shoes adidas son la elecci\u00f3n perfecta para ti. No pierdas la oportunidad de experimentar calidad y estilo en cada paso con estas zapatillas innovadoras y de tendencia.<\/p>\n<\/p><\/div>\n","protected":false},"excerpt":{"rendered":"<p>\ud83d\udfe5 REBAJA \ud83d\udfe5 #Publicidad #Amazon #16 \ud83d\udd34 Shoes adidas \u2705 AHORA 48.99 \u20ac \u2714\ufe0f\ud83d\udfe1 \u274c Antes 70.00 \u20ac \ud83d\uded2: https:\/\/btz.es\/4Nz40Ju Descubre la comodidad y el estilo con las Shoes adidas, dise\u00f1adas para ofrecer un rendimiento excepcional en cada paso. Estas zapatillas combinan tecnolog\u00eda avanzada y materiales de alta calidad para proporcionar un calzado duradero y [&hellip;]<\/p>\n","protected":false},"featured_media":5910,"template":"","meta":{"_gspb_post_css":""},"store":[],"product_brand":[],"product_cat":[16],"product_tag":[],"class_list":{"0":"post-5911","1":"product","2":"type-product","3":"status-publish","4":"has-post-thumbnail","6":"product_cat-sin-categorizar","8":"first","9":"instock","10":"sale","11":"shipping-taxable","12":"product-type-external"},"jetpack_sharing_enabled":true,"_links":{"self":[{"href":"https:\/\/ofertacular.com\/index.php\/wp-json\/wp\/v2\/product\/5911","targetHints":{"allow":["GET"]}}],"collection":[{"href":"https:\/\/ofertacular.com\/index.php\/wp-json\/wp\/v2\/product"}],"about":[{"href":"https:\/\/ofertacular.com\/index.php\/wp-json\/wp\/v2\/types\/product"}],"wp:featuredmedia":[{"embeddable":true,"href":"https:\/\/ofertacular.com\/index.php\/wp-json\/wp\/v2\/media\/5910"}],"wp:attachment":[{"href":"https:\/\/ofertacular.com\/index.php\/wp-json\/wp\/v2\/media?parent=5911"}],"wp:term":[{"taxonomy":"store","embeddable":true,"href":"https:\/\/ofertacular.com\/index.php\/wp-json\/wp\/v2\/store?post=5911"},{"taxonomy":"product_brand","embeddable":true,"href":"https:\/\/ofertacular.com\/index.php\/wp-json\/wp\/v2\/product_brand?post=5911"},{"taxonomy":"product_cat","embeddable":true,"href":"https:\/\/ofertacular.com\/index.php\/wp-json\/wp\/v2\/product_cat?post=5911"},{"taxonomy":"product_tag","embeddable":true,"href":"https:\/\/ofertacular.com\/index.php\/wp-json\/wp\/v2\/product_tag?post=5911"}],"curies":[{"name":"wp","href":"https:\/\/api.w.org\/{rel}","templated":true}]}}