{"id":6040,"date":"2025-06-25T12:51:24","date_gmt":"2025-06-25T10:51:24","guid":{"rendered":"https:\/\/ofertacular.com\/index.php\/producto\/1005007476663607-2\/"},"modified":"2025-06-25T12:51:24","modified_gmt":"2025-06-25T10:51:24","slug":"1005007476663607-2","status":"publish","type":"product","link":"https:\/\/ofertacular.com\/index.php\/producto\/1005007476663607-2\/","title":{"rendered":"Adaptador CarPlay"},"content":{"rendered":"<div class=\"oferta-container\">\n<p>\ud83d\udfe5 <b>ES UN CHOLL\u00d3N<\/b> \ud83d\udfe5 #Publicidad #Amazon #<\/p>\n<p>\ud83d\udd34 <b>Adaptador CarPlay <\/b><\/p>\n<p>\u2705 <b>AHORA 8.29\u20ac \u20ac<\/b> \u2714\ufe0f\ud83d\udfe1<\/p>\n<p>\u274c Antes 24.47 \u20ac<\/p>\n<p>\ud83d\uded2: <a href=\"https:\/\/btz.es\/4PicDpi\" target=\"_blank\" rel=\"nofollow noopener\">https:\/\/btz.es\/4PicDpi<\/a><\/p>\n<p>Descubre el adaptador CarPlay, el dispositivo esencial para transformar tu experiencia de conducci\u00f3n integrando tu iPhone con el sistema multimedia de tu coche. Este adaptador permite un acceso r\u00e1pido y seguro a tus aplicaciones favoritas, como mapas, m\u00fasica, mensajes y llamadas, directamente desde la pantalla del veh\u00edculo. Compatible con la mayor\u00eda de los modelos modernos, su instalaci\u00f3n es sencilla y no requiere conocimientos t\u00e9cnicos avanzados. Aprovecha la navegaci\u00f3n GPS en tiempo real, el control por voz con Siri y la reproducci\u00f3n de audio de alta calidad para un viaje m\u00e1s c\u00f3modo y entretenido. Este adaptador CarPlay ofrece una conectividad estable y eficiente, manteniendo tu tel\u00e9fono cargado mientras conduces. Ideal para conductores que buscan modernizar su veh\u00edculo sin necesidad de cambiar el sistema original de entretenimiento. Mejora la seguridad al minimizar las distracciones y permite concentrarte en la carretera. Con un dise\u00f1o compacto y elegante, se integra perfectamente con el interior del coche sin ocupar espacio. \u00a1No esperes m\u00e1s para disfrutar de la tecnolog\u00eda CarPlay en tu coche y lleva tu conducci\u00f3n al siguiente nivel!<\/p>\n<\/p><\/div>\n","protected":false},"excerpt":{"rendered":"<p>\ud83d\udfe5 ES UN CHOLL\u00d3N \ud83d\udfe5 #Publicidad #Amazon # \ud83d\udd34 Adaptador CarPlay \u2705 AHORA 8.29\u20ac \u20ac \u2714\ufe0f\ud83d\udfe1 \u274c Antes 24.47 \u20ac \ud83d\uded2: https:\/\/btz.es\/4PicDpi Descubre el adaptador CarPlay, el dispositivo esencial para transformar tu experiencia de conducci\u00f3n integrando tu iPhone con el sistema multimedia de tu coche. Este adaptador permite un acceso r\u00e1pido y seguro a tus [&hellip;]<\/p>\n","protected":false},"featured_media":6039,"template":"","meta":{"_gspb_post_css":""},"store":[],"product_brand":[],"product_cat":[16],"product_tag":[],"class_list":{"0":"post-6040","1":"product","2":"type-product","3":"status-publish","4":"has-post-thumbnail","6":"product_cat-sin-categorizar","8":"first","9":"instock","10":"shipping-taxable","11":"product-type-external"},"jetpack_sharing_enabled":true,"_links":{"self":[{"href":"https:\/\/ofertacular.com\/index.php\/wp-json\/wp\/v2\/product\/6040","targetHints":{"allow":["GET"]}}],"collection":[{"href":"https:\/\/ofertacular.com\/index.php\/wp-json\/wp\/v2\/product"}],"about":[{"href":"https:\/\/ofertacular.com\/index.php\/wp-json\/wp\/v2\/types\/product"}],"wp:featuredmedia":[{"embeddable":true,"href":"https:\/\/ofertacular.com\/index.php\/wp-json\/wp\/v2\/media\/6039"}],"wp:attachment":[{"href":"https:\/\/ofertacular.com\/index.php\/wp-json\/wp\/v2\/media?parent=6040"}],"wp:term":[{"taxonomy":"store","embeddable":true,"href":"https:\/\/ofertacular.com\/index.php\/wp-json\/wp\/v2\/store?post=6040"},{"taxonomy":"product_brand","embeddable":true,"href":"https:\/\/ofertacular.com\/index.php\/wp-json\/wp\/v2\/product_brand?post=6040"},{"taxonomy":"product_cat","embeddable":true,"href":"https:\/\/ofertacular.com\/index.php\/wp-json\/wp\/v2\/product_cat?post=6040"},{"taxonomy":"product_tag","embeddable":true,"href":"https:\/\/ofertacular.com\/index.php\/wp-json\/wp\/v2\/product_tag?post=6040"}],"curies":[{"name":"wp","href":"https:\/\/api.w.org\/{rel}","templated":true}]}}