{"id":6262,"date":"2025-07-02T08:56:08","date_gmt":"2025-07-02T06:56:08","guid":{"rendered":"https:\/\/ofertacular.com\/index.php\/producto\/bergner-knives\/"},"modified":"2025-07-02T08:56:08","modified_gmt":"2025-07-02T06:56:08","slug":"bergner-knives","status":"publish","type":"product","link":"https:\/\/ofertacular.com\/index.php\/producto\/bergner-knives\/","title":{"rendered":"Bergner Knives"},"content":{"rendered":"<div class=\"oferta-container\">\n<p>\ud83d\udfe5 <b>CHOLLAZO<\/b> \ud83d\udfe5 #Publicidad #Amazon #16<\/p>\n<p>\ud83d\udd34 <b>Cuchillos Bergner <\/b><\/p>\n<p>\u2705 <b>AHORA 29.29 \u20ac<\/b> \u2714\ufe0f\ud83d\udfe1<\/p>\n<p>\u274c Antes 33.22 \u20ac<\/p>\n<p>\ud83d\uded2: <a href=\"https:\/\/btz.es\/4PMbfq1\" target=\"_blank\" rel=\"nofollow noopener\">https:\/\/btz.es\/4PMbfq1<\/a><\/p>\n<p>Descubre la excelencia culinaria con los cuchillos Bergner, dise\u00f1ados para chefs profesionales y entusiastas de la cocina que buscan precisi\u00f3n, durabilidad y estilo en cada corte. Los cuchillos Bergner combinan materiales de alta calidad con tecnolog\u00eda avanzada para ofrecer un rendimiento superior en la preparaci\u00f3n de alimentos. Fabricados con acero inoxidable de primera categor\u00eda, estos cuchillos resisten la corrosi\u00f3n y mantienen un filo afilado por m\u00e1s tiempo, facilitando cortes limpios y precisos. Su ergonom\u00eda est\u00e1 cuidadosamente considerada para proporcionar comodidad y seguridad durante su uso, minimizando la fatiga incluso en sesiones prolongadas en la cocina.<\/p>\n<p>Ya sea que necesites un cuchillo para filetear, picar, o cortar vegetales y carnes, la gama Bergner ofrece diversas opciones adaptadas a cada necesidad culinaria. Adem\u00e1s, su dise\u00f1o elegante y moderno aporta un toque profesional a tu cocina, convirti\u00e9ndolos en una herramienta tanto funcional como est\u00e9tica. Son compatibles con m\u00faltiples estilos de cocina, desde el uso dom\u00e9stico hasta la gastronom\u00eda profesional.<\/p>\n<p>Invertir en cuchillos Bergner significa garantizar una herramienta confiable que mejora la experiencia culinaria y potencia tus habilidades en la preparaci\u00f3n de platos. Gracias a su f\u00e1cil mantenimiento y limpieza, estos cuchillos son ideales para quienes valoran la higiene y la practicidad en la cocina. No esperes m\u00e1s para renovar tu colecci\u00f3n de utensilios con los cuchillos Bergner y disfrutar de cortes perfectos y un manejo excepcional en cada plato que prepares.<\/p>\n<\/p><\/div>\n","protected":false},"excerpt":{"rendered":"<p>\ud83d\udfe5 CHOLLAZO \ud83d\udfe5 #Publicidad #Amazon #16 \ud83d\udd34 Cuchillos Bergner \u2705 AHORA 29.29 \u20ac \u2714\ufe0f\ud83d\udfe1 \u274c Antes 33.22 \u20ac \ud83d\uded2: https:\/\/btz.es\/4PMbfq1 Descubre la excelencia culinaria con los cuchillos Bergner, dise\u00f1ados para chefs profesionales y entusiastas de la cocina que buscan precisi\u00f3n, durabilidad y estilo en cada corte. Los cuchillos Bergner combinan materiales de alta calidad con [&hellip;]<\/p>\n","protected":false},"featured_media":6261,"template":"","meta":{"_gspb_post_css":""},"store":[],"product_brand":[],"product_cat":[16],"product_tag":[],"class_list":{"0":"post-6262","1":"product","2":"type-product","3":"status-publish","4":"has-post-thumbnail","6":"product_cat-sin-categorizar","8":"first","9":"instock","10":"sale","11":"shipping-taxable","12":"product-type-external"},"jetpack_sharing_enabled":true,"_links":{"self":[{"href":"https:\/\/ofertacular.com\/index.php\/wp-json\/wp\/v2\/product\/6262","targetHints":{"allow":["GET"]}}],"collection":[{"href":"https:\/\/ofertacular.com\/index.php\/wp-json\/wp\/v2\/product"}],"about":[{"href":"https:\/\/ofertacular.com\/index.php\/wp-json\/wp\/v2\/types\/product"}],"wp:featuredmedia":[{"embeddable":true,"href":"https:\/\/ofertacular.com\/index.php\/wp-json\/wp\/v2\/media\/6261"}],"wp:attachment":[{"href":"https:\/\/ofertacular.com\/index.php\/wp-json\/wp\/v2\/media?parent=6262"}],"wp:term":[{"taxonomy":"store","embeddable":true,"href":"https:\/\/ofertacular.com\/index.php\/wp-json\/wp\/v2\/store?post=6262"},{"taxonomy":"product_brand","embeddable":true,"href":"https:\/\/ofertacular.com\/index.php\/wp-json\/wp\/v2\/product_brand?post=6262"},{"taxonomy":"product_cat","embeddable":true,"href":"https:\/\/ofertacular.com\/index.php\/wp-json\/wp\/v2\/product_cat?post=6262"},{"taxonomy":"product_tag","embeddable":true,"href":"https:\/\/ofertacular.com\/index.php\/wp-json\/wp\/v2\/product_tag?post=6262"}],"curies":[{"name":"wp","href":"https:\/\/api.w.org\/{rel}","templated":true}]}}