{"id":6346,"date":"2025-07-07T23:58:16","date_gmt":"2025-07-07T21:58:16","guid":{"rendered":"https:\/\/ofertacular.com\/index.php\/producto\/one-piece\/"},"modified":"2025-07-07T23:58:16","modified_gmt":"2025-07-07T21:58:16","slug":"one-piece","status":"publish","type":"product","link":"https:\/\/ofertacular.com\/index.php\/producto\/one-piece\/","title":{"rendered":"One Piece"},"content":{"rendered":"<div class=\"oferta-container\">\ud83d\udfea <b>FUNKO CHOLLO<\/b> \ud83d\udfea #Publicidad #Amazon<\/p>\n<p>\ud83d\udfe3 <b> Funko POP! Anime: One Piece Monkey D Luffy<\/b> <\/p>\n<p>\u2705 <b>AHORA 6.95 \u20ac<\/b> \u2714\ufe0f\ud83d\udfe1<br \/>\n\u274c Antes 16.00 \u20ac \u20ac <\/p>\n<p>\ud83d\uded2: https:\/\/btz.es\/4QsUPgh\ud83d\udfe2 <\/p>\n<p>Ofertacular.com<\/p>\n<p>Descubre el Funko POP! de One Piece, la figura de vinilo perfecta para los fans del anime y manga. Esta colecci\u00f3n exclusiva presenta a Monkey D Luffy en detalle, ideal para coleccionistas y entusiastas. Perfecta para exhibir en tu espacio favorito, esta figura combina calidad y autenticidad, siendo un imprescindible para los seguidores de la serie. Encuentra la mejor selecci\u00f3n de Funko POP! de One Piece y ampl\u00eda tu colecci\u00f3n con productos originales y licenciados.<\/p>\n<\/div>\n","protected":false},"excerpt":{"rendered":"<p>\ud83d\udfea FUNKO CHOLLO \ud83d\udfea #Publicidad #Amazon \ud83d\udfe3 Funko POP! Anime: One Piece Monkey D Luffy \u2705 AHORA 6.95 \u20ac \u2714\ufe0f\ud83d\udfe1 \u274c Antes 16.00 \u20ac \u20ac \ud83d\uded2: https:\/\/btz.es\/4QsUPgh\ud83d\udfe2 Ofertacular.com Descubre el Funko POP! de One Piece, la figura de vinilo perfecta para los fans del anime y manga. Esta colecci\u00f3n exclusiva presenta a Monkey D Luffy [&hellip;]<\/p>\n","protected":false},"featured_media":6345,"template":"","meta":{"_gspb_post_css":""},"store":[],"product_brand":[],"product_cat":[16],"product_tag":[],"class_list":{"0":"post-6346","1":"product","2":"type-product","3":"status-publish","4":"has-post-thumbnail","6":"product_cat-sin-categorizar","8":"first","9":"instock","10":"sale","11":"shipping-taxable","12":"product-type-external"},"jetpack_sharing_enabled":true,"_links":{"self":[{"href":"https:\/\/ofertacular.com\/index.php\/wp-json\/wp\/v2\/product\/6346","targetHints":{"allow":["GET"]}}],"collection":[{"href":"https:\/\/ofertacular.com\/index.php\/wp-json\/wp\/v2\/product"}],"about":[{"href":"https:\/\/ofertacular.com\/index.php\/wp-json\/wp\/v2\/types\/product"}],"wp:featuredmedia":[{"embeddable":true,"href":"https:\/\/ofertacular.com\/index.php\/wp-json\/wp\/v2\/media\/6345"}],"wp:attachment":[{"href":"https:\/\/ofertacular.com\/index.php\/wp-json\/wp\/v2\/media?parent=6346"}],"wp:term":[{"taxonomy":"store","embeddable":true,"href":"https:\/\/ofertacular.com\/index.php\/wp-json\/wp\/v2\/store?post=6346"},{"taxonomy":"product_brand","embeddable":true,"href":"https:\/\/ofertacular.com\/index.php\/wp-json\/wp\/v2\/product_brand?post=6346"},{"taxonomy":"product_cat","embeddable":true,"href":"https:\/\/ofertacular.com\/index.php\/wp-json\/wp\/v2\/product_cat?post=6346"},{"taxonomy":"product_tag","embeddable":true,"href":"https:\/\/ofertacular.com\/index.php\/wp-json\/wp\/v2\/product_tag?post=6346"}],"curies":[{"name":"wp","href":"https:\/\/api.w.org\/{rel}","templated":true}]}}