{"id":6410,"date":"2025-07-09T07:48:55","date_gmt":"2025-07-09T05:48:55","guid":{"rendered":"https:\/\/ofertacular.com\/index.php\/producto\/finish-powerball-3\/"},"modified":"2025-07-09T07:48:55","modified_gmt":"2025-07-09T05:48:55","slug":"finish-powerball-3","status":"publish","type":"product","link":"https:\/\/ofertacular.com\/index.php\/producto\/finish-powerball-3\/","title":{"rendered":"Finish Powerball"},"content":{"rendered":"<div class=\"oferta-container\">\n<p>\ud83d\udfe5 <b>CHOLLAZO<\/b> \ud83d\udfe5 #Publicidad #Amazon #16<\/p>\n<p>\ud83d\udd34 <b>Powerball Completa <\/b><\/p>\n<p>\u2705 <b>AHORA 3.92 \u20ac<\/b> \u2714\ufe0f\ud83d\udfe1<\/p>\n<p>\u274c Antes 4.53 \u20ac<\/p>\n<p>\ud83d\uded2: <a href=\"https:\/\/btz.es\/4Q0FPMR\" target=\"_blank\" rel=\"nofollow noopener\">https:\/\/btz.es\/4Q0FPMR<\/a><\/p>\n<p>Powerball es uno de los juegos de loter\u00eda m\u00e1s emocionantes y populares en varios estados de Estados Unidos. La mec\u00e1nica del juego consiste en elegir cinco n\u00fameros principales y un n\u00famero adicional llamado Powerball. Los sorteos se realizan dos veces por semana, y los premios pueden alcanzar sumas millonarias que cambian la vida de quienes aciertan todos los n\u00fameros. Para jugar Powerball, los participantes seleccionan cinco n\u00fameros del 1 al 69, y un n\u00famero Powerball del 1 al 26. Adem\u00e1s de los premios principales, existen premios secundarios por acertar algunos de los n\u00fameros, y para aumentar las probabilidades y los premios, se puede elegir la opci\u00f3n Power Play, que multiplica las ganancias no progresivas. La compra de boletos es sencilla y accesible, ya sea en tiendas f\u00edsicas autorizadas o mediante plataformas en l\u00ednea confiables. Powerball no solo ofrece la emoci\u00f3n de la loter\u00eda, sino tambi\u00e9n una oportunidad real de ganar grandes sumas de dinero con una inversi\u00f3n peque\u00f1a. Para maximizar las chances de ganar, es recomendable estudiar las estad\u00edsticas anteriores y participar de forma responsable. En resumen, Powerball es el juego ideal para quienes buscan combinar diversi\u00f3n con la posibilidad de obtener un premio espectacular y transformar su vida.<\/p>\n<\/p><\/div>\n","protected":false},"excerpt":{"rendered":"<p>\ud83d\udfe5 CHOLLAZO \ud83d\udfe5 #Publicidad #Amazon #16 \ud83d\udd34 Powerball Completa \u2705 AHORA 3.92 \u20ac \u2714\ufe0f\ud83d\udfe1 \u274c Antes 4.53 \u20ac \ud83d\uded2: https:\/\/btz.es\/4Q0FPMR Powerball es uno de los juegos de loter\u00eda m\u00e1s emocionantes y populares en varios estados de Estados Unidos. La mec\u00e1nica del juego consiste en elegir cinco n\u00fameros principales y un n\u00famero adicional llamado Powerball. Los [&hellip;]<\/p>\n","protected":false},"featured_media":6409,"template":"","meta":{"_gspb_post_css":""},"store":[],"product_brand":[],"product_cat":[16],"product_tag":[],"class_list":{"0":"post-6410","1":"product","2":"type-product","3":"status-publish","4":"has-post-thumbnail","6":"product_cat-sin-categorizar","8":"first","9":"instock","10":"sale","11":"shipping-taxable","12":"product-type-external"},"jetpack_sharing_enabled":true,"_links":{"self":[{"href":"https:\/\/ofertacular.com\/index.php\/wp-json\/wp\/v2\/product\/6410","targetHints":{"allow":["GET"]}}],"collection":[{"href":"https:\/\/ofertacular.com\/index.php\/wp-json\/wp\/v2\/product"}],"about":[{"href":"https:\/\/ofertacular.com\/index.php\/wp-json\/wp\/v2\/types\/product"}],"wp:featuredmedia":[{"embeddable":true,"href":"https:\/\/ofertacular.com\/index.php\/wp-json\/wp\/v2\/media\/6409"}],"wp:attachment":[{"href":"https:\/\/ofertacular.com\/index.php\/wp-json\/wp\/v2\/media?parent=6410"}],"wp:term":[{"taxonomy":"store","embeddable":true,"href":"https:\/\/ofertacular.com\/index.php\/wp-json\/wp\/v2\/store?post=6410"},{"taxonomy":"product_brand","embeddable":true,"href":"https:\/\/ofertacular.com\/index.php\/wp-json\/wp\/v2\/product_brand?post=6410"},{"taxonomy":"product_cat","embeddable":true,"href":"https:\/\/ofertacular.com\/index.php\/wp-json\/wp\/v2\/product_cat?post=6410"},{"taxonomy":"product_tag","embeddable":true,"href":"https:\/\/ofertacular.com\/index.php\/wp-json\/wp\/v2\/product_tag?post=6410"}],"curies":[{"name":"wp","href":"https:\/\/api.w.org\/{rel}","templated":true}]}}