{"id":6494,"date":"2025-07-11T08:26:07","date_gmt":"2025-07-11T06:26:07","guid":{"rendered":"https:\/\/ofertacular.com\/index.php\/producto\/fuze-tea\/"},"modified":"2025-07-11T08:26:07","modified_gmt":"2025-07-11T06:26:07","slug":"fuze-tea","status":"publish","type":"product","link":"https:\/\/ofertacular.com\/index.php\/producto\/fuze-tea\/","title":{"rendered":"Fuze Tea"},"content":{"rendered":"<div class=\"oferta-container\">\n<p>\ud83d\udfe5 <b>\u00a1S\u00d3LO HOY!<\/b> \ud83d\udfe5 #Publicidad #Amazon #16<\/p>\n<p>\ud83d\udd34 <b>T\u00e9 Fuze <\/b><\/p>\n<p>\u2705 <b>AHORA 8.94 \u20ac<\/b> \u2714\ufe0f\ud83d\udfe1<\/p>\n<p>\u274c Antes 11.94 \u20ac<\/p>\n<p>\ud83d\uded2: <a href=\"https:\/\/btz.es\/4QC6p5Q\" target=\"_blank\" rel=\"nofollow noopener\">https:\/\/btz.es\/4QC6p5Q<\/a><\/p>\n<p>Descubre el refrescante mundo del T\u00e9 Fuze, una bebida que combina tradici\u00f3n y modernidad para ofrecerte una experiencia \u00fanica en cada sorbo. Ideal para quienes buscan una alternativa saludable y llena de sabor, Fuze Tea es conocido por su mezcla perfecta de t\u00e9 natural con toques de frutas y hierbas que deleitan el paladar. Este t\u00e9 fr\u00edo es una opci\u00f3n excelente para hidratarse durante el d\u00eda, aportando frescura y energ\u00eda sin las calor\u00edas adicionales de otras bebidas azucaradas.<\/p>\n<p>Fuze Tea se presenta en varias variedades, desde sabores frutales como durazno, lim\u00f3n y frutos rojos hasta combinaciones m\u00e1s ex\u00f3ticas que incluyen infusiones de hierbas y especias. Cada botella est\u00e1 dise\u00f1ada para conservar la calidad y el sabor del t\u00e9, asegurando que cada vaso sea una experiencia refrescante y revitalizante.<\/p>\n<p>Adem\u00e1s, Fuze Tea es perfecto para acompa\u00f1ar tus momentos de relax, sesiones de trabajo o actividades al aire libre, gracias a su formato pr\u00e1ctico y f\u00e1cil de llevar. Su contenido equilibrado de cafe\u00edna ofrece un impulso suave que mejora la concentraci\u00f3n sin causar nerviosismo.<\/p>\n<p>Especialistas en nutrici\u00f3n recomiendan Fuze Tea como una opci\u00f3n para mantener una dieta equilibrada, ya que contiene antioxidantes naturales presentes en el t\u00e9 que ayudan a combatir el estr\u00e9s oxidativo y promueven el bienestar general.<\/p>\n<p>Si eres amante del t\u00e9 y quieres disfrutar de una bebida refrescante con beneficios adicionales para tu salud, no dudes en elegir Fuze Tea. Perfecto para cualquier ocasi\u00f3n, esta bebida ser\u00e1 tu mejor aliada para mantenerte hidratado y lleno de vitalidad.<\/p>\n<\/p><\/div>\n","protected":false},"excerpt":{"rendered":"<p>\ud83d\udfe5 \u00a1S\u00d3LO HOY! \ud83d\udfe5 #Publicidad #Amazon #16 \ud83d\udd34 T\u00e9 Fuze \u2705 AHORA 8.94 \u20ac \u2714\ufe0f\ud83d\udfe1 \u274c Antes 11.94 \u20ac \ud83d\uded2: https:\/\/btz.es\/4QC6p5Q Descubre el refrescante mundo del T\u00e9 Fuze, una bebida que combina tradici\u00f3n y modernidad para ofrecerte una experiencia \u00fanica en cada sorbo. Ideal para quienes buscan una alternativa saludable y llena de sabor, Fuze [&hellip;]<\/p>\n","protected":false},"featured_media":6493,"template":"","meta":{"_gspb_post_css":""},"store":[],"product_brand":[],"product_cat":[16],"product_tag":[],"class_list":{"0":"post-6494","1":"product","2":"type-product","3":"status-publish","4":"has-post-thumbnail","6":"product_cat-sin-categorizar","8":"first","9":"instock","10":"sale","11":"shipping-taxable","12":"product-type-external"},"jetpack_sharing_enabled":true,"_links":{"self":[{"href":"https:\/\/ofertacular.com\/index.php\/wp-json\/wp\/v2\/product\/6494","targetHints":{"allow":["GET"]}}],"collection":[{"href":"https:\/\/ofertacular.com\/index.php\/wp-json\/wp\/v2\/product"}],"about":[{"href":"https:\/\/ofertacular.com\/index.php\/wp-json\/wp\/v2\/types\/product"}],"wp:featuredmedia":[{"embeddable":true,"href":"https:\/\/ofertacular.com\/index.php\/wp-json\/wp\/v2\/media\/6493"}],"wp:attachment":[{"href":"https:\/\/ofertacular.com\/index.php\/wp-json\/wp\/v2\/media?parent=6494"}],"wp:term":[{"taxonomy":"store","embeddable":true,"href":"https:\/\/ofertacular.com\/index.php\/wp-json\/wp\/v2\/store?post=6494"},{"taxonomy":"product_brand","embeddable":true,"href":"https:\/\/ofertacular.com\/index.php\/wp-json\/wp\/v2\/product_brand?post=6494"},{"taxonomy":"product_cat","embeddable":true,"href":"https:\/\/ofertacular.com\/index.php\/wp-json\/wp\/v2\/product_cat?post=6494"},{"taxonomy":"product_tag","embeddable":true,"href":"https:\/\/ofertacular.com\/index.php\/wp-json\/wp\/v2\/product_tag?post=6494"}],"curies":[{"name":"wp","href":"https:\/\/api.w.org\/{rel}","templated":true}]}}