{"id":6547,"date":"2025-07-15T10:48:35","date_gmt":"2025-07-15T08:48:35","guid":{"rendered":"https:\/\/ofertacular.com\/index.php\/producto\/energizer-recharge\/"},"modified":"2025-07-15T10:48:35","modified_gmt":"2025-07-15T08:48:35","slug":"energizer-recharge","status":"publish","type":"product","link":"https:\/\/ofertacular.com\/index.php\/producto\/energizer-recharge\/","title":{"rendered":"Energizer Recharge"},"content":{"rendered":"<div class=\"oferta-container\">\n<p>\ud83d\udfe5 <b>INCRE\u00cdBLE<\/b> \ud83d\udfe5 #Publicidad #Amazon #16<\/p>\n<p>\ud83d\udd34 <b>Bater\u00edas Recargables <\/b><\/p>\n<p>\u2705 <b>AHORA 6.87 \u20ac<\/b> \u2714\ufe0f\ud83d\udfe1<\/p>\n<p>\u274c Antes 8.83 \u20ac<\/p>\n<p>\ud83d\uded2: <a href=\"https:\/\/btz.es\/4Ra4nTU\" target=\"_blank\" rel=\"nofollow noopener\">https:\/\/btz.es\/4Ra4nTU<\/a><\/p>\n<p>Las bater\u00edas recargables Energizer Recharge son la soluci\u00f3n perfecta para quienes buscan una fuente de energ\u00eda sostenible y duradera para sus dispositivos electr\u00f3nicos. Gracias a su tecnolog\u00eda avanzada, estas bater\u00edas ofrecen una alta capacidad de carga y una larga vida \u00fatil, lo que las convierte en una opci\u00f3n econ\u00f3mica y ecol\u00f3gica para el uso diario.<\/p>\n<p>Con estas bater\u00edas recargables, puedes disfrutar de un rendimiento fiable en una amplia variedad de dispositivos, desde controles remotos y c\u00e1maras digitales hasta juguetes y linternas. Su capacidad para soportar m\u00faltiples ciclos de carga y descarga garantiza que siempre tengas energ\u00eda disponible cuando la necesites.<\/p>\n<p>Adem\u00e1s, Energizer Recharge est\u00e1 dise\u00f1ada para ofrecer una baja autodescarga, lo que significa que mantienen su carga durante m\u00e1s tiempo cuando no est\u00e1n en uso, a diferencia de otras bater\u00edas recargables que pierden energ\u00eda r\u00e1pidamente. Esto las hace ideales para su almacenamiento y uso espor\u00e1dico.<\/p>\n<p>Otro aspecto importante de las bater\u00edas recargables Energizer Recharge es su sostenibilidad. Al elegir recargables en lugar de bater\u00edas desechables, contribuyes a reducir la cantidad de residuos electr\u00f3nicos y a proteger el medio ambiente. Estas bater\u00edas pueden recargarse cientos de veces, lo que disminuye significativamente la necesidad de producci\u00f3n y desecho de bater\u00edas nuevas.<\/p>\n<p>Para optimizar su rendimiento, es recomendable utilizarlas con un cargador compatible de Energizer, lo que asegura una carga segura y eficiente, prolongando la vida \u00fatil de las bater\u00edas. Adem\u00e1s, la marca Energizer es reconocida mundialmente por su calidad y fiabilidad, dando a los usuarios la confianza de estar usando un producto l\u00edder en el mercado.<\/p>\n<p>En resumen, las bater\u00edas recargables Energizer Recharge son una inversi\u00f3n inteligente para cualquiera que busque una fuente de energ\u00eda pr\u00e1ctica, econ\u00f3mica y responsable con el medio ambiente. Ya sea para uso dom\u00e9stico o profesional, estas bater\u00edas ofrecen un rendimiento excepcional y una duraci\u00f3n prolongada, garantizando que tus dispositivos funcionen siempre al m\u00e1ximo.<\/p>\n<\/p><\/div>\n","protected":false},"excerpt":{"rendered":"<p>\ud83d\udfe5 INCRE\u00cdBLE \ud83d\udfe5 #Publicidad #Amazon #16 \ud83d\udd34 Bater\u00edas Recargables \u2705 AHORA 6.87 \u20ac \u2714\ufe0f\ud83d\udfe1 \u274c Antes 8.83 \u20ac \ud83d\uded2: https:\/\/btz.es\/4Ra4nTU Las bater\u00edas recargables Energizer Recharge son la soluci\u00f3n perfecta para quienes buscan una fuente de energ\u00eda sostenible y duradera para sus dispositivos electr\u00f3nicos. Gracias a su tecnolog\u00eda avanzada, estas bater\u00edas ofrecen una alta capacidad de [&hellip;]<\/p>\n","protected":false},"featured_media":6546,"template":"","meta":{"_gspb_post_css":""},"store":[],"product_brand":[],"product_cat":[16],"product_tag":[],"class_list":{"0":"post-6547","1":"product","2":"type-product","3":"status-publish","4":"has-post-thumbnail","6":"product_cat-sin-categorizar","8":"first","9":"instock","10":"sale","11":"shipping-taxable","12":"product-type-external"},"jetpack_sharing_enabled":true,"_links":{"self":[{"href":"https:\/\/ofertacular.com\/index.php\/wp-json\/wp\/v2\/product\/6547","targetHints":{"allow":["GET"]}}],"collection":[{"href":"https:\/\/ofertacular.com\/index.php\/wp-json\/wp\/v2\/product"}],"about":[{"href":"https:\/\/ofertacular.com\/index.php\/wp-json\/wp\/v2\/types\/product"}],"wp:featuredmedia":[{"embeddable":true,"href":"https:\/\/ofertacular.com\/index.php\/wp-json\/wp\/v2\/media\/6546"}],"wp:attachment":[{"href":"https:\/\/ofertacular.com\/index.php\/wp-json\/wp\/v2\/media?parent=6547"}],"wp:term":[{"taxonomy":"store","embeddable":true,"href":"https:\/\/ofertacular.com\/index.php\/wp-json\/wp\/v2\/store?post=6547"},{"taxonomy":"product_brand","embeddable":true,"href":"https:\/\/ofertacular.com\/index.php\/wp-json\/wp\/v2\/product_brand?post=6547"},{"taxonomy":"product_cat","embeddable":true,"href":"https:\/\/ofertacular.com\/index.php\/wp-json\/wp\/v2\/product_cat?post=6547"},{"taxonomy":"product_tag","embeddable":true,"href":"https:\/\/ofertacular.com\/index.php\/wp-json\/wp\/v2\/product_tag?post=6547"}],"curies":[{"name":"wp","href":"https:\/\/api.w.org\/{rel}","templated":true}]}}