{"id":6609,"date":"2025-07-18T08:06:33","date_gmt":"2025-07-18T06:06:33","guid":{"rendered":"https:\/\/ofertacular.com\/index.php\/producto\/led-plafon-2\/"},"modified":"2025-07-18T08:06:33","modified_gmt":"2025-07-18T06:06:33","slug":"led-plafon-2","status":"publish","type":"product","link":"https:\/\/ofertacular.com\/index.php\/producto\/led-plafon-2\/","title":{"rendered":"LED Plafon"},"content":{"rendered":"<div class=\"oferta-container\">\n<p>\ud83d\udfe5 <b>\u00a1OFERTA ESPECIAL!<\/b> \ud83d\udfe5 #Publicidad #Amazon #16<\/p>\n<p>\ud83d\udd34 <b>Plaf\u00f3n LED <\/b><\/p>\n<p>\u2705 <b>AHORA 9.95 \u20ac<\/b> \u2714\ufe0f\ud83d\udfe1<\/p>\n<p>\u274c Antes 11.29 \u20ac<\/p>\n<p>\ud83d\uded2: <a href=\"https:\/\/btz.es\/4RrxaqD\" target=\"_blank\" rel=\"nofollow noopener\">https:\/\/btz.es\/4RrxaqD<\/a><\/p>\n<p>Descubre la perfecta iluminaci\u00f3n para cualquier espacio con nuestro Plaf\u00f3n LED, dise\u00f1ado para ofrecer una luz eficiente, uniforme y agradable que transforma tu ambiente. Este plaf\u00f3n LED es ideal para oficinas, hogares, habitaciones y cualquier lugar que necesite una iluminaci\u00f3n moderna y de bajo consumo energ\u00e9tico. Gracias a su tecnolog\u00eda avanzada, garantiza una larga vida \u00fatil y un ahorro significativo en electricidad, reduciendo as\u00ed el impacto ambiental y los costos de tu factura.<\/p>\n<p>El dise\u00f1o elegante y minimalista de este plaf\u00f3n LED permite que se integre a la perfecci\u00f3n en cualquier decoraci\u00f3n, aportando un toque de sofisticaci\u00f3n y modernidad. Su instalaci\u00f3n es sencilla y r\u00e1pida, adapt\u00e1ndose a diversos tipos de techos y espacios. Adem\u00e1s, la emisi\u00f3n de luz es homog\u00e9nea, lo que evita las sombras y proporciona un ambiente acogedor y confortable.<\/p>\n<p>Este producto ha sido fabricado con materiales de alta calidad que aseguran resistencia y durabilidad, siendo resistente a golpes y a la decoloraci\u00f3n con el tiempo. Adem\u00e1s, cuenta con certificaciones de seguridad y eficiencia energ\u00e9tica que garantizan su alto rendimiento y confiabilidad.<\/p>\n<p>Ideal para quienes buscan combinar funcionalidad con est\u00e9tica, el plaf\u00f3n LED es una soluci\u00f3n de iluminaci\u00f3n inteligente que mejora la visibilidad y el bienestar visual. Tambi\u00e9n contribuye a crear ambientes productivos y relajantes, gracias a su emisi\u00f3n de luz blanca c\u00e1lida o fr\u00eda, ajustable seg\u00fan las necesidades del momento.<\/p>\n<p>Palabras clave: plaf\u00f3n LED, iluminaci\u00f3n eficiente, bajo consumo, luz homog\u00e9nea, ahorro energ\u00e9tico, larga vida \u00fatil, dise\u00f1o moderno, f\u00e1cil instalaci\u00f3n, resistencia, certificaci\u00f3n energ\u00e9tica, luz blanca c\u00e1lida, luz fr\u00eda, ambiente confortable, iluminaci\u00f3n para oficinas, iluminaci\u00f3n para hogar, productos de iluminaci\u00f3n LED, soluciones de iluminaci\u00f3n inteligente.<\/p>\n<\/p><\/div>\n","protected":false},"excerpt":{"rendered":"<p>\ud83d\udfe5 \u00a1OFERTA ESPECIAL! \ud83d\udfe5 #Publicidad #Amazon #16 \ud83d\udd34 Plaf\u00f3n LED \u2705 AHORA 9.95 \u20ac \u2714\ufe0f\ud83d\udfe1 \u274c Antes 11.29 \u20ac \ud83d\uded2: https:\/\/btz.es\/4RrxaqD Descubre la perfecta iluminaci\u00f3n para cualquier espacio con nuestro Plaf\u00f3n LED, dise\u00f1ado para ofrecer una luz eficiente, uniforme y agradable que transforma tu ambiente. Este plaf\u00f3n LED es ideal para oficinas, hogares, habitaciones y [&hellip;]<\/p>\n","protected":false},"featured_media":6608,"template":"","meta":{"_gspb_post_css":""},"store":[],"product_brand":[],"product_cat":[16],"product_tag":[],"class_list":{"0":"post-6609","1":"product","2":"type-product","3":"status-publish","4":"has-post-thumbnail","6":"product_cat-sin-categorizar","8":"first","9":"instock","10":"sale","11":"shipping-taxable","12":"product-type-external"},"jetpack_sharing_enabled":true,"_links":{"self":[{"href":"https:\/\/ofertacular.com\/index.php\/wp-json\/wp\/v2\/product\/6609","targetHints":{"allow":["GET"]}}],"collection":[{"href":"https:\/\/ofertacular.com\/index.php\/wp-json\/wp\/v2\/product"}],"about":[{"href":"https:\/\/ofertacular.com\/index.php\/wp-json\/wp\/v2\/types\/product"}],"wp:featuredmedia":[{"embeddable":true,"href":"https:\/\/ofertacular.com\/index.php\/wp-json\/wp\/v2\/media\/6608"}],"wp:attachment":[{"href":"https:\/\/ofertacular.com\/index.php\/wp-json\/wp\/v2\/media?parent=6609"}],"wp:term":[{"taxonomy":"store","embeddable":true,"href":"https:\/\/ofertacular.com\/index.php\/wp-json\/wp\/v2\/store?post=6609"},{"taxonomy":"product_brand","embeddable":true,"href":"https:\/\/ofertacular.com\/index.php\/wp-json\/wp\/v2\/product_brand?post=6609"},{"taxonomy":"product_cat","embeddable":true,"href":"https:\/\/ofertacular.com\/index.php\/wp-json\/wp\/v2\/product_cat?post=6609"},{"taxonomy":"product_tag","embeddable":true,"href":"https:\/\/ofertacular.com\/index.php\/wp-json\/wp\/v2\/product_tag?post=6609"}],"curies":[{"name":"wp","href":"https:\/\/api.w.org\/{rel}","templated":true}]}}