{"id":6740,"date":"2025-07-26T09:02:14","date_gmt":"2025-07-26T07:02:14","guid":{"rendered":"https:\/\/ofertacular.com\/index.php\/producto\/levis-t-shirt\/"},"modified":"2025-07-26T09:02:14","modified_gmt":"2025-07-26T07:02:14","slug":"levis-t-shirt","status":"publish","type":"product","link":"https:\/\/ofertacular.com\/index.php\/producto\/levis-t-shirt\/","title":{"rendered":"Levi&#8217;s T-Shirt"},"content":{"rendered":"<div class=\"oferta-container\">\n<p>\ud83d\udfe5 <b>\u00a1OFERT\u00d3N!<\/b> \ud83d\udfe5 #Publicidad #Amazon #16<\/p>\n<p>\ud83d\udd34 <b>Camiseta Levi&#8217;s <\/b><\/p>\n<p>\u2705 <b>AHORA 12.5 \u20ac<\/b> \u2714\ufe0f\ud83d\udfe1<\/p>\n<p>\u274c Antes 25.00 \u20ac<\/p>\n<p>\ud83d\uded2: <a href=\"https:\/\/btz.es\/4ScxoaX\" target=\"_blank\" rel=\"nofollow noopener\">https:\/\/btz.es\/4ScxoaX<\/a><\/p>\n<p>La camiseta Levi&#8217;s es la prenda esencial para cualquier armario moderno. Esta camiseta, fabricada con algod\u00f3n de alta calidad, proporciona una comodidad inigualable y una durabilidad excepcional, perfecta para el uso diario. Su dise\u00f1o cl\u00e1sico y atemporal se adapta a cualquier estilo, desde casual hasta urbano, haciendo que sea una elecci\u00f3n vers\u00e1til para hombres y mujeres por igual. <\/p>\n<p>El logotipo ic\u00f3nico de Levi&#8217;s en el pecho resalta la autenticidad de la marca y a\u00f1ade un toque de estilo reconocible mundialmente. Disponible en varias tallas y colores, esta camiseta se puede combinar f\u00e1cilmente con jeans, pantalones cortos o chaquetas para crear un look completo y moderno.<\/p>\n<p>Adem\u00e1s de su apariencia atractiva, la camiseta Levi&#8217;s est\u00e1 dise\u00f1ada para ofrecer un ajuste c\u00f3modo que realza la figura sin sacrificar la libertad de movimiento. La confecci\u00f3n cuidada garantiza que mantenga su forma y color incluso despu\u00e9s de m\u00faltiples lavados, asegurando una larga vida \u00fatil.<\/p>\n<p>Entre las palabras clave m\u00e1s importantes se encuentran: camiseta Levi&#8217;s, camiseta algod\u00f3n, ropa casual Levi&#8217;s, camiseta unisex, moda urbana, prendas b\u00e1sicas, camiseta c\u00f3moda, moda sostenible Levi&#8217;s, y ropa de calidad para j\u00f3venes.<\/p>\n<p>Esta camiseta es ideal tanto para quienes buscan una pieza b\u00e1sica para el d\u00eda a d\u00eda como para los amantes de la moda que desean incorporar un elemento ic\u00f3nico a su vestuario. Si buscas una camiseta duradera, c\u00f3moda y con estilo aut\u00e9ntico, la camiseta Levi&#8217;s es la elecci\u00f3n perfecta. A\u00f1\u00e1dela a tu carrito y disfruta del estilo y calidad que solo Levi&#8217;s puede ofrecer.<\/p>\n<\/p><\/div>\n","protected":false},"excerpt":{"rendered":"<p>\ud83d\udfe5 \u00a1OFERT\u00d3N! \ud83d\udfe5 #Publicidad #Amazon #16 \ud83d\udd34 Camiseta Levi&#8217;s \u2705 AHORA 12.5 \u20ac \u2714\ufe0f\ud83d\udfe1 \u274c Antes 25.00 \u20ac \ud83d\uded2: https:\/\/btz.es\/4ScxoaX La camiseta Levi&#8217;s es la prenda esencial para cualquier armario moderno. Esta camiseta, fabricada con algod\u00f3n de alta calidad, proporciona una comodidad inigualable y una durabilidad excepcional, perfecta para el uso diario. Su dise\u00f1o cl\u00e1sico [&hellip;]<\/p>\n","protected":false},"featured_media":6739,"template":"","meta":{"_gspb_post_css":""},"store":[],"product_brand":[],"product_cat":[16],"product_tag":[],"class_list":{"0":"post-6740","1":"product","2":"type-product","3":"status-publish","4":"has-post-thumbnail","6":"product_cat-sin-categorizar","8":"first","9":"instock","10":"sale","11":"shipping-taxable","12":"product-type-external"},"jetpack_sharing_enabled":true,"_links":{"self":[{"href":"https:\/\/ofertacular.com\/index.php\/wp-json\/wp\/v2\/product\/6740","targetHints":{"allow":["GET"]}}],"collection":[{"href":"https:\/\/ofertacular.com\/index.php\/wp-json\/wp\/v2\/product"}],"about":[{"href":"https:\/\/ofertacular.com\/index.php\/wp-json\/wp\/v2\/types\/product"}],"wp:featuredmedia":[{"embeddable":true,"href":"https:\/\/ofertacular.com\/index.php\/wp-json\/wp\/v2\/media\/6739"}],"wp:attachment":[{"href":"https:\/\/ofertacular.com\/index.php\/wp-json\/wp\/v2\/media?parent=6740"}],"wp:term":[{"taxonomy":"store","embeddable":true,"href":"https:\/\/ofertacular.com\/index.php\/wp-json\/wp\/v2\/store?post=6740"},{"taxonomy":"product_brand","embeddable":true,"href":"https:\/\/ofertacular.com\/index.php\/wp-json\/wp\/v2\/product_brand?post=6740"},{"taxonomy":"product_cat","embeddable":true,"href":"https:\/\/ofertacular.com\/index.php\/wp-json\/wp\/v2\/product_cat?post=6740"},{"taxonomy":"product_tag","embeddable":true,"href":"https:\/\/ofertacular.com\/index.php\/wp-json\/wp\/v2\/product_tag?post=6740"}],"curies":[{"name":"wp","href":"https:\/\/api.w.org\/{rel}","templated":true}]}}