{"id":6810,"date":"2025-07-30T13:19:40","date_gmt":"2025-07-30T11:19:40","guid":{"rendered":"https:\/\/ofertacular.com\/index.php\/producto\/botella-agua\/"},"modified":"2025-07-30T13:19:40","modified_gmt":"2025-07-30T11:19:40","slug":"botella-agua","status":"publish","type":"product","link":"https:\/\/ofertacular.com\/index.php\/producto\/botella-agua\/","title":{"rendered":"Botella Agua"},"content":{"rendered":"<div class=\"oferta-container\">\n<p>\ud83d\udfe5 <b>GRAN OFERTA<\/b> \ud83d\udfe5 #Publicidad #Amazon #16<\/p>\n<p>\ud83d\udd34 <b>Botella Agua <\/b><\/p>\n<p>\u2705 <b>AHORA 9.68 \u20ac<\/b> \u2714\ufe0f\ud83d\udfe1<\/p>\n<p>\u274c Antes 11.39 \u20ac<\/p>\n<p>\ud83d\uded2: <a href=\"https:\/\/btz.es\/4S0OiID\" target=\"_blank\" rel=\"nofollow noopener\">https:\/\/btz.es\/4S0OiID<\/a><\/p>\n<p>Descubre la Botella de Agua perfecta para mantenerte hidratado durante todo el d\u00eda. Esta botella de agua est\u00e1 dise\u00f1ada para personas activas que buscan calidad, funcionalidad y estilo en un solo producto. Fabricada con materiales seguros y duraderos, es ideal para llevar al gimnasio, la oficina o tus aventuras al aire libre. Su dise\u00f1o ergon\u00f3mico facilita su transporte y uso, mientras que su capacidad permite satisfacer tus necesidades de hidrataci\u00f3n sin preocupaciones. Adem\u00e1s, su cierre herm\u00e9tico asegura que no haya fugas, manteniendo tu mochila y equipo secos en todo momento.<\/p>\n<p>La Botella de Agua es apta para todo tipo de bebidas, ya sean fr\u00edas o calientes, manteniendo la temperatura por horas gracias a su tecnolog\u00eda de aislamiento t\u00e9rmico. Es f\u00e1cil de limpiar y libre de BPA, garantizando que tu bebida se mantenga pura y sin sabores indeseados. Con un estilo moderno y disponible en varios colores, esta botella se adapta a tu personalidad y estilo de vida.<\/p>\n<p>No solo estar\u00e1s eligiendo un producto funcional, sino tambi\u00e9n un accesorio ecol\u00f3gico que contribuye a la reducci\u00f3n del uso de pl\u00e1sticos de un solo uso. Ideal para quienes buscan una vida saludable y sostenible, esta botella es un must-have para cualquier rutina diaria. Dale a tu cuerpo la hidrataci\u00f3n que necesita con esta botella vers\u00e1til y pr\u00e1ctica, \u00a1tu compa\u00f1era ideal para cada momento del d\u00eda!<\/p>\n<\/p><\/div>\n","protected":false},"excerpt":{"rendered":"<p>\ud83d\udfe5 GRAN OFERTA \ud83d\udfe5 #Publicidad #Amazon #16 \ud83d\udd34 Botella Agua \u2705 AHORA 9.68 \u20ac \u2714\ufe0f\ud83d\udfe1 \u274c Antes 11.39 \u20ac \ud83d\uded2: https:\/\/btz.es\/4S0OiID Descubre la Botella de Agua perfecta para mantenerte hidratado durante todo el d\u00eda. Esta botella de agua est\u00e1 dise\u00f1ada para personas activas que buscan calidad, funcionalidad y estilo en un solo producto. Fabricada con [&hellip;]<\/p>\n","protected":false},"featured_media":6809,"template":"","meta":{"_gspb_post_css":""},"store":[],"product_brand":[],"product_cat":[16],"product_tag":[],"class_list":{"0":"post-6810","1":"product","2":"type-product","3":"status-publish","4":"has-post-thumbnail","6":"product_cat-sin-categorizar","8":"first","9":"instock","10":"sale","11":"shipping-taxable","12":"product-type-external"},"jetpack_sharing_enabled":true,"_links":{"self":[{"href":"https:\/\/ofertacular.com\/index.php\/wp-json\/wp\/v2\/product\/6810","targetHints":{"allow":["GET"]}}],"collection":[{"href":"https:\/\/ofertacular.com\/index.php\/wp-json\/wp\/v2\/product"}],"about":[{"href":"https:\/\/ofertacular.com\/index.php\/wp-json\/wp\/v2\/types\/product"}],"wp:featuredmedia":[{"embeddable":true,"href":"https:\/\/ofertacular.com\/index.php\/wp-json\/wp\/v2\/media\/6809"}],"wp:attachment":[{"href":"https:\/\/ofertacular.com\/index.php\/wp-json\/wp\/v2\/media?parent=6810"}],"wp:term":[{"taxonomy":"store","embeddable":true,"href":"https:\/\/ofertacular.com\/index.php\/wp-json\/wp\/v2\/store?post=6810"},{"taxonomy":"product_brand","embeddable":true,"href":"https:\/\/ofertacular.com\/index.php\/wp-json\/wp\/v2\/product_brand?post=6810"},{"taxonomy":"product_cat","embeddable":true,"href":"https:\/\/ofertacular.com\/index.php\/wp-json\/wp\/v2\/product_cat?post=6810"},{"taxonomy":"product_tag","embeddable":true,"href":"https:\/\/ofertacular.com\/index.php\/wp-json\/wp\/v2\/product_tag?post=6810"}],"curies":[{"name":"wp","href":"https:\/\/api.w.org\/{rel}","templated":true}]}}