{"id":6900,"date":"2025-08-05T08:13:41","date_gmt":"2025-08-05T06:13:41","guid":{"rendered":"https:\/\/ofertacular.com\/index.php\/producto\/1005006850318848\/"},"modified":"2025-08-05T08:13:41","modified_gmt":"2025-08-05T06:13:41","slug":"1005006850318848","status":"publish","type":"product","link":"https:\/\/ofertacular.com\/index.php\/producto\/1005006850318848\/","title":{"rendered":"Bolsa Ecol\u00f3gica"},"content":{"rendered":"<div class=\"oferta-container\">\n<p>\ud83d\udfe5 <b>ES UN CHOLL\u00d3N<\/b> \ud83d\udfe5 #Publicidad #Amazon #<\/p>\n<p>\ud83d\udd34 <b>Bolsa Ecol\u00f3gica <\/b><\/p>\n<p>\u2705 <b>AHORA 3.49\u20ac \u20ac<\/b> \u2714\ufe0f\ud83d\udfe1<\/p>\n<p>\u274c Antes 8.62 \u20ac<\/p>\n<p>\ud83d\uded2: <a href=\"https:\/\/btz.es\/4SYEq14\" target=\"_blank\" rel=\"nofollow noopener\">https:\/\/btz.es\/4SYEq14<\/a><\/p>\n<p>Descubre la Bolsa Ecol\u00f3gica, perfecta para quienes buscan una opci\u00f3n sostenible y pr\u00e1ctica para llevar sus compras o pertenencias. Esta bolsa est\u00e1 fabricada con materiales ecol\u00f3gicos de alta calidad que garantizan durabilidad y resistencia, ideal para uso diario. Su dise\u00f1o compacto y ligero facilita su transporte, mientras que su amplio espacio interno permite organizar tus items de manera eficiente. La Bolsa Ecol\u00f3gica es reutilizable, lavable y completamente biodegradable, ayudando a reducir el uso de bolsas pl\u00e1sticas y contribuyendo al cuidado del medio ambiente.<\/p>\n<\/p><\/div>\n","protected":false},"excerpt":{"rendered":"<p>\ud83d\udfe5 ES UN CHOLL\u00d3N \ud83d\udfe5 #Publicidad #Amazon # \ud83d\udd34 Bolsa Ecol\u00f3gica \u2705 AHORA 3.49\u20ac \u20ac \u2714\ufe0f\ud83d\udfe1 \u274c Antes 8.62 \u20ac \ud83d\uded2: https:\/\/btz.es\/4SYEq14 Descubre la Bolsa Ecol\u00f3gica, perfecta para quienes buscan una opci\u00f3n sostenible y pr\u00e1ctica para llevar sus compras o pertenencias. Esta bolsa est\u00e1 fabricada con materiales ecol\u00f3gicos de alta calidad que garantizan durabilidad y [&hellip;]<\/p>\n","protected":false},"featured_media":6899,"template":"","meta":{"_gspb_post_css":""},"store":[],"product_brand":[],"product_cat":[16],"product_tag":[],"class_list":{"0":"post-6900","1":"product","2":"type-product","3":"status-publish","4":"has-post-thumbnail","6":"product_cat-sin-categorizar","8":"first","9":"instock","10":"shipping-taxable","11":"product-type-external"},"jetpack_sharing_enabled":true,"_links":{"self":[{"href":"https:\/\/ofertacular.com\/index.php\/wp-json\/wp\/v2\/product\/6900","targetHints":{"allow":["GET"]}}],"collection":[{"href":"https:\/\/ofertacular.com\/index.php\/wp-json\/wp\/v2\/product"}],"about":[{"href":"https:\/\/ofertacular.com\/index.php\/wp-json\/wp\/v2\/types\/product"}],"wp:featuredmedia":[{"embeddable":true,"href":"https:\/\/ofertacular.com\/index.php\/wp-json\/wp\/v2\/media\/6899"}],"wp:attachment":[{"href":"https:\/\/ofertacular.com\/index.php\/wp-json\/wp\/v2\/media?parent=6900"}],"wp:term":[{"taxonomy":"store","embeddable":true,"href":"https:\/\/ofertacular.com\/index.php\/wp-json\/wp\/v2\/store?post=6900"},{"taxonomy":"product_brand","embeddable":true,"href":"https:\/\/ofertacular.com\/index.php\/wp-json\/wp\/v2\/product_brand?post=6900"},{"taxonomy":"product_cat","embeddable":true,"href":"https:\/\/ofertacular.com\/index.php\/wp-json\/wp\/v2\/product_cat?post=6900"},{"taxonomy":"product_tag","embeddable":true,"href":"https:\/\/ofertacular.com\/index.php\/wp-json\/wp\/v2\/product_tag?post=6900"}],"curies":[{"name":"wp","href":"https:\/\/api.w.org\/{rel}","templated":true}]}}