{"id":6940,"date":"2025-08-05T11:47:02","date_gmt":"2025-08-05T09:47:02","guid":{"rendered":"https:\/\/ofertacular.com\/index.php\/producto\/1005007885236671-2\/"},"modified":"2025-08-05T11:47:02","modified_gmt":"2025-08-05T09:47:02","slug":"1005007885236671-2","status":"publish","type":"product","link":"https:\/\/ofertacular.com\/index.php\/producto\/1005007885236671-2\/","title":{"rendered":"Auriculares Inal\u00e1mbricos"},"content":{"rendered":"<div class=\"oferta-container\">\n<p>\ud83d\udfe5 <b>\u00a1NO TE LA PIERDAS!<\/b> \ud83d\udfe5 #Publicidad #Amazon #<\/p>\n<p>\ud83d\udd34 <b>Auriculares inal\u00e1mbricos <\/b><\/p>\n<p>\u2705 <b>AHORA 3.69\u20ac \u20ac<\/b> \u2714\ufe0f\ud83d\udfe1<\/p>\n<p>\u274c Antes 9.11 \u20ac<\/p>\n<p>\ud83d\uded2: <a href=\"https:\/\/btz.es\/4SZ5Y5m\" target=\"_blank\" rel=\"nofollow noopener\">https:\/\/btz.es\/4SZ5Y5m<\/a><\/p>\n<p>Descubre la libertad y calidad de sonido con nuestros auriculares inal\u00e1mbricos de \u00faltima generaci\u00f3n. Dise\u00f1ados para ofrecer una experiencia auditiva superior, estos auriculares combinan comodidad, estilo y tecnolog\u00eda avanzada para que disfrutes de tu m\u00fasica, podcasts y llamadas con total claridad y sin cables que te limiten. Con conectividad Bluetooth de alta velocidad, bater\u00eda de larga duraci\u00f3n y un dise\u00f1o ergon\u00f3mico, son ideales para uso diario, deportes o viajes. Su compatibilidad con m\u00faltiples dispositivos y controles t\u00e1ctiles intuitivos facilitan su uso en cualquier situaci\u00f3n. Adem\u00e1s, cuentan con cancelaci\u00f3n activa de ruido para sumergirte completamente en tu m\u00fasica, incluso en entornos ruidosos. El dise\u00f1o ligero y ajustable garantiza confort durante horas, mientras que su estuche de carga port\u00e1til asegura autonom\u00eda continua. Perfectos para amantes de la tecnolog\u00eda y la m\u00fasica, estos auriculares inal\u00e1mbricos representan la combinaci\u00f3n perfecta entre innovaci\u00f3n, practicidad y estilo. Aprovecha esta oportunidad para mejorar tu experiencia auditiva con un producto de alta calidad y rendimiento \u00f3ptimo, respaldado por garant\u00eda y soporte t\u00e9cnico profesional.<\/p>\n<\/p><\/div>\n","protected":false},"excerpt":{"rendered":"<p>\ud83d\udfe5 \u00a1NO TE LA PIERDAS! \ud83d\udfe5 #Publicidad #Amazon # \ud83d\udd34 Auriculares inal\u00e1mbricos \u2705 AHORA 3.69\u20ac \u20ac \u2714\ufe0f\ud83d\udfe1 \u274c Antes 9.11 \u20ac \ud83d\uded2: https:\/\/btz.es\/4SZ5Y5m Descubre la libertad y calidad de sonido con nuestros auriculares inal\u00e1mbricos de \u00faltima generaci\u00f3n. Dise\u00f1ados para ofrecer una experiencia auditiva superior, estos auriculares combinan comodidad, estilo y tecnolog\u00eda avanzada para que disfrutes [&hellip;]<\/p>\n","protected":false},"featured_media":6939,"template":"","meta":{"_gspb_post_css":""},"store":[],"product_brand":[],"product_cat":[16],"product_tag":[],"class_list":{"0":"post-6940","1":"product","2":"type-product","3":"status-publish","4":"has-post-thumbnail","6":"product_cat-sin-categorizar","8":"first","9":"instock","10":"shipping-taxable","11":"product-type-external"},"jetpack_sharing_enabled":true,"_links":{"self":[{"href":"https:\/\/ofertacular.com\/index.php\/wp-json\/wp\/v2\/product\/6940","targetHints":{"allow":["GET"]}}],"collection":[{"href":"https:\/\/ofertacular.com\/index.php\/wp-json\/wp\/v2\/product"}],"about":[{"href":"https:\/\/ofertacular.com\/index.php\/wp-json\/wp\/v2\/types\/product"}],"wp:featuredmedia":[{"embeddable":true,"href":"https:\/\/ofertacular.com\/index.php\/wp-json\/wp\/v2\/media\/6939"}],"wp:attachment":[{"href":"https:\/\/ofertacular.com\/index.php\/wp-json\/wp\/v2\/media?parent=6940"}],"wp:term":[{"taxonomy":"store","embeddable":true,"href":"https:\/\/ofertacular.com\/index.php\/wp-json\/wp\/v2\/store?post=6940"},{"taxonomy":"product_brand","embeddable":true,"href":"https:\/\/ofertacular.com\/index.php\/wp-json\/wp\/v2\/product_brand?post=6940"},{"taxonomy":"product_cat","embeddable":true,"href":"https:\/\/ofertacular.com\/index.php\/wp-json\/wp\/v2\/product_cat?post=6940"},{"taxonomy":"product_tag","embeddable":true,"href":"https:\/\/ofertacular.com\/index.php\/wp-json\/wp\/v2\/product_tag?post=6940"}],"curies":[{"name":"wp","href":"https:\/\/api.w.org\/{rel}","templated":true}]}}