{"id":6956,"date":"2025-08-06T10:02:58","date_gmt":"2025-08-06T08:02:58","guid":{"rendered":"https:\/\/ofertacular.com\/index.php\/producto\/1005007294796796\/"},"modified":"2025-08-06T10:02:58","modified_gmt":"2025-08-06T08:02:58","slug":"1005007294796796","status":"publish","type":"product","link":"https:\/\/ofertacular.com\/index.php\/producto\/1005007294796796\/","title":{"rendered":"Bridas Nylon"},"content":{"rendered":"<div class=\"oferta-container\">\n<p>\ud83d\udfe5 <b>CHOLLAZO<\/b> \ud83d\udfe5 #Publicidad #Amazon #<\/p>\n<p>\ud83d\udd34 <b>Bridas Nylon <\/b><\/p>\n<p>\u2705 <b>AHORA 1.41\u20ac \u20ac<\/b> \u2714\ufe0f\ud83d\udfe1<\/p>\n<p>\u274c Antes 3.03 \u20ac<\/p>\n<p>\ud83d\uded2: <a href=\"https:\/\/btz.es\/4TeWs4E\" target=\"_blank\" rel=\"nofollow noopener\">https:\/\/btz.es\/4TeWs4E<\/a><\/p>\n<p>Las bridas de nylon son el accesorio perfecto para organizar, sujetar y asegurar cables, tubos y otros objetos en una gran variedad de aplicaciones, tanto industriales como dom\u00e9sticas. Fabricadas con material de alta calidad, estas bridas destacan por su resistencia, durabilidad y flexibilidad. Son ideales para uso en entornos el\u00e9ctricos, electr\u00f3nicos, de construcci\u00f3n y bricolaje, proporcionando una soluci\u00f3n r\u00e1pida y eficaz para mantener el orden y la seguridad.<\/p>\n<p>Nuestras bridas de nylon ofrecen un cierre fuerte y confiable que garantiza que los objetos se mantengan firmemente sujetos. Adem\u00e1s, su dise\u00f1o facilita una instalaci\u00f3n sencilla y r\u00e1pida, permitiendo ahorrar tiempo y esfuerzo. Disponibles en diferentes tama\u00f1os y colores, estas bridas se adaptan a diversas necesidades y preferencias.<\/p>\n<p>Perfectas para profesionales y aficionados al bricolaje, nuestras bridas de nylon son una herramienta indispensable en cualquier caja de herramientas. Son resistentes a la corrosi\u00f3n, a la exposici\u00f3n a rayos UV y a cambios de temperatura, lo que las hace aptas para uso en exteriores e interiores.<\/p>\n<p>Optimiza tus proyectos con estas bridas de nylon de alta calidad, asegurando que tus cables y componentes queden organizados y protegidos. Conf\u00eda en nuestra selecci\u00f3n para garantizar resultados duraderos y profesionales en cada aplicaci\u00f3n.<\/p>\n<\/p><\/div>\n","protected":false},"excerpt":{"rendered":"<p>\ud83d\udfe5 CHOLLAZO \ud83d\udfe5 #Publicidad #Amazon # \ud83d\udd34 Bridas Nylon \u2705 AHORA 1.41\u20ac \u20ac \u2714\ufe0f\ud83d\udfe1 \u274c Antes 3.03 \u20ac \ud83d\uded2: https:\/\/btz.es\/4TeWs4E Las bridas de nylon son el accesorio perfecto para organizar, sujetar y asegurar cables, tubos y otros objetos en una gran variedad de aplicaciones, tanto industriales como dom\u00e9sticas. Fabricadas con material de alta calidad, estas [&hellip;]<\/p>\n","protected":false},"featured_media":6955,"template":"","meta":{"_gspb_post_css":""},"store":[],"product_brand":[],"product_cat":[16],"product_tag":[],"class_list":{"0":"post-6956","1":"product","2":"type-product","3":"status-publish","4":"has-post-thumbnail","6":"product_cat-sin-categorizar","8":"first","9":"instock","10":"shipping-taxable","11":"product-type-external"},"jetpack_sharing_enabled":true,"_links":{"self":[{"href":"https:\/\/ofertacular.com\/index.php\/wp-json\/wp\/v2\/product\/6956","targetHints":{"allow":["GET"]}}],"collection":[{"href":"https:\/\/ofertacular.com\/index.php\/wp-json\/wp\/v2\/product"}],"about":[{"href":"https:\/\/ofertacular.com\/index.php\/wp-json\/wp\/v2\/types\/product"}],"wp:featuredmedia":[{"embeddable":true,"href":"https:\/\/ofertacular.com\/index.php\/wp-json\/wp\/v2\/media\/6955"}],"wp:attachment":[{"href":"https:\/\/ofertacular.com\/index.php\/wp-json\/wp\/v2\/media?parent=6956"}],"wp:term":[{"taxonomy":"store","embeddable":true,"href":"https:\/\/ofertacular.com\/index.php\/wp-json\/wp\/v2\/store?post=6956"},{"taxonomy":"product_brand","embeddable":true,"href":"https:\/\/ofertacular.com\/index.php\/wp-json\/wp\/v2\/product_brand?post=6956"},{"taxonomy":"product_cat","embeddable":true,"href":"https:\/\/ofertacular.com\/index.php\/wp-json\/wp\/v2\/product_cat?post=6956"},{"taxonomy":"product_tag","embeddable":true,"href":"https:\/\/ofertacular.com\/index.php\/wp-json\/wp\/v2\/product_tag?post=6956"}],"curies":[{"name":"wp","href":"https:\/\/api.w.org\/{rel}","templated":true}]}}