{"id":6994,"date":"2025-08-07T09:14:44","date_gmt":"2025-08-07T07:14:44","guid":{"rendered":"https:\/\/ofertacular.com\/index.php\/producto\/adidas-training-4\/"},"modified":"2025-08-07T09:14:44","modified_gmt":"2025-08-07T07:14:44","slug":"adidas-training-4","status":"publish","type":"product","link":"https:\/\/ofertacular.com\/index.php\/producto\/adidas-training-4\/","title":{"rendered":"adidas Training"},"content":{"rendered":"<div class=\"oferta-container\">\n<p>\ud83d\udfe5 <b>\u00a1OFERTA ESPECIAL!<\/b> \ud83d\udfe5 #Publicidad #Amazon #16<\/p>\n<p>\ud83d\udd34 <b>Training Adidas <\/b><\/p>\n<p>\u2705 <b>AHORA 12.99 \u20ac<\/b> \u2714\ufe0f\ud83d\udfe1<\/p>\n<p>\u274c Antes 23.00 \u20ac<\/p>\n<p>\ud83d\uded2: <a href=\"https:\/\/btz.es\/4TkAGsq\" target=\"_blank\" rel=\"nofollow noopener\">https:\/\/btz.es\/4TkAGsq<\/a><\/p>\n<p>Las botas de f\u00fatbol adidas Training son el calzado perfecto para aquellos deportistas que buscan rendimiento, comodidad y estilo en un solo producto. Dise\u00f1adas con la innovadora tecnolog\u00eda de adidas, estas botas ofrecen un ajuste perfecto que se adapta al pie, proporcionando soporte y estabilidad en cada movimiento. Construidas con materiales de alta calidad, garantizan durabilidad y resistencia al desgaste, incluso en los entrenamientos m\u00e1s exigentes.<\/p>\n<p>Estas botas destacan por su suela especialmente dise\u00f1ada para ofrecer un m\u00e1ximo agarre en diferentes superficies, lo que mejora el rendimiento en el campo y reduce el riesgo de lesiones. La combinaci\u00f3n de ligereza y firmeza permite una movilidad \u00f3ptima y un control preciso del bal\u00f3n.<\/p>\n<p>Su dise\u00f1o moderno y atractivo no solo est\u00e1 pensado para el rendimiento, sino tambi\u00e9n para quienes valoran el estilo. Con detalles que reflejan la identidad de adidas, estas botas son ideales para quienes desean destacar tanto dentro como fuera del terreno de juego.<\/p>\n<p>Adem\u00e1s, las adidas Training cuentan con una amortiguaci\u00f3n que absorbe impactos, proporcionando comodidad durante largas sesiones de entrenamiento. Su transpirabilidad asegura una ventilaci\u00f3n constante, manteniendo los pies frescos y secos.<\/p>\n<p>Si buscas un calzado deportivo que combine funcionalidad, tecnolog\u00eda avanzada y dise\u00f1o excepcional, las botas adidas Training son una elecci\u00f3n acertada. Perfectas para entrenamientos, partidos o uso diario, estas botas son la mejor inversi\u00f3n para deportistas que buscan lo mejor en calidad y rendimiento.<\/p>\n<\/p><\/div>\n","protected":false},"excerpt":{"rendered":"<p>\ud83d\udfe5 \u00a1OFERTA ESPECIAL! \ud83d\udfe5 #Publicidad #Amazon #16 \ud83d\udd34 Training Adidas \u2705 AHORA 12.99 \u20ac \u2714\ufe0f\ud83d\udfe1 \u274c Antes 23.00 \u20ac \ud83d\uded2: https:\/\/btz.es\/4TkAGsq Las botas de f\u00fatbol adidas Training son el calzado perfecto para aquellos deportistas que buscan rendimiento, comodidad y estilo en un solo producto. Dise\u00f1adas con la innovadora tecnolog\u00eda de adidas, estas botas ofrecen un [&hellip;]<\/p>\n","protected":false},"featured_media":6993,"template":"","meta":{"_gspb_post_css":""},"store":[],"product_brand":[],"product_cat":[16],"product_tag":[],"class_list":{"0":"post-6994","1":"product","2":"type-product","3":"status-publish","4":"has-post-thumbnail","6":"product_cat-sin-categorizar","8":"first","9":"instock","10":"sale","11":"shipping-taxable","12":"product-type-external"},"jetpack_sharing_enabled":true,"_links":{"self":[{"href":"https:\/\/ofertacular.com\/index.php\/wp-json\/wp\/v2\/product\/6994","targetHints":{"allow":["GET"]}}],"collection":[{"href":"https:\/\/ofertacular.com\/index.php\/wp-json\/wp\/v2\/product"}],"about":[{"href":"https:\/\/ofertacular.com\/index.php\/wp-json\/wp\/v2\/types\/product"}],"wp:featuredmedia":[{"embeddable":true,"href":"https:\/\/ofertacular.com\/index.php\/wp-json\/wp\/v2\/media\/6993"}],"wp:attachment":[{"href":"https:\/\/ofertacular.com\/index.php\/wp-json\/wp\/v2\/media?parent=6994"}],"wp:term":[{"taxonomy":"store","embeddable":true,"href":"https:\/\/ofertacular.com\/index.php\/wp-json\/wp\/v2\/store?post=6994"},{"taxonomy":"product_brand","embeddable":true,"href":"https:\/\/ofertacular.com\/index.php\/wp-json\/wp\/v2\/product_brand?post=6994"},{"taxonomy":"product_cat","embeddable":true,"href":"https:\/\/ofertacular.com\/index.php\/wp-json\/wp\/v2\/product_cat?post=6994"},{"taxonomy":"product_tag","embeddable":true,"href":"https:\/\/ofertacular.com\/index.php\/wp-json\/wp\/v2\/product_tag?post=6994"}],"curies":[{"name":"wp","href":"https:\/\/api.w.org\/{rel}","templated":true}]}}