{"id":7027,"date":"2025-08-08T07:49:40","date_gmt":"2025-08-08T05:49:40","guid":{"rendered":"https:\/\/ofertacular.com\/index.php\/producto\/1005009571061763\/"},"modified":"2025-08-08T07:49:40","modified_gmt":"2025-08-08T05:49:40","slug":"1005009571061763","status":"publish","type":"product","link":"https:\/\/ofertacular.com\/index.php\/producto\/1005009571061763\/","title":{"rendered":"Aspirador Multifuncional"},"content":{"rendered":"<div class=\"oferta-container\">\n<p>\ud83d\udfe5 <b>\u00a1NO TE LA PIERDAS!<\/b> \ud83d\udfe5 #Publicidad #Amazon #<\/p>\n<p>\ud83d\udd34 <b>Aspirador Multifuncional <\/b><\/p>\n<p>\u2705 <b>AHORA 21.79\u20ac \u20ac<\/b> \u2714\ufe0f\ud83d\udfe1<\/p>\n<p>\u274c Antes 69.38 \u20ac<\/p>\n<p>\ud83d\uded2: <a href=\"https:\/\/btz.es\/4TqfNzO\" target=\"_blank\" rel=\"nofollow noopener\">https:\/\/btz.es\/4TqfNzO<\/a><\/p>\n<p>Descubre la potencia y versatilidad del Aspirador Multifuncional, dise\u00f1ado para ofrecer una limpieza profunda y eficiente en todo tipo de superficies. Este aspirador cuenta con m\u00faltiples accesorios que facilitan la limpieza de rincones, muebles y suelos, garantizando un ambiente impecable en tu hogar u oficina. Su motor de alta eficiencia proporciona una succi\u00f3n potente, capaz de eliminar polvo, suciedad y part\u00edculas peque\u00f1as con facilidad. Ideal para hogares con mascotas, ya que elimina pelo y al\u00e9rgenos, mejorando la calidad del aire. Adem\u00e1s, su dise\u00f1o ergon\u00f3mico y ligero permite un manejo c\u00f3modo, evitando el cansancio durante la limpieza. Incorpora un sistema de filtraci\u00f3n avanzado que retiene al\u00e9rgenos y micropart\u00edculas, siendo una excelente opci\u00f3n para personas con alergias o sensibilidad respiratoria. Su dep\u00f3sito de f\u00e1cil vaciado y mantenimiento r\u00e1pido convierten este aspirador en una herramienta pr\u00e1ctica y funcional. Compatible con distintos tipos de suelo, desde alfombras hasta suelos duros, es el aliado perfecto para cualquier tarea de limpieza. No pierdas la oportunidad de revolucionar la forma en que mantienes tu espacio limpio con este aspirador multifuncional de \u00faltima generaci\u00f3n.<\/p>\n<\/p><\/div>\n","protected":false},"excerpt":{"rendered":"<p>\ud83d\udfe5 \u00a1NO TE LA PIERDAS! \ud83d\udfe5 #Publicidad #Amazon # \ud83d\udd34 Aspirador Multifuncional \u2705 AHORA 21.79\u20ac \u20ac \u2714\ufe0f\ud83d\udfe1 \u274c Antes 69.38 \u20ac \ud83d\uded2: https:\/\/btz.es\/4TqfNzO Descubre la potencia y versatilidad del Aspirador Multifuncional, dise\u00f1ado para ofrecer una limpieza profunda y eficiente en todo tipo de superficies. Este aspirador cuenta con m\u00faltiples accesorios que facilitan la limpieza de [&hellip;]<\/p>\n","protected":false},"featured_media":7026,"template":"","meta":{"_gspb_post_css":""},"store":[],"product_brand":[],"product_cat":[16],"product_tag":[],"class_list":{"0":"post-7027","1":"product","2":"type-product","3":"status-publish","4":"has-post-thumbnail","6":"product_cat-sin-categorizar","8":"first","9":"instock","10":"shipping-taxable","11":"product-type-external"},"jetpack_sharing_enabled":true,"_links":{"self":[{"href":"https:\/\/ofertacular.com\/index.php\/wp-json\/wp\/v2\/product\/7027","targetHints":{"allow":["GET"]}}],"collection":[{"href":"https:\/\/ofertacular.com\/index.php\/wp-json\/wp\/v2\/product"}],"about":[{"href":"https:\/\/ofertacular.com\/index.php\/wp-json\/wp\/v2\/types\/product"}],"wp:featuredmedia":[{"embeddable":true,"href":"https:\/\/ofertacular.com\/index.php\/wp-json\/wp\/v2\/media\/7026"}],"wp:attachment":[{"href":"https:\/\/ofertacular.com\/index.php\/wp-json\/wp\/v2\/media?parent=7027"}],"wp:term":[{"taxonomy":"store","embeddable":true,"href":"https:\/\/ofertacular.com\/index.php\/wp-json\/wp\/v2\/store?post=7027"},{"taxonomy":"product_brand","embeddable":true,"href":"https:\/\/ofertacular.com\/index.php\/wp-json\/wp\/v2\/product_brand?post=7027"},{"taxonomy":"product_cat","embeddable":true,"href":"https:\/\/ofertacular.com\/index.php\/wp-json\/wp\/v2\/product_cat?post=7027"},{"taxonomy":"product_tag","embeddable":true,"href":"https:\/\/ofertacular.com\/index.php\/wp-json\/wp\/v2\/product_tag?post=7027"}],"curies":[{"name":"wp","href":"https:\/\/api.w.org\/{rel}","templated":true}]}}