{"id":7037,"date":"2025-08-08T08:07:44","date_gmt":"2025-08-08T06:07:44","guid":{"rendered":"https:\/\/ofertacular.com\/index.php\/producto\/1005007024290689\/"},"modified":"2025-08-08T08:07:44","modified_gmt":"2025-08-08T06:07:44","slug":"1005007024290689","status":"publish","type":"product","link":"https:\/\/ofertacular.com\/index.php\/producto\/1005007024290689\/","title":{"rendered":"Monitor Presi\u00f3n"},"content":{"rendered":"<div class=\"oferta-container\">\n<p>\ud83d\udfe5 <b>EXCLUSIVO<\/b> \ud83d\udfe5 #Publicidad #Amazon #<\/p>\n<p>\ud83d\udd34 <b>Monitor presi\u00f3n <\/b><\/p>\n<p>\u2705 <b>AHORA 7.59\u20ac \u20ac<\/b> \u2714\ufe0f\ud83d\udfe1<\/p>\n<p>\u274c Antes 18.34 \u20ac<\/p>\n<p>\ud83d\uded2: <a href=\"https:\/\/btz.es\/4Tqkvo9\" target=\"_blank\" rel=\"nofollow noopener\">https:\/\/btz.es\/4Tqkvo9<\/a><\/p>\n<p>Descubre el Monitor de Presi\u00f3n Avanzado, un dispositivo dise\u00f1ado para ofrecer mediciones precisas y confiables de tu presi\u00f3n arterial en la comodidad de tu hogar. Ideal para quienes buscan cuidar su salud cardiovascular f\u00e1cilmente, este monitor port\u00e1til combina tecnolog\u00eda de \u00faltima generaci\u00f3n con una interfaz amigable y f\u00e1cil de usar. Compatible con una amplia gama de usuarios, su dise\u00f1o ergon\u00f3mico y pantalla digital de alta resoluci\u00f3n permiten una lectura clara y r\u00e1pida de los resultados, garantizando un control efectivo y continuo de tu bienestar. Adem\u00e1s, cuenta con funciones inteligentes como almacenamiento de m\u00faltiples mediciones, alarma de irregularidades y conectividad con aplicaciones m\u00f3viles para un seguimiento detallado y personalizado. Mantente al tanto de tu estado saludable con este monitor que cumple con los est\u00e1ndares m\u00e9dicos m\u00e1s exigentes. Perfecto para adultos mayores, deportistas o cualquier persona comprometida con su salud, este monitor de presi\u00f3n se convierte en un aliado indispensable para la prevenci\u00f3n y el cuidado m\u00e9dico cotidiano. No esperes m\u00e1s y adquiere ahora este monitor de presi\u00f3n confiable, eficiente y f\u00e1cil de usar, ideal para tu rutina diaria y para quienes requieren un monitoreo constante.<\/p>\n<\/p><\/div>\n","protected":false},"excerpt":{"rendered":"<p>\ud83d\udfe5 EXCLUSIVO \ud83d\udfe5 #Publicidad #Amazon # \ud83d\udd34 Monitor presi\u00f3n \u2705 AHORA 7.59\u20ac \u20ac \u2714\ufe0f\ud83d\udfe1 \u274c Antes 18.34 \u20ac \ud83d\uded2: https:\/\/btz.es\/4Tqkvo9 Descubre el Monitor de Presi\u00f3n Avanzado, un dispositivo dise\u00f1ado para ofrecer mediciones precisas y confiables de tu presi\u00f3n arterial en la comodidad de tu hogar. Ideal para quienes buscan cuidar su salud cardiovascular f\u00e1cilmente, este [&hellip;]<\/p>\n","protected":false},"featured_media":7036,"template":"","meta":{"_gspb_post_css":""},"store":[],"product_brand":[],"product_cat":[16],"product_tag":[],"class_list":{"0":"post-7037","1":"product","2":"type-product","3":"status-publish","4":"has-post-thumbnail","6":"product_cat-sin-categorizar","8":"first","9":"instock","10":"shipping-taxable","11":"product-type-external"},"jetpack_sharing_enabled":true,"_links":{"self":[{"href":"https:\/\/ofertacular.com\/index.php\/wp-json\/wp\/v2\/product\/7037","targetHints":{"allow":["GET"]}}],"collection":[{"href":"https:\/\/ofertacular.com\/index.php\/wp-json\/wp\/v2\/product"}],"about":[{"href":"https:\/\/ofertacular.com\/index.php\/wp-json\/wp\/v2\/types\/product"}],"wp:featuredmedia":[{"embeddable":true,"href":"https:\/\/ofertacular.com\/index.php\/wp-json\/wp\/v2\/media\/7036"}],"wp:attachment":[{"href":"https:\/\/ofertacular.com\/index.php\/wp-json\/wp\/v2\/media?parent=7037"}],"wp:term":[{"taxonomy":"store","embeddable":true,"href":"https:\/\/ofertacular.com\/index.php\/wp-json\/wp\/v2\/store?post=7037"},{"taxonomy":"product_brand","embeddable":true,"href":"https:\/\/ofertacular.com\/index.php\/wp-json\/wp\/v2\/product_brand?post=7037"},{"taxonomy":"product_cat","embeddable":true,"href":"https:\/\/ofertacular.com\/index.php\/wp-json\/wp\/v2\/product_cat?post=7037"},{"taxonomy":"product_tag","embeddable":true,"href":"https:\/\/ofertacular.com\/index.php\/wp-json\/wp\/v2\/product_tag?post=7037"}],"curies":[{"name":"wp","href":"https:\/\/api.w.org\/{rel}","templated":true}]}}