{"id":7069,"date":"2025-08-09T09:54:23","date_gmt":"2025-08-09T07:54:23","guid":{"rendered":"https:\/\/ofertacular.com\/index.php\/producto\/flor-suavizante-2\/"},"modified":"2025-08-09T09:54:23","modified_gmt":"2025-08-09T07:54:23","slug":"flor-suavizante-2","status":"publish","type":"product","link":"https:\/\/ofertacular.com\/index.php\/producto\/flor-suavizante-2\/","title":{"rendered":"Flor Suavizante"},"content":{"rendered":"<div class=\"oferta-container\">\n<p>\ud83d\udfe5 <b>\u00a1NO TE LA PIERDAS!<\/b> \ud83d\udfe5 #Publicidad #Amazon #16<\/p>\n<p>\ud83d\udd34 <b>Suavizante floral <\/b><\/p>\n<p>\u2705 <b>AHORA 6.99 \u20ac<\/b> \u2714\ufe0f\ud83d\udfe1<\/p>\n<p>\u274c Antes 9.99 \u20ac<\/p>\n<p>\ud83d\uded2: <a href=\"https:\/\/btz.es\/4Tw1DnL\" target=\"_blank\" rel=\"nofollow noopener\">https:\/\/btz.es\/4Tw1DnL<\/a><\/p>\n<p>Descubre el poder del suavizante floral, un producto esencial para el cuidado de tus prendas. Este suavizante transforma la textura de tu ropa, haciendo que cada lavado sea una experiencia de frescura y suavidad insuperable. Ideal para todo tipo de tejidos, su f\u00f3rmula delicada pero efectiva ayuda a mantener las fibras protegidas, evitando el desgaste prematuro y conservando los colores vivos por m\u00e1s tiempo. Adem\u00e1s, su fragancia floral proporciona un aroma agradable y duradero, que envuelve tu ropa con una sensaci\u00f3n de limpieza y frescura durante d\u00edas. Compatible con lavadoras y para lavado a mano, este suavizante es f\u00e1cil de usar y se adapta a las necesidades de toda la familia. Incorpora este suavizante floral en tu rutina de lavado y notar\u00e1s la diferencia en la suavidad y el cuidado de tus prendas. Perfecto para quienes buscan cuidar su ropa con productos de calidad, este suavizante ofrece resultados profesionales en casa. En resumen, es un producto imprescindible para mantener tu ropa suave, perfumada y en excelente estado tras cada lavado.<\/p>\n<\/p><\/div>\n","protected":false},"excerpt":{"rendered":"<p>\ud83d\udfe5 \u00a1NO TE LA PIERDAS! \ud83d\udfe5 #Publicidad #Amazon #16 \ud83d\udd34 Suavizante floral \u2705 AHORA 6.99 \u20ac \u2714\ufe0f\ud83d\udfe1 \u274c Antes 9.99 \u20ac \ud83d\uded2: https:\/\/btz.es\/4Tw1DnL Descubre el poder del suavizante floral, un producto esencial para el cuidado de tus prendas. Este suavizante transforma la textura de tu ropa, haciendo que cada lavado sea una experiencia de frescura [&hellip;]<\/p>\n","protected":false},"featured_media":7068,"template":"","meta":{"_gspb_post_css":""},"store":[],"product_brand":[],"product_cat":[16],"product_tag":[],"class_list":{"0":"post-7069","1":"product","2":"type-product","3":"status-publish","4":"has-post-thumbnail","6":"product_cat-sin-categorizar","8":"first","9":"instock","10":"sale","11":"shipping-taxable","12":"product-type-external"},"jetpack_sharing_enabled":true,"_links":{"self":[{"href":"https:\/\/ofertacular.com\/index.php\/wp-json\/wp\/v2\/product\/7069","targetHints":{"allow":["GET"]}}],"collection":[{"href":"https:\/\/ofertacular.com\/index.php\/wp-json\/wp\/v2\/product"}],"about":[{"href":"https:\/\/ofertacular.com\/index.php\/wp-json\/wp\/v2\/types\/product"}],"wp:featuredmedia":[{"embeddable":true,"href":"https:\/\/ofertacular.com\/index.php\/wp-json\/wp\/v2\/media\/7068"}],"wp:attachment":[{"href":"https:\/\/ofertacular.com\/index.php\/wp-json\/wp\/v2\/media?parent=7069"}],"wp:term":[{"taxonomy":"store","embeddable":true,"href":"https:\/\/ofertacular.com\/index.php\/wp-json\/wp\/v2\/store?post=7069"},{"taxonomy":"product_brand","embeddable":true,"href":"https:\/\/ofertacular.com\/index.php\/wp-json\/wp\/v2\/product_brand?post=7069"},{"taxonomy":"product_cat","embeddable":true,"href":"https:\/\/ofertacular.com\/index.php\/wp-json\/wp\/v2\/product_cat?post=7069"},{"taxonomy":"product_tag","embeddable":true,"href":"https:\/\/ofertacular.com\/index.php\/wp-json\/wp\/v2\/product_tag?post=7069"}],"curies":[{"name":"wp","href":"https:\/\/api.w.org\/{rel}","templated":true}]}}