{"id":7079,"date":"2025-08-11T09:34:13","date_gmt":"2025-08-11T07:34:13","guid":{"rendered":"https:\/\/ofertacular.com\/index.php\/producto\/fluorescente-marcador-2\/"},"modified":"2025-08-11T09:34:13","modified_gmt":"2025-08-11T07:34:13","slug":"fluorescente-marcador-2","status":"publish","type":"product","link":"https:\/\/ofertacular.com\/index.php\/producto\/fluorescente-marcador-2\/","title":{"rendered":"Fluorescente Marcador"},"content":{"rendered":"<div class=\"oferta-container\">\n<p>\ud83d\udfe5 <b>EXCLUSIVO<\/b> \ud83d\udfe5 #Publicidad #Amazon #16<\/p>\n<p>\ud83d\udd34 <b>Marcador Fluorescente <\/b><\/p>\n<p>\u2705 <b>AHORA 4.93 \u20ac<\/b> \u2714\ufe0f\ud83d\udfe1<\/p>\n<p>\u274c Antes 15.97 \u20ac<\/p>\n<p>\ud83d\uded2: <a href=\"https:\/\/btz.es\/4T8dHaL\" target=\"_blank\" rel=\"nofollow noopener\">https:\/\/btz.es\/4T8dHaL<\/a><\/p>\n<p>Descubre el poder del Marcador Fluorescente ideal para destacar tus anotaciones, subrayar textos importantes y organizar tu informaci\u00f3n con colores vibrantes que captan la atenci\u00f3n. Este marcador fluorescente es perfecto para estudiantes, profesionales y creativos que buscan mejorar su productividad y hacer que sus notas sean m\u00e1s visibles y atractivas. Con una punta duradera y tinta de secado r\u00e1pido, garantiza un uso eficiente sin manchas ni borrones. Su dise\u00f1o ergon\u00f3mico facilita un agarre c\u00f3modo para largas sesiones de escritura o estudio. Adem\u00e1s, su tinta fluorescente de alta calidad ofrece una intensidad y duraci\u00f3n superiores, manteniendo tus textos resaltados por m\u00e1s tiempo. Utiliza este marcador en libros, documentos, agendas y pizarras para dar vida a tus escritos y organizar tus materiales de manera efectiva. No importa si est\u00e1s en la escuela, la oficina o en casa, este marcador fluorescente es una herramienta esencial para maximizar tu concentraci\u00f3n y concentraci\u00f3n visual.<\/p>\n<\/p><\/div>\n","protected":false},"excerpt":{"rendered":"<p>\ud83d\udfe5 EXCLUSIVO \ud83d\udfe5 #Publicidad #Amazon #16 \ud83d\udd34 Marcador Fluorescente \u2705 AHORA 4.93 \u20ac \u2714\ufe0f\ud83d\udfe1 \u274c Antes 15.97 \u20ac \ud83d\uded2: https:\/\/btz.es\/4T8dHaL Descubre el poder del Marcador Fluorescente ideal para destacar tus anotaciones, subrayar textos importantes y organizar tu informaci\u00f3n con colores vibrantes que captan la atenci\u00f3n. Este marcador fluorescente es perfecto para estudiantes, profesionales y creativos [&hellip;]<\/p>\n","protected":false},"featured_media":7078,"template":"","meta":{"_gspb_post_css":""},"store":[],"product_brand":[],"product_cat":[16],"product_tag":[],"class_list":{"0":"post-7079","1":"product","2":"type-product","3":"status-publish","4":"has-post-thumbnail","6":"product_cat-sin-categorizar","8":"first","9":"instock","10":"sale","11":"shipping-taxable","12":"product-type-external"},"jetpack_sharing_enabled":true,"_links":{"self":[{"href":"https:\/\/ofertacular.com\/index.php\/wp-json\/wp\/v2\/product\/7079","targetHints":{"allow":["GET"]}}],"collection":[{"href":"https:\/\/ofertacular.com\/index.php\/wp-json\/wp\/v2\/product"}],"about":[{"href":"https:\/\/ofertacular.com\/index.php\/wp-json\/wp\/v2\/types\/product"}],"wp:featuredmedia":[{"embeddable":true,"href":"https:\/\/ofertacular.com\/index.php\/wp-json\/wp\/v2\/media\/7078"}],"wp:attachment":[{"href":"https:\/\/ofertacular.com\/index.php\/wp-json\/wp\/v2\/media?parent=7079"}],"wp:term":[{"taxonomy":"store","embeddable":true,"href":"https:\/\/ofertacular.com\/index.php\/wp-json\/wp\/v2\/store?post=7079"},{"taxonomy":"product_brand","embeddable":true,"href":"https:\/\/ofertacular.com\/index.php\/wp-json\/wp\/v2\/product_brand?post=7079"},{"taxonomy":"product_cat","embeddable":true,"href":"https:\/\/ofertacular.com\/index.php\/wp-json\/wp\/v2\/product_cat?post=7079"},{"taxonomy":"product_tag","embeddable":true,"href":"https:\/\/ofertacular.com\/index.php\/wp-json\/wp\/v2\/product_tag?post=7079"}],"curies":[{"name":"wp","href":"https:\/\/api.w.org\/{rel}","templated":true}]}}