{"id":7085,"date":"2025-08-11T09:48:38","date_gmt":"2025-08-11T07:48:38","guid":{"rendered":"https:\/\/ofertacular.com\/index.php\/producto\/1005005482341833-2\/"},"modified":"2025-08-11T09:48:38","modified_gmt":"2025-08-11T07:48:38","slug":"1005005482341833-2","status":"publish","type":"product","link":"https:\/\/ofertacular.com\/index.php\/producto\/1005005482341833-2\/","title":{"rendered":"Afeitadoras El\u00e9ctricas"},"content":{"rendered":"<div class=\"oferta-container\">\n<p>\ud83d\udfe5 <b>AHORRA AQU\u00cd<\/b> \ud83d\udfe5 #Publicidad #Amazon #<\/p>\n<p>\ud83d\udd34 <b>Afeitadoras El\u00e9ctricas <\/b><\/p>\n<p>\u2705 <b>AHORA 15.99\u20ac \u20ac<\/b> \u2714\ufe0f\ud83d\udfe1<\/p>\n<p>\u274c Antes 53.75 \u20ac<\/p>\n<p>\ud83d\uded2: <a href=\"https:\/\/btz.es\/4T8htR6\" target=\"_blank\" rel=\"nofollow noopener\">https:\/\/btz.es\/4T8htR6<\/a><\/p>\n<p>Descubre las mejores afeitaras el\u00e9ctricas del mercado, dise\u00f1adas para ofrecer un afeitado apurado y c\u00f3modo. Nuestras afeitaras el\u00e9ctricas cuentan con tecnolog\u00eda avanzada que protege tu piel de irritaciones, garantizando un resultado profesional en cada uso. Ideales para hombres que buscan practicidad y eficacia, estos dispositivos permiten un afeitado r\u00e1pido y sin esfuerzo, ya sea en seco o en mojado. Desde modelos compactos para viajes hasta unidades con m\u00faltiples cabezales ajustables, ofrecemos opciones para todo tipo de barba y estilo. Aprovecha nuestras ofertas exclusivas y mejora tu rutina de cuidado personal con productos de alta calidad, durabilidad y excelente rendimiento. Perfectas para uso diario, nuestras afeitaras el\u00e9ctricas est\u00e1n fabricadas por las marcas m\u00e1s reconocidas, asegurando innovaci\u00f3n y garant\u00eda. Encuentra la combinaci\u00f3n perfecta de potencia, ergonom\u00eda y dise\u00f1o en un solo dispositivo. \u00a1No esperes m\u00e1s para experimentar un afeitado suave, preciso y confortable!<\/p>\n<\/p><\/div>\n","protected":false},"excerpt":{"rendered":"<p>\ud83d\udfe5 AHORRA AQU\u00cd \ud83d\udfe5 #Publicidad #Amazon # \ud83d\udd34 Afeitadoras El\u00e9ctricas \u2705 AHORA 15.99\u20ac \u20ac \u2714\ufe0f\ud83d\udfe1 \u274c Antes 53.75 \u20ac \ud83d\uded2: https:\/\/btz.es\/4T8htR6 Descubre las mejores afeitaras el\u00e9ctricas del mercado, dise\u00f1adas para ofrecer un afeitado apurado y c\u00f3modo. Nuestras afeitaras el\u00e9ctricas cuentan con tecnolog\u00eda avanzada que protege tu piel de irritaciones, garantizando un resultado profesional en cada [&hellip;]<\/p>\n","protected":false},"featured_media":7084,"template":"","meta":{"_gspb_post_css":""},"store":[],"product_brand":[],"product_cat":[16],"product_tag":[],"class_list":{"0":"post-7085","1":"product","2":"type-product","3":"status-publish","4":"has-post-thumbnail","6":"product_cat-sin-categorizar","8":"first","9":"instock","10":"shipping-taxable","11":"product-type-external"},"jetpack_sharing_enabled":true,"_links":{"self":[{"href":"https:\/\/ofertacular.com\/index.php\/wp-json\/wp\/v2\/product\/7085","targetHints":{"allow":["GET"]}}],"collection":[{"href":"https:\/\/ofertacular.com\/index.php\/wp-json\/wp\/v2\/product"}],"about":[{"href":"https:\/\/ofertacular.com\/index.php\/wp-json\/wp\/v2\/types\/product"}],"wp:featuredmedia":[{"embeddable":true,"href":"https:\/\/ofertacular.com\/index.php\/wp-json\/wp\/v2\/media\/7084"}],"wp:attachment":[{"href":"https:\/\/ofertacular.com\/index.php\/wp-json\/wp\/v2\/media?parent=7085"}],"wp:term":[{"taxonomy":"store","embeddable":true,"href":"https:\/\/ofertacular.com\/index.php\/wp-json\/wp\/v2\/store?post=7085"},{"taxonomy":"product_brand","embeddable":true,"href":"https:\/\/ofertacular.com\/index.php\/wp-json\/wp\/v2\/product_brand?post=7085"},{"taxonomy":"product_cat","embeddable":true,"href":"https:\/\/ofertacular.com\/index.php\/wp-json\/wp\/v2\/product_cat?post=7085"},{"taxonomy":"product_tag","embeddable":true,"href":"https:\/\/ofertacular.com\/index.php\/wp-json\/wp\/v2\/product_tag?post=7085"}],"curies":[{"name":"wp","href":"https:\/\/api.w.org\/{rel}","templated":true}]}}