{"id":7087,"date":"2025-08-11T09:52:30","date_gmt":"2025-08-11T07:52:30","guid":{"rendered":"https:\/\/ofertacular.com\/index.php\/producto\/1005005482341833-3\/"},"modified":"2025-08-11T09:52:30","modified_gmt":"2025-08-11T07:52:30","slug":"1005005482341833-3","status":"publish","type":"product","link":"https:\/\/ofertacular.com\/index.php\/producto\/1005005482341833-3\/","title":{"rendered":"Afeitadoras El\u00e9ctricas"},"content":{"rendered":"<div class=\"oferta-container\">\n<p>\ud83d\udfe5 <b>DATE PRISA<\/b> \ud83d\udfe5 #Publicidad #Amazon #<\/p>\n<p>\ud83d\udd34 <b>Afeitadoras El\u00e9ctricas <\/b><\/p>\n<p>\u2705 <b>AHORA 15.99\u20ac \u20ac<\/b> \u2714\ufe0f\ud83d\udfe1<\/p>\n<p>\u274c Antes 53.75 \u20ac<\/p>\n<p>\ud83d\uded2: <a href=\"https:\/\/btz.es\/4T8iss3\" target=\"_blank\" rel=\"nofollow noopener\">https:\/\/btz.es\/4T8iss3<\/a><\/p>\n<p>Descubre las mejores Afeitadoras El\u00e9ctricas de \u00faltima generaci\u00f3n dise\u00f1adas para ofrecer un afeitado perfecto y c\u00f3modo. Nuestras afeitadoras cuentan con tecnolog\u00eda avanzada que garantiza precisi\u00f3n, rapidez y suavidad en cada pasada. Perfectas para hombres que buscan una soluci\u00f3n eficiente para su rutina diaria de cuidado personal. Caracter\u00edsticas destacadas incluyen cabezales pivotantes, cuchillas autoafilables y bater\u00edas de larga duraci\u00f3n. Adem\u00e1s, muchas son resistentes al agua, lo que permite un afeitado h\u00famedo o seco seg\u00fan tus preferencias. Explora modelos con accesorios adicionales como recortadoras de barba y peines ajustables para un acabado profesional en casa. Su dise\u00f1o ergon\u00f3mico asegura un manejo c\u00f3modo y seguro, ideal para viajes gracias a su tama\u00f1o compacto y carga r\u00e1pida. Aprovecha las ofertas exclusivas y adquiere una afeitadora el\u00e9ctrica con la mejor relaci\u00f3n calidad-precio. Ideal para todo tipo de piel, incluso las m\u00e1s sensibles, minimizando irritaciones e incomodidades. Si buscas innovaci\u00f3n, practicidad y estilo, nuestras afeitadoras el\u00e9ctricas son la elecci\u00f3n perfecta para ti.<\/p>\n<\/p><\/div>\n","protected":false},"excerpt":{"rendered":"<p>\ud83d\udfe5 DATE PRISA \ud83d\udfe5 #Publicidad #Amazon # \ud83d\udd34 Afeitadoras El\u00e9ctricas \u2705 AHORA 15.99\u20ac \u20ac \u2714\ufe0f\ud83d\udfe1 \u274c Antes 53.75 \u20ac \ud83d\uded2: https:\/\/btz.es\/4T8iss3 Descubre las mejores Afeitadoras El\u00e9ctricas de \u00faltima generaci\u00f3n dise\u00f1adas para ofrecer un afeitado perfecto y c\u00f3modo. Nuestras afeitadoras cuentan con tecnolog\u00eda avanzada que garantiza precisi\u00f3n, rapidez y suavidad en cada pasada. Perfectas para hombres [&hellip;]<\/p>\n","protected":false},"featured_media":7086,"template":"","meta":{"_gspb_post_css":""},"store":[],"product_brand":[],"product_cat":[16],"product_tag":[],"class_list":{"0":"post-7087","1":"product","2":"type-product","3":"status-publish","4":"has-post-thumbnail","6":"product_cat-sin-categorizar","8":"first","9":"instock","10":"shipping-taxable","11":"product-type-external"},"jetpack_sharing_enabled":true,"_links":{"self":[{"href":"https:\/\/ofertacular.com\/index.php\/wp-json\/wp\/v2\/product\/7087","targetHints":{"allow":["GET"]}}],"collection":[{"href":"https:\/\/ofertacular.com\/index.php\/wp-json\/wp\/v2\/product"}],"about":[{"href":"https:\/\/ofertacular.com\/index.php\/wp-json\/wp\/v2\/types\/product"}],"wp:featuredmedia":[{"embeddable":true,"href":"https:\/\/ofertacular.com\/index.php\/wp-json\/wp\/v2\/media\/7086"}],"wp:attachment":[{"href":"https:\/\/ofertacular.com\/index.php\/wp-json\/wp\/v2\/media?parent=7087"}],"wp:term":[{"taxonomy":"store","embeddable":true,"href":"https:\/\/ofertacular.com\/index.php\/wp-json\/wp\/v2\/store?post=7087"},{"taxonomy":"product_brand","embeddable":true,"href":"https:\/\/ofertacular.com\/index.php\/wp-json\/wp\/v2\/product_brand?post=7087"},{"taxonomy":"product_cat","embeddable":true,"href":"https:\/\/ofertacular.com\/index.php\/wp-json\/wp\/v2\/product_cat?post=7087"},{"taxonomy":"product_tag","embeddable":true,"href":"https:\/\/ofertacular.com\/index.php\/wp-json\/wp\/v2\/product_tag?post=7087"}],"curies":[{"name":"wp","href":"https:\/\/api.w.org\/{rel}","templated":true}]}}