{"id":7101,"date":"2025-08-12T08:05:32","date_gmt":"2025-08-12T06:05:32","guid":{"rendered":"https:\/\/ofertacular.com\/index.php\/producto\/cecotec-airfryer-4\/"},"modified":"2025-08-12T08:05:32","modified_gmt":"2025-08-12T06:05:32","slug":"cecotec-airfryer-4","status":"publish","type":"product","link":"https:\/\/ofertacular.com\/index.php\/producto\/cecotec-airfryer-4\/","title":{"rendered":"Cecotec Airfryer"},"content":{"rendered":"<div class=\"oferta-container\">\n<p>\ud83d\udfe5 <b>SUPER OFERTA<\/b> \ud83d\udfe5 #Publicidad #Amazon #16<\/p>\n<p>\ud83d\udd34 <b>Freidora Aire <\/b><\/p>\n<p>\u2705 <b>AHORA 99 \u20ac<\/b> \u2714\ufe0f\ud83d\udfe1<\/p>\n<p>\u274c Antes 119.00 \u20ac<\/p>\n<p>\ud83d\uded2: <a href=\"https:\/\/btz.es\/4TD7TwT\" target=\"_blank\" rel=\"nofollow noopener\">https:\/\/btz.es\/4TD7TwT<\/a><\/p>\n<p>La Cecotec Airfryer es la freidora de aire definitiva que transforma la manera en que cocinas tus platillos favoritos. Dise\u00f1ada con tecnolog\u00eda avanzada de circulaci\u00f3n de aire caliente, esta freidora permite cocinar de forma r\u00e1pida y saludable, utilizando hasta un 80% menos de aceite en comparaci\u00f3n con las freidoras tradicionales. Su dise\u00f1o compacto y moderno se adapta perfectamente a cualquier cocina, ofreciendo una experiencia culinaria eficiente y sin complicaciones.<\/p>\n<p>Este electrodom\u00e9stico destaca por su capacidad para preparar una amplia variedad de alimentos, desde crujientes papas fritas y alitas de pollo hasta verduras y postres deliciosos, todo con una textura exquisita y un sabor aut\u00e9ntico. La Cecotec Airfryer cuenta con m\u00faltiples programas preestablecidos que facilitan la cocci\u00f3n, permiti\u00e9ndote seleccionar la temperatura y el tiempo ideales para cada receta con total precisi\u00f3n.<\/p>\n<p>Adem\u00e1s, el aparato es muy f\u00e1cil de limpiar, ya que sus componentes son extra\u00edbles y aptos para lavavajillas. Su pantalla digital intuitiva y botones t\u00e1ctiles proporcionan un control total sobre el proceso de cocci\u00f3n, haciendo que cocinar sea una experiencia agradable y eficiente.<\/p>\n<p>Entre las palabras clave que resaltan la calidad de este producto se incluyen: freidora sin aceite, cocina saludable, tecnolog\u00eda de aire caliente, electrodom\u00e9stico de cocina, eficiencia energ\u00e9tica, y recetas r\u00e1pidas. La Cecotec Airfryer no solo mejora la calidad de tus comidas sino que tambi\u00e9n contribuye a un estilo de vida m\u00e1s saludable y pr\u00e1ctico.<\/p>\n<p>En resumen, si buscas una soluci\u00f3n innovadora para preparar comidas deliciosas y saludables en casa, la Cecotec Airfryer es la opci\u00f3n perfecta. S\u00e1cale el m\u00e1ximo provecho a tus habilidades culinarias y disfruta de platos sabrosos con menos grasa y esfuerzo gracias a este moderno aparato de cocina.<\/p>\n<\/p><\/div>\n","protected":false},"excerpt":{"rendered":"<p>\ud83d\udfe5 SUPER OFERTA \ud83d\udfe5 #Publicidad #Amazon #16 \ud83d\udd34 Freidora Aire \u2705 AHORA 99 \u20ac \u2714\ufe0f\ud83d\udfe1 \u274c Antes 119.00 \u20ac \ud83d\uded2: https:\/\/btz.es\/4TD7TwT La Cecotec Airfryer es la freidora de aire definitiva que transforma la manera en que cocinas tus platillos favoritos. Dise\u00f1ada con tecnolog\u00eda avanzada de circulaci\u00f3n de aire caliente, esta freidora permite cocinar de forma [&hellip;]<\/p>\n","protected":false},"featured_media":7100,"template":"","meta":{"_gspb_post_css":""},"store":[],"product_brand":[],"product_cat":[16],"product_tag":[],"class_list":{"0":"post-7101","1":"product","2":"type-product","3":"status-publish","4":"has-post-thumbnail","6":"product_cat-sin-categorizar","8":"first","9":"instock","10":"sale","11":"shipping-taxable","12":"product-type-external"},"jetpack_sharing_enabled":true,"_links":{"self":[{"href":"https:\/\/ofertacular.com\/index.php\/wp-json\/wp\/v2\/product\/7101","targetHints":{"allow":["GET"]}}],"collection":[{"href":"https:\/\/ofertacular.com\/index.php\/wp-json\/wp\/v2\/product"}],"about":[{"href":"https:\/\/ofertacular.com\/index.php\/wp-json\/wp\/v2\/types\/product"}],"wp:featuredmedia":[{"embeddable":true,"href":"https:\/\/ofertacular.com\/index.php\/wp-json\/wp\/v2\/media\/7100"}],"wp:attachment":[{"href":"https:\/\/ofertacular.com\/index.php\/wp-json\/wp\/v2\/media?parent=7101"}],"wp:term":[{"taxonomy":"store","embeddable":true,"href":"https:\/\/ofertacular.com\/index.php\/wp-json\/wp\/v2\/store?post=7101"},{"taxonomy":"product_brand","embeddable":true,"href":"https:\/\/ofertacular.com\/index.php\/wp-json\/wp\/v2\/product_brand?post=7101"},{"taxonomy":"product_cat","embeddable":true,"href":"https:\/\/ofertacular.com\/index.php\/wp-json\/wp\/v2\/product_cat?post=7101"},{"taxonomy":"product_tag","embeddable":true,"href":"https:\/\/ofertacular.com\/index.php\/wp-json\/wp\/v2\/product_tag?post=7101"}],"curies":[{"name":"wp","href":"https:\/\/api.w.org\/{rel}","templated":true}]}}