{"id":7138,"date":"2025-08-21T08:00:48","date_gmt":"2025-08-21T06:00:48","guid":{"rendered":"https:\/\/ofertacular.com\/index.php\/producto\/pepe-jeans-11\/"},"modified":"2025-08-21T08:00:48","modified_gmt":"2025-08-21T06:00:48","slug":"pepe-jeans-11","status":"publish","type":"product","link":"https:\/\/ofertacular.com\/index.php\/producto\/pepe-jeans-11\/","title":{"rendered":"Pepe Jeans"},"content":{"rendered":"<div class=\"oferta-container\">\n<p>\ud83d\udfe5 <b>EXCLUSIVO<\/b> \ud83d\udfe5 #Publicidad #Amazon #16<\/p>\n<p>\ud83d\udd34 <b>Jeans hombre <\/b><\/p>\n<p>\u2705 <b>AHORA 34.99 \u20ac<\/b> \u2714\ufe0f\ud83d\udfe1<\/p>\n<p>\u274c Antes 40.57 \u20ac<\/p>\n<p>\ud83d\uded2: <a href=\"https:\/\/btz.es\/4U4j01y\" target=\"_blank\" rel=\"nofollow noopener\">https:\/\/btz.es\/4U4j01y<\/a><\/p>\n<p>Descubre los exclusivos jeans para hombre de Pepe Jeans, una marca reconocida mundialmente por su estilo innovador y la calidad excepcional de sus prendas. Estos jeans est\u00e1n dise\u00f1ados para ofrecer un ajuste perfecto que combina comodidad con una est\u00e9tica moderna, ideales para cualquier ocasi\u00f3n casual o semiformal. Confeccionados con materiales de primera calidad, garantizan durabilidad y resistencia, asegurando un look impecable durante todo el d\u00eda. Los dise\u00f1os var\u00edan desde cortes rectos cl\u00e1sicos hasta estilos ajustados que realzan la silueta masculina, adapt\u00e1ndose a las \u00faltimas tendencias de moda. Adem\u00e1s, Pepe Jeans incorpora detalles \u00fanicos como lavados especiales, costuras reforzadas y acabados modernos que aportan car\u00e1cter y personalidad a cada prenda. Perfectos para combinar con camisetas b\u00e1sicas, camisas o chaquetas, estos jeans se convierten en una pieza clave para tu armario. A trav\u00e9s de su oferta vers\u00e1til, Pepe Jeans permite expresar tu estilo personal sin sacrificar comodidad ni calidad. Aprovecha la oportunidad de renovar tu vestuario con estos jeans excepcionales que capturan la esencia del streetwear contempor\u00e1neo con un toque de sofisticaci\u00f3n.<\/p>\n<\/p><\/div>\n","protected":false},"excerpt":{"rendered":"<p>\ud83d\udfe5 EXCLUSIVO \ud83d\udfe5 #Publicidad #Amazon #16 \ud83d\udd34 Jeans hombre \u2705 AHORA 34.99 \u20ac \u2714\ufe0f\ud83d\udfe1 \u274c Antes 40.57 \u20ac \ud83d\uded2: https:\/\/btz.es\/4U4j01y Descubre los exclusivos jeans para hombre de Pepe Jeans, una marca reconocida mundialmente por su estilo innovador y la calidad excepcional de sus prendas. Estos jeans est\u00e1n dise\u00f1ados para ofrecer un ajuste perfecto que combina [&hellip;]<\/p>\n","protected":false},"featured_media":7137,"template":"","meta":{"_gspb_post_css":""},"store":[],"product_brand":[],"product_cat":[16],"product_tag":[],"class_list":{"0":"post-7138","1":"product","2":"type-product","3":"status-publish","4":"has-post-thumbnail","6":"product_cat-sin-categorizar","8":"first","9":"instock","10":"sale","11":"shipping-taxable","12":"product-type-external"},"jetpack_sharing_enabled":true,"_links":{"self":[{"href":"https:\/\/ofertacular.com\/index.php\/wp-json\/wp\/v2\/product\/7138","targetHints":{"allow":["GET"]}}],"collection":[{"href":"https:\/\/ofertacular.com\/index.php\/wp-json\/wp\/v2\/product"}],"about":[{"href":"https:\/\/ofertacular.com\/index.php\/wp-json\/wp\/v2\/types\/product"}],"wp:featuredmedia":[{"embeddable":true,"href":"https:\/\/ofertacular.com\/index.php\/wp-json\/wp\/v2\/media\/7137"}],"wp:attachment":[{"href":"https:\/\/ofertacular.com\/index.php\/wp-json\/wp\/v2\/media?parent=7138"}],"wp:term":[{"taxonomy":"store","embeddable":true,"href":"https:\/\/ofertacular.com\/index.php\/wp-json\/wp\/v2\/store?post=7138"},{"taxonomy":"product_brand","embeddable":true,"href":"https:\/\/ofertacular.com\/index.php\/wp-json\/wp\/v2\/product_brand?post=7138"},{"taxonomy":"product_cat","embeddable":true,"href":"https:\/\/ofertacular.com\/index.php\/wp-json\/wp\/v2\/product_cat?post=7138"},{"taxonomy":"product_tag","embeddable":true,"href":"https:\/\/ofertacular.com\/index.php\/wp-json\/wp\/v2\/product_tag?post=7138"}],"curies":[{"name":"wp","href":"https:\/\/api.w.org\/{rel}","templated":true}]}}