{"id":7180,"date":"2025-08-22T09:18:09","date_gmt":"2025-08-22T07:18:09","guid":{"rendered":"https:\/\/ofertacular.com\/index.php\/producto\/adidas-slides-2\/"},"modified":"2025-08-22T09:18:09","modified_gmt":"2025-08-22T07:18:09","slug":"adidas-slides-2","status":"publish","type":"product","link":"https:\/\/ofertacular.com\/index.php\/producto\/adidas-slides-2\/","title":{"rendered":"Adidas Slides"},"content":{"rendered":"<div class=\"oferta-container\">\n<p>\ud83d\udfe5 <b>\u00a1S\u00d3LO HOY!<\/b> \ud83d\udfe5 #Publicidad #Amazon #16<\/p>\n<p>\ud83d\udd34 <b>Sandalias Adidas <\/b><\/p>\n<p>\u2705 <b>AHORA 15.65 \u20ac<\/b> \u2714\ufe0f\ud83d\udfe1<\/p>\n<p>\u274c Antes 23.00 \u20ac<\/p>\n<p>\ud83d\uded2: <a href=\"https:\/\/btz.es\/4UAt0Ax\" target=\"_blank\" rel=\"nofollow noopener\">https:\/\/btz.es\/4UAt0Ax<\/a><\/p>\n<p>Las Sandalias Adidas son el calzado ideal para quienes buscan comodidad y estilo inigualable en su d\u00eda a d\u00eda. Dise\u00f1adas con materiales de alta calidad, estas sandalias ofrecen un ajuste perfecto y durabilidad, convirti\u00e9ndose en una opci\u00f3n perfecta para usar en casa, la playa o en actividades casuales al aire libre. La tecnolog\u00eda de Adidas en la fabricaci\u00f3n de estas slides garantiza una amortiguaci\u00f3n \u00f3ptima que protege tus pies del impacto al caminar, proporcionando una sensaci\u00f3n de alivio total incluso tras largas horas de uso.<\/p>\n<p>Adem\u00e1s, las Sandalias Adidas se caracterizan por su dise\u00f1o moderno y minimalista, disponible en m\u00faltiples colores y tallas, lo que las hace vers\u00e1tiles para combinar con cualquier atuendo. Su suela antideslizante brinda seguridad y estabilidad en diversas superficies, evitando resbalones y ca\u00eddas. Esto las convierte en un calzado confiable para cualquier ocasi\u00f3n casual.<\/p>\n<p>Este calzado es perfecto para personas activas que valoran el confort sin renunciar al estilo. Ya sea para ir al gimnasio, pasear por la ciudad o relajarte despu\u00e9s de una sesi\u00f3n deportiva, las Sandalias Adidas cumplen con todas tus expectativas. Son f\u00e1ciles de limpiar y mantener, asegurando que siempre luzcan como nuevas.<\/p>\n<p>Si buscas unas sandalias que entreguen calidad, funcionalidad y dise\u00f1o, las Sandalias Adidas son tu mejor elecci\u00f3n. No solo ofrecen un excelente rendimiento, sino que tambi\u00e9n aportan un toque de moda urbana que enriquece tu guardarropa. Aprovecha la oportunidad de tener en tus pies uno de los productos m\u00e1s populares y reconocidos en el mundo del calzado casual y deportivo.<\/p>\n<p>No dudes en elegir las Sandalias Adidas para disfrutar de cada paso con comodidad excepcional y estilo insuperable. Con ellas, cada d\u00eda ser\u00e1 m\u00e1s placentero y lleno de confianza, gracias a la garant\u00eda y reputaci\u00f3n de una marca l\u00edder a nivel mundial.<\/p>\n<\/p><\/div>\n","protected":false},"excerpt":{"rendered":"<p>\ud83d\udfe5 \u00a1S\u00d3LO HOY! \ud83d\udfe5 #Publicidad #Amazon #16 \ud83d\udd34 Sandalias Adidas \u2705 AHORA 15.65 \u20ac \u2714\ufe0f\ud83d\udfe1 \u274c Antes 23.00 \u20ac \ud83d\uded2: https:\/\/btz.es\/4UAt0Ax Las Sandalias Adidas son el calzado ideal para quienes buscan comodidad y estilo inigualable en su d\u00eda a d\u00eda. Dise\u00f1adas con materiales de alta calidad, estas sandalias ofrecen un ajuste perfecto y durabilidad, convirti\u00e9ndose [&hellip;]<\/p>\n","protected":false},"featured_media":7179,"template":"","meta":{"_gspb_post_css":""},"store":[],"product_brand":[],"product_cat":[16],"product_tag":[],"class_list":{"0":"post-7180","1":"product","2":"type-product","3":"status-publish","4":"has-post-thumbnail","6":"product_cat-sin-categorizar","8":"first","9":"instock","10":"sale","11":"shipping-taxable","12":"product-type-external"},"jetpack_sharing_enabled":true,"_links":{"self":[{"href":"https:\/\/ofertacular.com\/index.php\/wp-json\/wp\/v2\/product\/7180","targetHints":{"allow":["GET"]}}],"collection":[{"href":"https:\/\/ofertacular.com\/index.php\/wp-json\/wp\/v2\/product"}],"about":[{"href":"https:\/\/ofertacular.com\/index.php\/wp-json\/wp\/v2\/types\/product"}],"wp:featuredmedia":[{"embeddable":true,"href":"https:\/\/ofertacular.com\/index.php\/wp-json\/wp\/v2\/media\/7179"}],"wp:attachment":[{"href":"https:\/\/ofertacular.com\/index.php\/wp-json\/wp\/v2\/media?parent=7180"}],"wp:term":[{"taxonomy":"store","embeddable":true,"href":"https:\/\/ofertacular.com\/index.php\/wp-json\/wp\/v2\/store?post=7180"},{"taxonomy":"product_brand","embeddable":true,"href":"https:\/\/ofertacular.com\/index.php\/wp-json\/wp\/v2\/product_brand?post=7180"},{"taxonomy":"product_cat","embeddable":true,"href":"https:\/\/ofertacular.com\/index.php\/wp-json\/wp\/v2\/product_cat?post=7180"},{"taxonomy":"product_tag","embeddable":true,"href":"https:\/\/ofertacular.com\/index.php\/wp-json\/wp\/v2\/product_tag?post=7180"}],"curies":[{"name":"wp","href":"https:\/\/api.w.org\/{rel}","templated":true}]}}