{"id":7200,"date":"2025-08-22T12:19:31","date_gmt":"2025-08-22T10:19:31","guid":{"rendered":"https:\/\/ofertacular.com\/index.php\/producto\/1005008089944170\/"},"modified":"2025-08-22T12:19:31","modified_gmt":"2025-08-22T10:19:31","slug":"1005008089944170","status":"publish","type":"product","link":"https:\/\/ofertacular.com\/index.php\/producto\/1005008089944170\/","title":{"rendered":"Grifo Ba\u00f1o"},"content":{"rendered":"<div class=\"oferta-container\">\n<p>\ud83d\udfe5 <b>\u00a1NO TE LA PIERDAS!<\/b> \ud83d\udfe5 #Publicidad #Amazon #<\/p>\n<p>\ud83d\udd34 <b>Grifo Ba\u00f1o <\/b><\/p>\n<p>\u2705 <b>AHORA 6.89\u20ac \u20ac<\/b> \u2714\ufe0f\ud83d\udfe1<\/p>\n<p>\u274c Antes 18.53 \u20ac<\/p>\n<p>\ud83d\uded2: <a href=\"https:\/\/btz.es\/4UBdf3P\" target=\"_blank\" rel=\"nofollow noopener\">https:\/\/btz.es\/4UBdf3P<\/a><\/p>\n<p>Grifo ba\u00f1o moderno y elegante ideal para renovar el estilo de su ba\u00f1o con calidad y funcionalidad superior. Descubra la combinaci\u00f3n perfecta de dise\u00f1o y durabilidad que ofrece este grifo especialmente dise\u00f1ado para ba\u00f1os contempor\u00e1neos. Su instalaci\u00f3n sencilla y acabado resistente aseguran un uso pr\u00e1ctico y una apariencia impecable durante mucho tiempo. Este grifo es la opci\u00f3n ideal para quienes buscan actualizar su ba\u00f1o con un toque de sofisticaci\u00f3n y comodidad.<\/p>\n<\/p><\/div>\n","protected":false},"excerpt":{"rendered":"<p>\ud83d\udfe5 \u00a1NO TE LA PIERDAS! \ud83d\udfe5 #Publicidad #Amazon # \ud83d\udd34 Grifo Ba\u00f1o \u2705 AHORA 6.89\u20ac \u20ac \u2714\ufe0f\ud83d\udfe1 \u274c Antes 18.53 \u20ac \ud83d\uded2: https:\/\/btz.es\/4UBdf3P Grifo ba\u00f1o moderno y elegante ideal para renovar el estilo de su ba\u00f1o con calidad y funcionalidad superior. Descubra la combinaci\u00f3n perfecta de dise\u00f1o y durabilidad que ofrece este grifo especialmente dise\u00f1ado [&hellip;]<\/p>\n","protected":false},"featured_media":7199,"template":"","meta":{"_gspb_post_css":""},"store":[],"product_brand":[],"product_cat":[16],"product_tag":[],"class_list":{"0":"post-7200","1":"product","2":"type-product","3":"status-publish","4":"has-post-thumbnail","6":"product_cat-sin-categorizar","8":"first","9":"instock","10":"shipping-taxable","11":"product-type-external"},"jetpack_sharing_enabled":true,"_links":{"self":[{"href":"https:\/\/ofertacular.com\/index.php\/wp-json\/wp\/v2\/product\/7200","targetHints":{"allow":["GET"]}}],"collection":[{"href":"https:\/\/ofertacular.com\/index.php\/wp-json\/wp\/v2\/product"}],"about":[{"href":"https:\/\/ofertacular.com\/index.php\/wp-json\/wp\/v2\/types\/product"}],"wp:featuredmedia":[{"embeddable":true,"href":"https:\/\/ofertacular.com\/index.php\/wp-json\/wp\/v2\/media\/7199"}],"wp:attachment":[{"href":"https:\/\/ofertacular.com\/index.php\/wp-json\/wp\/v2\/media?parent=7200"}],"wp:term":[{"taxonomy":"store","embeddable":true,"href":"https:\/\/ofertacular.com\/index.php\/wp-json\/wp\/v2\/store?post=7200"},{"taxonomy":"product_brand","embeddable":true,"href":"https:\/\/ofertacular.com\/index.php\/wp-json\/wp\/v2\/product_brand?post=7200"},{"taxonomy":"product_cat","embeddable":true,"href":"https:\/\/ofertacular.com\/index.php\/wp-json\/wp\/v2\/product_cat?post=7200"},{"taxonomy":"product_tag","embeddable":true,"href":"https:\/\/ofertacular.com\/index.php\/wp-json\/wp\/v2\/product_tag?post=7200"}],"curies":[{"name":"wp","href":"https:\/\/api.w.org\/{rel}","templated":true}]}}