{"id":7232,"date":"2025-08-25T07:47:36","date_gmt":"2025-08-25T05:47:36","guid":{"rendered":"https:\/\/ofertacular.com\/index.php\/producto\/sony-headphones-2\/"},"modified":"2025-08-25T07:47:36","modified_gmt":"2025-08-25T05:47:36","slug":"sony-headphones-2","status":"publish","type":"product","link":"https:\/\/ofertacular.com\/index.php\/producto\/sony-headphones-2\/","title":{"rendered":"Sony Headphones"},"content":{"rendered":"<div class=\"oferta-container\">\n<p>\ud83d\udfe5 <b>EXCLUSIVO<\/b> \ud83d\udfe5 #Publicidad #Amazon #16<\/p>\n<p>\ud83d\udd34 <b>Auriculares Sony <\/b><\/p>\n<p>\u2705 <b>AHORA 33.05 \u20ac<\/b> \u2714\ufe0f\ud83d\udfe1<\/p>\n<p>\u274c Antes 69.99 \u20ac<\/p>\n<p>\ud83d\uded2: <a href=\"https:\/\/btz.es\/4UR4mZ7\" target=\"_blank\" rel=\"nofollow noopener\">https:\/\/btz.es\/4UR4mZ7<\/a><\/p>\n<p>Descubre la calidad de sonido insuperable con los Auriculares Sony, dise\u00f1ados para los amantes de la m\u00fasica que buscan una experiencia auditiva envolvente y c\u00f3moda. Estos auriculares ofrecen tecnolog\u00eda avanzada de cancelaci\u00f3n de ruido, permiti\u00e9ndote sumergirte completamente en tu m\u00fasica favorita sin distracciones externas. Con un dise\u00f1o ergon\u00f3mico y materiales de alta calidad, garantizan comodidad durante largas sesiones de uso, ya sea en casa, en la oficina o mientras te desplazas. La conectividad Bluetooth de \u00faltima generaci\u00f3n garantiza una conexi\u00f3n r\u00e1pida y estable con tus dispositivos, proporcionando libertad de movimiento y facilidad de uso. Adem\u00e1s, la bater\u00eda de larga duraci\u00f3n asegura horas continuas de reproducci\u00f3n para que nunca te quedes sin m\u00fasica. Ideal para todo tipo de usuarios, desde estudiantes hasta profesionales y entusiastas del audio, estos auriculares Sony combinan estilo y funcionalidad en un solo producto. Ya sea para escuchar m\u00fasica, ver pel\u00edculas o realizar llamadas claras y n\u00edtidas, los Auriculares Sony son una inversi\u00f3n en calidad y confort auditivo. No dejes pasar la oportunidad de mejorar tu experiencia sonora con un producto confiable y reconocido mundialmente.<\/p>\n<\/p><\/div>\n","protected":false},"excerpt":{"rendered":"<p>\ud83d\udfe5 EXCLUSIVO \ud83d\udfe5 #Publicidad #Amazon #16 \ud83d\udd34 Auriculares Sony \u2705 AHORA 33.05 \u20ac \u2714\ufe0f\ud83d\udfe1 \u274c Antes 69.99 \u20ac \ud83d\uded2: https:\/\/btz.es\/4UR4mZ7 Descubre la calidad de sonido insuperable con los Auriculares Sony, dise\u00f1ados para los amantes de la m\u00fasica que buscan una experiencia auditiva envolvente y c\u00f3moda. Estos auriculares ofrecen tecnolog\u00eda avanzada de cancelaci\u00f3n de ruido, permiti\u00e9ndote [&hellip;]<\/p>\n","protected":false},"featured_media":7231,"template":"","meta":{"_gspb_post_css":""},"store":[],"product_brand":[],"product_cat":[16],"product_tag":[],"class_list":{"0":"post-7232","1":"product","2":"type-product","3":"status-publish","4":"has-post-thumbnail","6":"product_cat-sin-categorizar","8":"first","9":"instock","10":"sale","11":"shipping-taxable","12":"product-type-external"},"jetpack_sharing_enabled":true,"_links":{"self":[{"href":"https:\/\/ofertacular.com\/index.php\/wp-json\/wp\/v2\/product\/7232","targetHints":{"allow":["GET"]}}],"collection":[{"href":"https:\/\/ofertacular.com\/index.php\/wp-json\/wp\/v2\/product"}],"about":[{"href":"https:\/\/ofertacular.com\/index.php\/wp-json\/wp\/v2\/types\/product"}],"wp:featuredmedia":[{"embeddable":true,"href":"https:\/\/ofertacular.com\/index.php\/wp-json\/wp\/v2\/media\/7231"}],"wp:attachment":[{"href":"https:\/\/ofertacular.com\/index.php\/wp-json\/wp\/v2\/media?parent=7232"}],"wp:term":[{"taxonomy":"store","embeddable":true,"href":"https:\/\/ofertacular.com\/index.php\/wp-json\/wp\/v2\/store?post=7232"},{"taxonomy":"product_brand","embeddable":true,"href":"https:\/\/ofertacular.com\/index.php\/wp-json\/wp\/v2\/product_brand?post=7232"},{"taxonomy":"product_cat","embeddable":true,"href":"https:\/\/ofertacular.com\/index.php\/wp-json\/wp\/v2\/product_cat?post=7232"},{"taxonomy":"product_tag","embeddable":true,"href":"https:\/\/ofertacular.com\/index.php\/wp-json\/wp\/v2\/product_tag?post=7232"}],"curies":[{"name":"wp","href":"https:\/\/api.w.org\/{rel}","templated":true}]}}