{"id":7254,"date":"2025-08-25T12:51:22","date_gmt":"2025-08-25T10:51:22","guid":{"rendered":"https:\/\/ofertacular.com\/index.php\/producto\/1005006622023518\/"},"modified":"2025-08-25T12:51:22","modified_gmt":"2025-08-25T10:51:22","slug":"1005006622023518","status":"publish","type":"product","link":"https:\/\/ofertacular.com\/index.php\/producto\/1005006622023518\/","title":{"rendered":"Cortadora T9"},"content":{"rendered":"<div class=\"oferta-container\">\n<p>\ud83d\udfe5 <b>UNA GANGA<\/b> \ud83d\udfe5 #Publicidad #Amazon #<\/p>\n<p>\ud83d\udd34 <b>Cortadora T9 <\/b><\/p>\n<p>\u2705 <b>AHORA 2.81\u20ac \u20ac<\/b> \u2714\ufe0f\ud83d\udfe1<\/p>\n<p>\u274c Antes 10.30 \u20ac<\/p>\n<p>\ud83d\uded2: <a href=\"https:\/\/btz.es\/4USIGvv\" target=\"_blank\" rel=\"nofollow noopener\">https:\/\/btz.es\/4USIGvv<\/a><\/p>\n<p>Cortadora el\u00e9ctrica T9 con precisi\u00f3n y eficiencia para uso profesional y dom\u00e9stico. Descubre la mejor herramienta para cortes limpios y r\u00e1pidos que garantiza resultados de alta calidad. Ideal para estilistas y aficionados al cuidado personal que buscan rendimiento y durabilidad en un solo producto.<\/p>\n<\/p><\/div>\n","protected":false},"excerpt":{"rendered":"<p>\ud83d\udfe5 UNA GANGA \ud83d\udfe5 #Publicidad #Amazon # \ud83d\udd34 Cortadora T9 \u2705 AHORA 2.81\u20ac \u20ac \u2714\ufe0f\ud83d\udfe1 \u274c Antes 10.30 \u20ac \ud83d\uded2: https:\/\/btz.es\/4USIGvv Cortadora el\u00e9ctrica T9 con precisi\u00f3n y eficiencia para uso profesional y dom\u00e9stico. Descubre la mejor herramienta para cortes limpios y r\u00e1pidos que garantiza resultados de alta calidad. Ideal para estilistas y aficionados al cuidado [&hellip;]<\/p>\n","protected":false},"featured_media":7253,"template":"","meta":{"_gspb_post_css":""},"store":[],"product_brand":[],"product_cat":[16],"product_tag":[],"class_list":{"0":"post-7254","1":"product","2":"type-product","3":"status-publish","4":"has-post-thumbnail","6":"product_cat-sin-categorizar","8":"first","9":"instock","10":"shipping-taxable","11":"product-type-external"},"jetpack_sharing_enabled":true,"_links":{"self":[{"href":"https:\/\/ofertacular.com\/index.php\/wp-json\/wp\/v2\/product\/7254","targetHints":{"allow":["GET"]}}],"collection":[{"href":"https:\/\/ofertacular.com\/index.php\/wp-json\/wp\/v2\/product"}],"about":[{"href":"https:\/\/ofertacular.com\/index.php\/wp-json\/wp\/v2\/types\/product"}],"wp:featuredmedia":[{"embeddable":true,"href":"https:\/\/ofertacular.com\/index.php\/wp-json\/wp\/v2\/media\/7253"}],"wp:attachment":[{"href":"https:\/\/ofertacular.com\/index.php\/wp-json\/wp\/v2\/media?parent=7254"}],"wp:term":[{"taxonomy":"store","embeddable":true,"href":"https:\/\/ofertacular.com\/index.php\/wp-json\/wp\/v2\/store?post=7254"},{"taxonomy":"product_brand","embeddable":true,"href":"https:\/\/ofertacular.com\/index.php\/wp-json\/wp\/v2\/product_brand?post=7254"},{"taxonomy":"product_cat","embeddable":true,"href":"https:\/\/ofertacular.com\/index.php\/wp-json\/wp\/v2\/product_cat?post=7254"},{"taxonomy":"product_tag","embeddable":true,"href":"https:\/\/ofertacular.com\/index.php\/wp-json\/wp\/v2\/product_tag?post=7254"}],"curies":[{"name":"wp","href":"https:\/\/api.w.org\/{rel}","templated":true}]}}