{"id":7288,"date":"2025-08-27T08:59:08","date_gmt":"2025-08-27T06:59:08","guid":{"rendered":"https:\/\/ofertacular.com\/index.php\/producto\/cbx-solution-2\/"},"modified":"2025-08-27T08:59:08","modified_gmt":"2025-08-27T06:59:08","slug":"cbx-solution-2","status":"publish","type":"product","link":"https:\/\/ofertacular.com\/index.php\/producto\/cbx-solution-2\/","title":{"rendered":"CBX Solution"},"content":{"rendered":"<div class=\"oferta-container\">\n<p>\ud83d\udfe5 <b>DATE PRISA<\/b> \ud83d\udfe5 #Publicidad #Amazon #16<\/p>\n<p>\ud83d\udd34 <b>Silla infantil <\/b><\/p>\n<p>\u2705 <b>AHORA 99.95 \u20ac<\/b> \u2714\ufe0f\ud83d\udfe1<\/p>\n<p>\u274c Antes 108.00 \u20ac<\/p>\n<p>\ud83d\uded2: <a href=\"https:\/\/btz.es\/4Vd3qCU\" target=\"_blank\" rel=\"nofollow noopener\">https:\/\/btz.es\/4Vd3qCU<\/a><\/p>\n<p>La silla infantil CBX Solution es la elecci\u00f3n ideal para garantizar la seguridad y comodidad de los m\u00e1s peque\u00f1os durante sus desplazamientos en coche. Dise\u00f1ada para ofrecer una protecci\u00f3n \u00f3ptima, esta silla cuenta con un sistema de anclaje ISOFIX que asegura una instalaci\u00f3n firme y sencilla, minimizando riesgos y potenciando la estabilidad. Su estructura robusta y materiales de alta calidad aportan resistencia, mientras que un dise\u00f1o ergon\u00f3mico garantiza el confort durante viajes largos o cortos. El reposacabezas ajustable y el sistema de arn\u00e9s de 5 puntos permiten adaptar la silla al crecimiento del ni\u00f1o, proporcionando un ajuste perfecto desde los primeros a\u00f1os hasta etapas posteriores. Adem\u00e1s, la CBX Solution incorpora acolchados suaves y revestimientos transpirables que facilitan la regulaci\u00f3n t\u00e9rmica y aportan un tacto agradable. Desde el punto de vista est\u00e9tico, presenta un dise\u00f1o moderno y vers\u00e1til que se integra f\u00e1cilmente en cualquier interior de veh\u00edculo. Su cumplimiento con las normativas europeas de seguridad infantil a\u00f1ade un plus de confianza para los padres preocupados por la protecci\u00f3n de sus hijos. Ideal para ni\u00f1os desde los 9 hasta los 36 kilogramos, esta silla combina funcionalidad, seguridad y estilo para ofrecer una experiencia completa y satisfactoria. Adem\u00e1s, su f\u00e1cil limpieza y mantenimiento la hacen perfecta para el uso diario, garantizando durabilidad y rendimiento a largo plazo. Elegir la silla infantil CBX Solution supone apostar por un producto que ha sido desarrollado pensando en la tranquilidad de los padres y el bienestar de sus hijos, destacando en el mercado por su excelencia en calidad y dise\u00f1o.<\/p>\n<\/p><\/div>\n","protected":false},"excerpt":{"rendered":"<p>\ud83d\udfe5 DATE PRISA \ud83d\udfe5 #Publicidad #Amazon #16 \ud83d\udd34 Silla infantil \u2705 AHORA 99.95 \u20ac \u2714\ufe0f\ud83d\udfe1 \u274c Antes 108.00 \u20ac \ud83d\uded2: https:\/\/btz.es\/4Vd3qCU La silla infantil CBX Solution es la elecci\u00f3n ideal para garantizar la seguridad y comodidad de los m\u00e1s peque\u00f1os durante sus desplazamientos en coche. Dise\u00f1ada para ofrecer una protecci\u00f3n \u00f3ptima, esta silla cuenta con [&hellip;]<\/p>\n","protected":false},"featured_media":7287,"template":"","meta":{"_gspb_post_css":""},"store":[],"product_brand":[],"product_cat":[16],"product_tag":[],"class_list":{"0":"post-7288","1":"product","2":"type-product","3":"status-publish","4":"has-post-thumbnail","6":"product_cat-sin-categorizar","8":"first","9":"instock","10":"sale","11":"shipping-taxable","12":"product-type-external"},"jetpack_sharing_enabled":true,"_links":{"self":[{"href":"https:\/\/ofertacular.com\/index.php\/wp-json\/wp\/v2\/product\/7288","targetHints":{"allow":["GET"]}}],"collection":[{"href":"https:\/\/ofertacular.com\/index.php\/wp-json\/wp\/v2\/product"}],"about":[{"href":"https:\/\/ofertacular.com\/index.php\/wp-json\/wp\/v2\/types\/product"}],"wp:featuredmedia":[{"embeddable":true,"href":"https:\/\/ofertacular.com\/index.php\/wp-json\/wp\/v2\/media\/7287"}],"wp:attachment":[{"href":"https:\/\/ofertacular.com\/index.php\/wp-json\/wp\/v2\/media?parent=7288"}],"wp:term":[{"taxonomy":"store","embeddable":true,"href":"https:\/\/ofertacular.com\/index.php\/wp-json\/wp\/v2\/store?post=7288"},{"taxonomy":"product_brand","embeddable":true,"href":"https:\/\/ofertacular.com\/index.php\/wp-json\/wp\/v2\/product_brand?post=7288"},{"taxonomy":"product_cat","embeddable":true,"href":"https:\/\/ofertacular.com\/index.php\/wp-json\/wp\/v2\/product_cat?post=7288"},{"taxonomy":"product_tag","embeddable":true,"href":"https:\/\/ofertacular.com\/index.php\/wp-json\/wp\/v2\/product_tag?post=7288"}],"curies":[{"name":"wp","href":"https:\/\/api.w.org\/{rel}","templated":true}]}}