{"id":7314,"date":"2025-08-28T09:07:35","date_gmt":"2025-08-28T07:07:35","guid":{"rendered":"https:\/\/ofertacular.com\/index.php\/producto\/1005007373128219\/"},"modified":"2025-08-28T09:07:35","modified_gmt":"2025-08-28T07:07:35","slug":"1005007373128219","status":"publish","type":"product","link":"https:\/\/ofertacular.com\/index.php\/producto\/1005007373128219\/","title":{"rendered":"Ciclismo Casco"},"content":{"rendered":"<div class=\"oferta-container\">\n<p>\ud83d\udfe5 <b>ES UN CHOLL\u00d3N<\/b> \ud83d\udfe5 #Publicidad #Amazon #<\/p>\n<p>\ud83d\udd34 <b>Casco ciclismo <\/b><\/p>\n<p>\u2705 <b>AHORA 15.75\u20ac \u20ac<\/b> \u2714\ufe0f\ud83d\udfe1<\/p>\n<p>\u274c Antes 42.22 \u20ac<\/p>\n<p>\ud83d\uded2: <a href=\"https:\/\/btz.es\/4VjvVmS\" target=\"_blank\" rel=\"nofollow noopener\">https:\/\/btz.es\/4VjvVmS<\/a><\/p>\n<p>Casco ciclismo de alta calidad dise\u00f1ado para ciclistas que buscan m\u00e1xima protecci\u00f3n y comodidad. Ideal para uso en rutas, monta\u00f1a y ciudad, este casco combina materiales resistentes con un dise\u00f1o aerodin\u00e1mico que mejora la ventilaci\u00f3n y reduce el peso. Su sistema ajustable permite un calce perfecto, aumentando la seguridad en cada recorrido. Perfecto para aficionados y profesionales del ciclismo que valoran la seguridad sin renunciar al estilo.<\/p>\n<\/p><\/div>\n","protected":false},"excerpt":{"rendered":"<p>\ud83d\udfe5 ES UN CHOLL\u00d3N \ud83d\udfe5 #Publicidad #Amazon # \ud83d\udd34 Casco ciclismo \u2705 AHORA 15.75\u20ac \u20ac \u2714\ufe0f\ud83d\udfe1 \u274c Antes 42.22 \u20ac \ud83d\uded2: https:\/\/btz.es\/4VjvVmS Casco ciclismo de alta calidad dise\u00f1ado para ciclistas que buscan m\u00e1xima protecci\u00f3n y comodidad. Ideal para uso en rutas, monta\u00f1a y ciudad, este casco combina materiales resistentes con un dise\u00f1o aerodin\u00e1mico que mejora [&hellip;]<\/p>\n","protected":false},"featured_media":7313,"template":"","meta":{"_gspb_post_css":""},"store":[],"product_brand":[],"product_cat":[16],"product_tag":[],"class_list":{"0":"post-7314","1":"product","2":"type-product","3":"status-publish","4":"has-post-thumbnail","6":"product_cat-sin-categorizar","8":"first","9":"instock","10":"shipping-taxable","11":"product-type-external"},"jetpack_sharing_enabled":true,"_links":{"self":[{"href":"https:\/\/ofertacular.com\/index.php\/wp-json\/wp\/v2\/product\/7314","targetHints":{"allow":["GET"]}}],"collection":[{"href":"https:\/\/ofertacular.com\/index.php\/wp-json\/wp\/v2\/product"}],"about":[{"href":"https:\/\/ofertacular.com\/index.php\/wp-json\/wp\/v2\/types\/product"}],"wp:featuredmedia":[{"embeddable":true,"href":"https:\/\/ofertacular.com\/index.php\/wp-json\/wp\/v2\/media\/7313"}],"wp:attachment":[{"href":"https:\/\/ofertacular.com\/index.php\/wp-json\/wp\/v2\/media?parent=7314"}],"wp:term":[{"taxonomy":"store","embeddable":true,"href":"https:\/\/ofertacular.com\/index.php\/wp-json\/wp\/v2\/store?post=7314"},{"taxonomy":"product_brand","embeddable":true,"href":"https:\/\/ofertacular.com\/index.php\/wp-json\/wp\/v2\/product_brand?post=7314"},{"taxonomy":"product_cat","embeddable":true,"href":"https:\/\/ofertacular.com\/index.php\/wp-json\/wp\/v2\/product_cat?post=7314"},{"taxonomy":"product_tag","embeddable":true,"href":"https:\/\/ofertacular.com\/index.php\/wp-json\/wp\/v2\/product_tag?post=7314"}],"curies":[{"name":"wp","href":"https:\/\/api.w.org\/{rel}","templated":true}]}}