{"id":7342,"date":"2025-08-29T11:57:49","date_gmt":"2025-08-29T09:57:49","guid":{"rendered":"https:\/\/ofertacular.com\/index.php\/producto\/nesquik-cacao\/"},"modified":"2025-08-29T11:57:49","modified_gmt":"2025-08-29T09:57:49","slug":"nesquik-cacao","status":"publish","type":"product","link":"https:\/\/ofertacular.com\/index.php\/producto\/nesquik-cacao\/","title":{"rendered":"Nesquik Cacao"},"content":{"rendered":"<div class=\"oferta-container\">\n<p>\ud83d\udfe5 <b>DESCUENTAZO<\/b> \ud83d\udfe5 #Publicidad #Amazon #16<\/p>\n<p>\ud83d\udd34 <b>Cacao Nesquik <\/b><\/p>\n<p>\u2705 <b>AHORA 4.49 \u20ac<\/b> \u2714\ufe0f\ud83d\udfe1<\/p>\n<p>\u274c Antes 6.85 \u20ac<\/p>\n<p>\ud83d\uded2: <a href=\"https:\/\/btz.es\/4VpTtdq\" target=\"_blank\" rel=\"nofollow noopener\">https:\/\/btz.es\/4VpTtdq<\/a><\/p>\n<p>Descubre el delicioso sabor del Cacao Nesquik, la bebida instant\u00e1nea ideal para toda la familia que combina perfectamente con leche fr\u00eda o caliente. Nesquik es sin\u00f3nimo de calidad y tradici\u00f3n, ofreci\u00e9ndote un producto lleno de sabor y beneficios nutricionales. Este cacao soluble es perfecto para preparar bebidas que encantan tanto a ni\u00f1os como a adultos, gracias a su mezcla especial que aporta energ\u00eda y nutrientes esenciales para el d\u00eda a d\u00eda.<\/p>\n<p>El Cacao Nesquik destaca por su facilidad de preparaci\u00f3n: basta con mezclar una cucharada con leche para obtener una bebida cremosa y llena de sabor en segundos. Su formula contiene vitaminas y minerales clave que contribuyen a un desarrollo saludable, como vitamina D, hierro y calcio, que apoyan la formaci\u00f3n de huesos fuertes y un sistema inmunol\u00f3gico robusto.<\/p>\n<p>Adem\u00e1s, Nesquik se preocupa por ofrecer un producto que equilibra el sabor y la nutrici\u00f3n. Es una opci\u00f3n ideal para meriendas o desayunos nutritivos que ayudan a mantener la energ\u00eda durante las actividades diarias, desde la escuela hasta el deporte. La versatilidad del Cacao Nesquik tambi\u00e9n permite usarlo en recetas de reposter\u00eda, como batidos, postres y tortas, aportando un toque delicioso y \u00fanico.<\/p>\n<p>En t\u00e9rminos de calidad, Nesquik cuenta con estrictos controles que garantizan un producto seguro y confiable para toda la familia. La marca ha sido l\u00edder en el mercado durante d\u00e9cadas, posicion\u00e1ndose como una elecci\u00f3n preferida para quienes buscan una bebida con sabor inconfundible y beneficios adicionales.<\/p>\n<p>En resumen, el Cacao Nesquik es mucho m\u00e1s que una simple bebida de chocolate; es un aliado para nutrir y alegrar tus momentos cotidianos. Su sabor inigualable, su valor nutricional y su facilidad de preparaci\u00f3n lo convierten en una opci\u00f3n imprescindible en tu despensa. Aprovecha esta deliciosa experiencia y comparte con tus seres queridos la magia del chocolate l\u00edquido con Nesquik.<\/p>\n<\/p><\/div>\n","protected":false},"excerpt":{"rendered":"<p>\ud83d\udfe5 DESCUENTAZO \ud83d\udfe5 #Publicidad #Amazon #16 \ud83d\udd34 Cacao Nesquik \u2705 AHORA 4.49 \u20ac \u2714\ufe0f\ud83d\udfe1 \u274c Antes 6.85 \u20ac \ud83d\uded2: https:\/\/btz.es\/4VpTtdq Descubre el delicioso sabor del Cacao Nesquik, la bebida instant\u00e1nea ideal para toda la familia que combina perfectamente con leche fr\u00eda o caliente. Nesquik es sin\u00f3nimo de calidad y tradici\u00f3n, ofreci\u00e9ndote un producto lleno de [&hellip;]<\/p>\n","protected":false},"featured_media":7341,"template":"","meta":{"_gspb_post_css":""},"store":[],"product_brand":[],"product_cat":[16],"product_tag":[],"class_list":{"0":"post-7342","1":"product","2":"type-product","3":"status-publish","4":"has-post-thumbnail","6":"product_cat-sin-categorizar","8":"first","9":"instock","10":"sale","11":"shipping-taxable","12":"product-type-external"},"jetpack_sharing_enabled":true,"_links":{"self":[{"href":"https:\/\/ofertacular.com\/index.php\/wp-json\/wp\/v2\/product\/7342","targetHints":{"allow":["GET"]}}],"collection":[{"href":"https:\/\/ofertacular.com\/index.php\/wp-json\/wp\/v2\/product"}],"about":[{"href":"https:\/\/ofertacular.com\/index.php\/wp-json\/wp\/v2\/types\/product"}],"wp:featuredmedia":[{"embeddable":true,"href":"https:\/\/ofertacular.com\/index.php\/wp-json\/wp\/v2\/media\/7341"}],"wp:attachment":[{"href":"https:\/\/ofertacular.com\/index.php\/wp-json\/wp\/v2\/media?parent=7342"}],"wp:term":[{"taxonomy":"store","embeddable":true,"href":"https:\/\/ofertacular.com\/index.php\/wp-json\/wp\/v2\/store?post=7342"},{"taxonomy":"product_brand","embeddable":true,"href":"https:\/\/ofertacular.com\/index.php\/wp-json\/wp\/v2\/product_brand?post=7342"},{"taxonomy":"product_cat","embeddable":true,"href":"https:\/\/ofertacular.com\/index.php\/wp-json\/wp\/v2\/product_cat?post=7342"},{"taxonomy":"product_tag","embeddable":true,"href":"https:\/\/ofertacular.com\/index.php\/wp-json\/wp\/v2\/product_tag?post=7342"}],"curies":[{"name":"wp","href":"https:\/\/api.w.org\/{rel}","templated":true}]}}