{"id":7352,"date":"2025-09-01T10:40:16","date_gmt":"2025-09-01T08:40:16","guid":{"rendered":"https:\/\/ofertacular.com\/index.php\/producto\/zane-truesdale-figure\/"},"modified":"2025-09-01T10:40:16","modified_gmt":"2025-09-01T08:40:16","slug":"zane-truesdale-figure","status":"publish","type":"product","link":"https:\/\/ofertacular.com\/index.php\/producto\/zane-truesdale-figure\/","title":{"rendered":"Zane Truesdale Figure"},"content":{"rendered":"<div class=\"oferta-container\">\ud83d\udfea <b>FUNKO CHOLLO<\/b> \ud83d\udfea #Publicidad #Amazon<\/p>\n<p>\ud83d\udfe3 <b> Funko POP! Anime: Yu-Gi-Oh! Zane Truesdale<\/b> <\/p>\n<p>\u2705 <b>AHORA 9.52 \u20ac<\/b> \u2714\ufe0f\ud83d\udfe1<br \/>\n\u274c Antes 10.07 \u20ac \u20ac <\/p>\n<p>\ud83d\uded2: https:\/\/btz.es\/4V7hthg\ud83d\udfe2 <\/p>\n<p>Ofertacular.com<\/p>\n<p>Consigue el Funko POP! Anime de Zane Truesdale, una figura coleccionable imprescindible para los fans de Yu-Gi-Oh! Esta miniatura de vinilo captura la esencia del ic\u00f3nico duelista con gran detalle y calidad. Perfecta para coleccionistas y amantes del anime, es un regalo ideal que destaca en cualquier exhibici\u00f3n o vitrina. Encuentra aqu\u00ed la mejor figura de Zane Truesdale y a\u00f1ade un toque especial a tu colecci\u00f3n de Funko POP! Anime con un producto oficial y de alta calidad.<\/p>\n<\/div>\n","protected":false},"excerpt":{"rendered":"<p>\ud83d\udfea FUNKO CHOLLO \ud83d\udfea #Publicidad #Amazon \ud83d\udfe3 Funko POP! Anime: Yu-Gi-Oh! Zane Truesdale \u2705 AHORA 9.52 \u20ac \u2714\ufe0f\ud83d\udfe1 \u274c Antes 10.07 \u20ac \u20ac \ud83d\uded2: https:\/\/btz.es\/4V7hthg\ud83d\udfe2 Ofertacular.com Consigue el Funko POP! Anime de Zane Truesdale, una figura coleccionable imprescindible para los fans de Yu-Gi-Oh! Esta miniatura de vinilo captura la esencia del ic\u00f3nico duelista con gran [&hellip;]<\/p>\n","protected":false},"featured_media":7351,"template":"","meta":{"_gspb_post_css":""},"store":[],"product_brand":[],"product_cat":[16],"product_tag":[],"class_list":{"0":"post-7352","1":"product","2":"type-product","3":"status-publish","4":"has-post-thumbnail","6":"product_cat-sin-categorizar","8":"first","9":"instock","10":"sale","11":"shipping-taxable","12":"product-type-external"},"jetpack_sharing_enabled":true,"_links":{"self":[{"href":"https:\/\/ofertacular.com\/index.php\/wp-json\/wp\/v2\/product\/7352","targetHints":{"allow":["GET"]}}],"collection":[{"href":"https:\/\/ofertacular.com\/index.php\/wp-json\/wp\/v2\/product"}],"about":[{"href":"https:\/\/ofertacular.com\/index.php\/wp-json\/wp\/v2\/types\/product"}],"wp:featuredmedia":[{"embeddable":true,"href":"https:\/\/ofertacular.com\/index.php\/wp-json\/wp\/v2\/media\/7351"}],"wp:attachment":[{"href":"https:\/\/ofertacular.com\/index.php\/wp-json\/wp\/v2\/media?parent=7352"}],"wp:term":[{"taxonomy":"store","embeddable":true,"href":"https:\/\/ofertacular.com\/index.php\/wp-json\/wp\/v2\/store?post=7352"},{"taxonomy":"product_brand","embeddable":true,"href":"https:\/\/ofertacular.com\/index.php\/wp-json\/wp\/v2\/product_brand?post=7352"},{"taxonomy":"product_cat","embeddable":true,"href":"https:\/\/ofertacular.com\/index.php\/wp-json\/wp\/v2\/product_cat?post=7352"},{"taxonomy":"product_tag","embeddable":true,"href":"https:\/\/ofertacular.com\/index.php\/wp-json\/wp\/v2\/product_tag?post=7352"}],"curies":[{"name":"wp","href":"https:\/\/api.w.org\/{rel}","templated":true}]}}