{"id":7368,"date":"2025-09-01T12:27:52","date_gmt":"2025-09-01T10:27:52","guid":{"rendered":"https:\/\/ofertacular.com\/index.php\/producto\/goliath-figure\/"},"modified":"2025-09-01T12:27:52","modified_gmt":"2025-09-01T10:27:52","slug":"goliath-figure","status":"publish","type":"product","link":"https:\/\/ofertacular.com\/index.php\/producto\/goliath-figure\/","title":{"rendered":"Goliath Figure"},"content":{"rendered":"<div class=\"oferta-container\">\ud83d\udfea <b>FUNKO OFERTA<\/b> \ud83d\udfea #Publicidad #Amazon<\/p>\n<p>\ud83d\udfe3 <b> Funko POP! Marvel: Goliath Goliath<\/b> <\/p>\n<p>\u2705 <b>AHORA 10.58 \u20ac<\/b> \u2714\ufe0f\ud83d\udfe1<br \/>\n\u274c Antes 11.19 \u20ac \u20ac <\/p>\n<p>\ud83d\uded2: https:\/\/btz.es\/4V781Ry\ud83d\udfe2 <\/p>\n<p>Ofertacular.com<\/p>\n<p>Descubre el Funko POP! Marvel de Goliath, una figura imprescindible para los coleccionistas y fans del universo Marvel. Esta figura presenta todo el detalle y estilo caracter\u00edsticos que hacen de Funko POP! una pieza \u00fanica para exhibir. Ideal para regalar o ampliar tu colecci\u00f3n, Goliath destaca por su dise\u00f1o exclusivo y calidad premium, convirti\u00e9ndolo en un art\u00edculo de culto entre los aficionados a los juguetes y memorabilia de Marvel. A\u00f1ade a tu colecci\u00f3n este Funko POP! Marvel Goliath y disfruta de la pasi\u00f3n por los superh\u00e9roes con una figura que combina estilo, detalle y autenticidad.<\/p>\n<\/div>\n","protected":false},"excerpt":{"rendered":"<p>\ud83d\udfea FUNKO OFERTA \ud83d\udfea #Publicidad #Amazon \ud83d\udfe3 Funko POP! Marvel: Goliath Goliath \u2705 AHORA 10.58 \u20ac \u2714\ufe0f\ud83d\udfe1 \u274c Antes 11.19 \u20ac \u20ac \ud83d\uded2: https:\/\/btz.es\/4V781Ry\ud83d\udfe2 Ofertacular.com Descubre el Funko POP! Marvel de Goliath, una figura imprescindible para los coleccionistas y fans del universo Marvel. Esta figura presenta todo el detalle y estilo caracter\u00edsticos que hacen de [&hellip;]<\/p>\n","protected":false},"featured_media":7367,"template":"","meta":{"_gspb_post_css":""},"store":[],"product_brand":[],"product_cat":[16],"product_tag":[],"class_list":{"0":"post-7368","1":"product","2":"type-product","3":"status-publish","4":"has-post-thumbnail","6":"product_cat-sin-categorizar","8":"first","9":"instock","10":"sale","11":"shipping-taxable","12":"product-type-external"},"jetpack_sharing_enabled":true,"_links":{"self":[{"href":"https:\/\/ofertacular.com\/index.php\/wp-json\/wp\/v2\/product\/7368","targetHints":{"allow":["GET"]}}],"collection":[{"href":"https:\/\/ofertacular.com\/index.php\/wp-json\/wp\/v2\/product"}],"about":[{"href":"https:\/\/ofertacular.com\/index.php\/wp-json\/wp\/v2\/types\/product"}],"wp:featuredmedia":[{"embeddable":true,"href":"https:\/\/ofertacular.com\/index.php\/wp-json\/wp\/v2\/media\/7367"}],"wp:attachment":[{"href":"https:\/\/ofertacular.com\/index.php\/wp-json\/wp\/v2\/media?parent=7368"}],"wp:term":[{"taxonomy":"store","embeddable":true,"href":"https:\/\/ofertacular.com\/index.php\/wp-json\/wp\/v2\/store?post=7368"},{"taxonomy":"product_brand","embeddable":true,"href":"https:\/\/ofertacular.com\/index.php\/wp-json\/wp\/v2\/product_brand?post=7368"},{"taxonomy":"product_cat","embeddable":true,"href":"https:\/\/ofertacular.com\/index.php\/wp-json\/wp\/v2\/product_cat?post=7368"},{"taxonomy":"product_tag","embeddable":true,"href":"https:\/\/ofertacular.com\/index.php\/wp-json\/wp\/v2\/product_tag?post=7368"}],"curies":[{"name":"wp","href":"https:\/\/api.w.org\/{rel}","templated":true}]}}