{"id":7395,"date":"2025-09-02T09:40:49","date_gmt":"2025-09-02T07:40:49","guid":{"rendered":"https:\/\/ofertacular.com\/index.php\/producto\/datatraveler-exodia-2\/"},"modified":"2025-09-02T09:40:49","modified_gmt":"2025-09-02T07:40:49","slug":"datatraveler-exodia-2","status":"publish","type":"product","link":"https:\/\/ofertacular.com\/index.php\/producto\/datatraveler-exodia-2\/","title":{"rendered":"DataTraveler Exodia"},"content":{"rendered":"<div class=\"oferta-container\">\n<p>\ud83d\udfe5 <b>REBAJA<\/b> \ud83d\udfe5 #Publicidad #Amazon #16<\/p>\n<p>\ud83d\udd34 <b>USB Exodia <\/b><\/p>\n<p>\u2705 <b>AHORA 6.99 \u20ac<\/b> \u2714\ufe0f\ud83d\udfe1<\/p>\n<p>\u274c Antes 7.90 \u20ac<\/p>\n<p>\ud83d\uded2: <a href=\"https:\/\/btz.es\/4VCIVb7\" target=\"_blank\" rel=\"nofollow noopener\">https:\/\/btz.es\/4VCIVb7<\/a><\/p>\n<p>El DataTraveler Exodia es una unidad flash USB de alta calidad dise\u00f1ada para ofrecer almacenamiento port\u00e1til fiable y de gran capacidad. Esta memoria USB, fabricada por Kingston, una marca reconocida mundialmente por su durabilidad y rendimiento, es perfecta para usuarios que necesitan transferir y guardar grandes cantidades de datos de manera segura y r\u00e1pida. Gracias a su tecnolog\u00eda avanzada, el DataTraveler Exodia cumple con las demandas actuales de velocidad y compatibilidad, siendo compatible con una amplia variedad de dispositivos, incluyendo ordenadores port\u00e1tiles, PC de escritorio, y otros dispositivos con puertos USB est\u00e1ndar.<\/p>\n<p>La unidad flash DataTraveler Exodia destaca por su dise\u00f1o compacto y ligero, lo que facilita su transporte y uso en cualquier lugar. Su carcasa resistente protege la memoria de golpes y rasgu\u00f1os, garantizando una mayor durabilidad. Adem\u00e1s, su capacidad de almacenamiento var\u00eda desde opciones peque\u00f1as hasta grandes, adapt\u00e1ndose a las necesidades espec\u00edficas de cada usuario, ya sea para uso personal o profesional.<\/p>\n<p>En t\u00e9rminos de rendimiento, el DataTraveler Exodia ofrece velocidades de transferencia optimizadas que permiten copiar archivos grandes en muy poco tiempo, mejorando la eficiencia y productividad. Esta memoria USB es ideal para almacenar documentos, fotograf\u00edas, v\u00eddeos y otros archivos multimedia, as\u00ed como para realizar copias de seguridad y llevar datos importantes siempre consigo.<\/p>\n<p>Kingston se ha consolidado como l\u00edder en soluciones de almacenamiento, y el DataTraveler Exodia es un claro ejemplo de su compromiso con la calidad y la innovaci\u00f3n. Su facilidad de uso plug-and-play asegura que no se requiera software adicional para su funcionamiento, facilitando el acceso a los datos en pr\u00e1cticamente cualquier sistema operativo.<\/p>\n<p>En resumen, el DataTraveler Exodia de Kingston es una opci\u00f3n excelente para quienes buscan una memoria USB confiable, r\u00e1pida y resistente. Su dise\u00f1o elegante y funcional, combinado con su excelente rendimiento y la garant\u00eda de una marca l\u00edder, hacen de esta unidad flash una herramienta indispensable para el manejo y transporte seguro de informaci\u00f3n digital.<\/p>\n<\/p><\/div>\n","protected":false},"excerpt":{"rendered":"<p>\ud83d\udfe5 REBAJA \ud83d\udfe5 #Publicidad #Amazon #16 \ud83d\udd34 USB Exodia \u2705 AHORA 6.99 \u20ac \u2714\ufe0f\ud83d\udfe1 \u274c Antes 7.90 \u20ac \ud83d\uded2: https:\/\/btz.es\/4VCIVb7 El DataTraveler Exodia es una unidad flash USB de alta calidad dise\u00f1ada para ofrecer almacenamiento port\u00e1til fiable y de gran capacidad. Esta memoria USB, fabricada por Kingston, una marca reconocida mundialmente por su durabilidad y [&hellip;]<\/p>\n","protected":false},"featured_media":7394,"template":"","meta":{"_gspb_post_css":""},"store":[],"product_brand":[],"product_cat":[16],"product_tag":[],"class_list":{"0":"post-7395","1":"product","2":"type-product","3":"status-publish","4":"has-post-thumbnail","6":"product_cat-sin-categorizar","8":"first","9":"instock","10":"sale","11":"shipping-taxable","12":"product-type-external"},"jetpack_sharing_enabled":true,"_links":{"self":[{"href":"https:\/\/ofertacular.com\/index.php\/wp-json\/wp\/v2\/product\/7395","targetHints":{"allow":["GET"]}}],"collection":[{"href":"https:\/\/ofertacular.com\/index.php\/wp-json\/wp\/v2\/product"}],"about":[{"href":"https:\/\/ofertacular.com\/index.php\/wp-json\/wp\/v2\/types\/product"}],"wp:featuredmedia":[{"embeddable":true,"href":"https:\/\/ofertacular.com\/index.php\/wp-json\/wp\/v2\/media\/7394"}],"wp:attachment":[{"href":"https:\/\/ofertacular.com\/index.php\/wp-json\/wp\/v2\/media?parent=7395"}],"wp:term":[{"taxonomy":"store","embeddable":true,"href":"https:\/\/ofertacular.com\/index.php\/wp-json\/wp\/v2\/store?post=7395"},{"taxonomy":"product_brand","embeddable":true,"href":"https:\/\/ofertacular.com\/index.php\/wp-json\/wp\/v2\/product_brand?post=7395"},{"taxonomy":"product_cat","embeddable":true,"href":"https:\/\/ofertacular.com\/index.php\/wp-json\/wp\/v2\/product_cat?post=7395"},{"taxonomy":"product_tag","embeddable":true,"href":"https:\/\/ofertacular.com\/index.php\/wp-json\/wp\/v2\/product_tag?post=7395"}],"curies":[{"name":"wp","href":"https:\/\/api.w.org\/{rel}","templated":true}]}}