{"id":7405,"date":"2025-09-02T10:21:26","date_gmt":"2025-09-02T08:21:26","guid":{"rendered":"https:\/\/ofertacular.com\/index.php\/producto\/my-passport-2\/"},"modified":"2025-09-02T10:21:26","modified_gmt":"2025-09-02T08:21:26","slug":"my-passport-2","status":"publish","type":"product","link":"https:\/\/ofertacular.com\/index.php\/producto\/my-passport-2\/","title":{"rendered":"My Passport"},"content":{"rendered":"<div class=\"oferta-container\">\n<p>\ud83d\udfe5 <b>\u00a1S\u00d3LO HOY!<\/b> \ud83d\udfe5 #Publicidad #Amazon #16<\/p>\n<p>\ud83d\udd34 <b>Disco Externo <\/b><\/p>\n<p>\u2705 <b>AHORA 106.61 \u20ac<\/b> \u2714\ufe0f\ud83d\udfe1<\/p>\n<p>\u274c Antes 124.00 \u20ac<\/p>\n<p>\ud83d\uded2: <a href=\"https:\/\/btz.es\/4VCTiON\" target=\"_blank\" rel=\"nofollow noopener\">https:\/\/btz.es\/4VCTiON<\/a><\/p>\n<p>Descubre la m\u00e1xima portabilidad y almacenamiento seguro con el disco duro externo My Passport, dise\u00f1ado para usuarios que necesitan guardar grandes cantidades de datos de manera f\u00e1cil y eficiente. Este dispositivo compacto y ligero te permite llevar tus archivos esenciales contigo a donde vayas, ya sea para trabajo, estudios o entretenimiento. Con su dise\u00f1o elegante y moderno, el My Passport combina estilo y funcionalidad, ofreciendo un rendimiento s\u00f3lido y confiable. Su conexi\u00f3n USB 3.0 asegura transferencias r\u00e1pidas de datos, optimizando tu tiempo y productividad. Adem\u00e1s, cuenta con software de respaldo autom\u00e1tico y protecci\u00f3n mediante contrase\u00f1a, garantizando que tu informaci\u00f3n est\u00e9 siempre a salvo. Ideal para fot\u00f3grafos, estudiantes, profesionales y cualquier persona que requiera almacenamiento adicional sin complicaciones, el disco duro externo My Passport es la soluci\u00f3n perfecta para ampliar la capacidad de tu ordenador, laptop o incluso algunos dispositivos m\u00f3viles compatibles. Su compatibilidad con m\u00faltiples sistemas operativos, incluyendo Windows y Mac, lo hace vers\u00e1til y f\u00e1cil de usar sin necesidad de configuraciones complejas. Gracias a su estructura resistente y duradera, puedes estar seguro de que tus datos estar\u00e1n protegidos contra golpes y ca\u00eddas accidentales durante tus desplazamientos diarios. Incrementa la productividad en tu d\u00eda a d\u00eda y evita la p\u00e9rdida de informaci\u00f3n con este dispositivo confiable y pr\u00e1ctico. Adem\u00e1s, su dise\u00f1o compacto permite guardarlo en tu mochila, bolso o incluso en el bolsillo, facilitando el transporte y acceso r\u00e1pido a tus archivos. En resumen, el disco duro externo My Passport es un producto indispensable para quienes buscan una soluci\u00f3n eficiente, segura y elegante para el almacenamiento digital, combinando tecnolog\u00eda avanzada con facilidad de uso y portabilidad sin igual.<\/p>\n<\/p><\/div>\n","protected":false},"excerpt":{"rendered":"<p>\ud83d\udfe5 \u00a1S\u00d3LO HOY! \ud83d\udfe5 #Publicidad #Amazon #16 \ud83d\udd34 Disco Externo \u2705 AHORA 106.61 \u20ac \u2714\ufe0f\ud83d\udfe1 \u274c Antes 124.00 \u20ac \ud83d\uded2: https:\/\/btz.es\/4VCTiON Descubre la m\u00e1xima portabilidad y almacenamiento seguro con el disco duro externo My Passport, dise\u00f1ado para usuarios que necesitan guardar grandes cantidades de datos de manera f\u00e1cil y eficiente. Este dispositivo compacto y ligero [&hellip;]<\/p>\n","protected":false},"featured_media":7404,"template":"","meta":{"_gspb_post_css":""},"store":[],"product_brand":[],"product_cat":[16],"product_tag":[],"class_list":{"0":"post-7405","1":"product","2":"type-product","3":"status-publish","4":"has-post-thumbnail","6":"product_cat-sin-categorizar","8":"first","9":"instock","10":"sale","11":"shipping-taxable","12":"product-type-external"},"jetpack_sharing_enabled":true,"_links":{"self":[{"href":"https:\/\/ofertacular.com\/index.php\/wp-json\/wp\/v2\/product\/7405","targetHints":{"allow":["GET"]}}],"collection":[{"href":"https:\/\/ofertacular.com\/index.php\/wp-json\/wp\/v2\/product"}],"about":[{"href":"https:\/\/ofertacular.com\/index.php\/wp-json\/wp\/v2\/types\/product"}],"wp:featuredmedia":[{"embeddable":true,"href":"https:\/\/ofertacular.com\/index.php\/wp-json\/wp\/v2\/media\/7404"}],"wp:attachment":[{"href":"https:\/\/ofertacular.com\/index.php\/wp-json\/wp\/v2\/media?parent=7405"}],"wp:term":[{"taxonomy":"store","embeddable":true,"href":"https:\/\/ofertacular.com\/index.php\/wp-json\/wp\/v2\/store?post=7405"},{"taxonomy":"product_brand","embeddable":true,"href":"https:\/\/ofertacular.com\/index.php\/wp-json\/wp\/v2\/product_brand?post=7405"},{"taxonomy":"product_cat","embeddable":true,"href":"https:\/\/ofertacular.com\/index.php\/wp-json\/wp\/v2\/product_cat?post=7405"},{"taxonomy":"product_tag","embeddable":true,"href":"https:\/\/ofertacular.com\/index.php\/wp-json\/wp\/v2\/product_tag?post=7405"}],"curies":[{"name":"wp","href":"https:\/\/api.w.org\/{rel}","templated":true}]}}